000
CXUS51 KAKQ 022150
CF6ECG
PRELIMINARY LOCAL CLIMATOLOGICAL DATA (WS FORM: F-6)
STATION: ELIZABETH CITY NC
MONTH: AUGUST
YEAR: 2021
LATITUDE: 36 16 N
LONGITUDE: 76 11 W
TEMPERATURE IN F: :PCPN: SNOW: WIND :SUNSHINE: SKY :PK WND
================================================================================
1 2 3 4 5 6A 6B 7 8 9 10 11 12 13 14 15 16 17 18
12Z AVG MX 2MIN
DY MAX MIN AVG DEP HDD CDD WTR SNW DPTH SPD SPD DIR MIN PSBL S-S WX SPD DR
================================================================================
1 84 72 78 -1 0 13 1.47 0.0 0 8.5 37 340 M M 3 123 44 340
2 83 72 78 -1 0 13 0.00 0.0 0 8.5 15 40 M M 4 12 19 50
3 77 70 74 -5 0 9 0.57 0.0 0 10.8 15 90 M M 9 1 30 110
4 75 69 72 -7 0 7 3.04 0.0 0 14.6 26 30 M M 10 1 32 20
5 81 68 75 -4 0 10 0.00 0.0 0 7.6 15 340 M M 7 18 18 340
6 83 63 73 -6 0 8 0.00 0.0 0 5.7 14 60 M M 2 1 16 60
7 83 70 77 -2 0 12 0.91 0.0 0 4.9 20 250 M M 5 13 24 250
8 82 69 76 -3 0 11 T 0.0 0 3.8 10 300 M M 7 1 13 290
9 87 65 76 -3 0 11 0.00 0.0 0 4.9 14 120 M M 0 12 28 30
10 89 71 80 1 0 15 0.00 0.0 0 5.2 26 320 M M 0 12 27 320
11 93 77 85 6 0 20 0.00 0.0 0 8.9 16 210 M M 1 20 290
12 93 78 86 7 0 21 0.00 0.0 0 9.8 15 200 M M 0 22 240
13 93 77 85 6 0 20 0.00 0.0 0 8.9 15 190 M M 0 32 180
14 92 74 83 4 0 18 0.00 0.0 0 8.6 17 310 M M 1 21 310
15 90 73 82 3 0 17 0.29 0.0 0 5.2 13 130 M M 2 13 16 140
16 89 76 83 4 0 18 0.00 0.0 0 6.1 15 130 M M 4 3 23 170
17 90 73 82 4 0 17 0.00 0.0 0 6.3 16 110 M M 0 1 20 100
18 89 78 84 6 0 19 0.07 0.0 0 7.3 18 200 M M 2 13 25 190
19 92 78 85 7 0 20 0.00 0.0 0 7.0 13 170 M M 3 15 180
20 89 74 82 4 0 17 0.81 0.0 0 7.2 18 80 M M 3 13 31 210
21 85 72 79 1 0 14 0.53 0.0 0 4.3 18 40 M M 4 123 22 10
22 90 70 80 2 0 15 0.02 0.0 0 4.6 25 10 M M 2 12 30 10
23 90 69 80 2 0 15 0.00 0.0 0 4.0 12 230 M M 0 14 220
24 93 74 84 6 0 19 T 0.0 0 5.6 21 330 M M 1 13 23 340
25 91 72 82 4 0 17 0.00 0.0 0 2.7 12 110 M M 0 12 27 30
26 92 75 84 6 0 19 0.00 0.0 0 4.8 23 300 M M 0 29 320
27 91 74 83 6 0 18 0.00 0.0 0 6.8 13 230 M M 0 17 210
28 94 73 84 7 0 19 0.13 0.0 0 5.9 24 30 M M 1 13 31 30
29 91 73 82 5 0 17 0.00 0.0 0 6.9 13 360 M M 4 3 17 350
30 93 73 83 6 0 18 0.04 0.0 0 3.7 25 320 M M 3 13 34 330
31 92 71 82 5 0 17 0.00 0.0 0 5.9 13 200 M M 0 17 210
================================================================================
SM 2736 2243 0 484 7.88 0.0 205.0 M 78
================================================================================
AV 88.3 72.4 6.6 FASTST M M 3 MAX(MPH)
MISC ----> 37 340 44 340
================================================================================
NOTES:
# LAST OF SEVERAL OCCURRENCES
COLUMN 17 PEAK WIND IN M.P.H.
PRELIMINARY LOCAL CLIMATOLOGICAL DATA (WS FORM: F-6) , PAGE 2
STATION: ELIZABETH CITY NC
MONTH: AUGUST
YEAR: 2021
LATITUDE: 36 16 N
LONGITUDE: 76 11 W
[TEMPERATURE DATA] [PRECIPITATION DATA] SYMBOLS USED IN COLUMN 16
AVERAGE MONTHLY: 80.3 TOTAL FOR MONTH: 7.88 1 = FOG OR MIST
DPTR FM NORMAL: 1.9 DPTR FM NORMAL: 2.56 2 = FOG REDUCING VISIBILITY
HIGHEST: 94 ON 28 GRTST 24HR 3.61 ON 3- 4 TO 1/4 MILE OR LESS
LOWEST: 63 ON 6 3 = THUNDER
SNOW, ICE PELLETS, HAIL 4 = ICE PELLETS
TOTAL MONTH: 0.0 INCH 5 = HAIL
GRTST 24HR 0.0 6 = FREEZING RAIN OR DRIZZLE
GRTST DEPTH: 0 7 = DUSTSTORM OR SANDSTORM:
VSBY 1/2 MILE OR LESS
8 = SMOKE OR HAZE
[NO. OF DAYS WITH] [WEATHER - DAYS WITH] 9 = BLOWING SNOW
X = TORNADO
MAX 32 OR BELOW: 0 0.01 INCH OR MORE: 11
MAX 90 OR ABOVE: 17 0.10 INCH OR MORE: 8
MIN 32 OR BELOW: 0 0.50 INCH OR MORE: 6
MIN 0 OR BELOW: 0 1.00 INCH OR MORE: 2
[HDD (BASE 65) ]
TOTAL THIS MO. 0 CLEAR (SCALE 0-3) 18
DPTR FM NORMAL 0 PTCLDY (SCALE 4-7) 11
TOTAL FM JUL 1 0 CLOUDY (SCALE 8-10) 2
DPTR FM NORMAL 0
[CDD (BASE 65) ]
TOTAL THIS MO. 484
DPTR FM NORMAL 69 [PRESSURE DATA]
TOTAL FM JAN 1 1495 HIGHEST SLP 30.21 ON 10
DPTR FM NORMAL 79 LOWEST SLP 29.78 ON 31
[REMARKS]
#FINAL-08-21#