000
CXUS52 KTAE 010800
CF6ECP
PRELIMINARY LOCAL CLIMATOLOGICAL DATA (WS FORM: F-6)
STATION: PANAMA CITY NW
MONTH: MARCH
YEAR: 2023
LATITUDE: 30 21 N
LONGITUDE: 85 48 W
TEMPERATURE IN F: :PCPN: SNOW: WIND :SUNSHINE: SKY :PK WND
================================================================================
1 2 3 4 5 6A 6B 7 8 9 10 11 12 13 14 15 16 17 18
12Z AVG MX 2MIN
DY MAX MIN AVG DEP HDD CDD WTR SNW DPTH SPD SPD DIR MIN PSBL S-S WX SPD DR
================================================================================
1 80 71 76 18 0 11 0.00 M M 10.0 17 160 M M 7 1 22 220
2 81 69 75 17 0 10 0.02 0.0 0 11.2 22 160 M M 9 128 31 190
3 81 72 77 19 0 12 T 0.0 0 17.0 31 160 M M 9 18 39 150
4 84 56 70 11 0 5 T 0.0 0 5.8 15 200 M M 2 8 18 270
5 84 50 67 8 0 2 0.00 0.0 0 3.9 13 180 M M 0 1 17 180
6 81 56 69 10 0 4 0.12 0.0 0 3.9 14 210 M M 9 128 17 200
7 84 70 77 18 0 12 0.00 0.0 0 6.7 18 210 M M 5 18 23 210
8 85 62 74 15 0 9 0.00 0.0 M 5.3 15 50 M M 5 12 22 50
9 75 58 67 7 0 2 0.00 0.0 0 6.5 13 160 M M 9 18 70
10 81 61 71 11 0 6 T 0.0 0 8.5 18 210 M M 6 18 25 200
11 77 49 63 3 2 0 0.00 0.0 M 5.0 14 190 M M 2 17 190
12 78 59 69 9 0 4 0.93 0.0 0 9.7 25 190 M M 8 13 34 200
13 71 51 61 1 4 0 0.17 0.0 0 9.5 18 350 M M 5 13 24 330
14 64 43 54 -6 11 0 0.00 0.0 0 9.3 18 330 M M 0 24 340
15 68 39 54 -7 11 0 0.00 0.0 0 5.2 16 20 M M 0 19 20
16 70 36 53 -8 12 0 0.00 0.0 0 8.1 21 150 M M 1 18 26 160
17 78 59 69 8 0 4 0.60 0.0 0 13.7 26 190 M M 7 13 37 170
18 59 43 51 -10 14 0 0.05 0.0 0 10.6 18 340 M M 9 3 28 340
19 57 39 48 -14 17 0 0.00 0.0 M 10.2 22 340 M M 1 29 320
20 60 31 46 -16 19 0 0.00 0.0 M 6.4 16 310 M M 0 22 10
21 70 32 51 -11 14 0 0.00 0.0 M 3.7 13 190 M M 0 17 190
22 75 47 61 -1 4 0 0.00 0.0 M 4.9 13 150 M M 4 12 18 130
23 80 56 68 6 0 3 0.00 M M 5.9 15 170 M M 6 12 18 180
24 77 68 73 11 0 8 0.00 0.0 0 9.7 17 140 M M 10 1 22 150
25 80 70 75 12 0 10 0.00 0.0 0 12.9 21 180 M M 10 1 27 190
26 83 72 78 15 0 13 T 0.0 0 12.4 21 170 M M 10 1 27 190
27 80 74 77 14 0 12 0.01 0.0 0 10.1 22 180 M M 10 1 28 170
28 76 65 71 8 0 6 1.66 0.0 0 5.2 14 310 M M 9 123 19 240
29 69 52 61 -3 4 0 T 0.0 M 8.3 18 30 M M 1 23 20
30 79 47 63 -1 2 0 0.00 0.0 0 4.4 14 170 M M 0 18 80
31 78 56 67 3 0 2 0.00 0.0 M 10.5 26 140 M M 3 34 150
================================================================================
SM 2345 1713 114 135 3.56 0.0 254.5 M 157
================================================================================
AV 75.6 55.3 8.2 FASTST M M 5 MAX(MPH)
MISC ----> 31 160 39 150
================================================================================
NOTES:
# LAST OF SEVERAL OCCURRENCES
COLUMN 17 PEAK WIND IN M.P.H.
PRELIMINARY LOCAL CLIMATOLOGICAL DATA (WS FORM: F-6) , PAGE 2
STATION: PANAMA CITY NW
MONTH: MARCH
YEAR: 2023
LATITUDE: 30 21 N
LONGITUDE: 85 48 W
[TEMPERATURE DATA] [PRECIPITATION DATA] SYMBOLS USED IN COLUMN 16
AVERAGE MONTHLY: 65.5 TOTAL FOR MONTH: 3.56 1 = FOG OR MIST
DPTR FM NORMAL: 4.5 DPTR FM NORMAL: -1.68 2 = FOG REDUCING VISIBILITY
HIGHEST: 85 ON 8 GRTST 24HR 1.66 ON 28-28 TO 1/4 MILE OR LESS
LOWEST: 31 ON 20 3 = THUNDER
SNOW, ICE PELLETS, HAIL 4 = ICE PELLETS
TOTAL MONTH: 0.0 INCH 5 = HAIL
GRTST 24HR 0.0 6 = FREEZING RAIN OR DRIZZLE
GRTST DEPTH: 0 7 = DUSTSTORM OR SANDSTORM:
VSBY 1/2 MILE OR LESS
8 = SMOKE OR HAZE
[NO. OF DAYS WITH] [WEATHER - DAYS WITH] 9 = BLOWING SNOW
X = TORNADO
MAX 32 OR BELOW: 0 0.01 INCH OR MORE: 8
MAX 90 OR ABOVE: 0 0.10 INCH OR MORE: 5
MIN 32 OR BELOW: 2 0.50 INCH OR MORE: 3
MIN 0 OR BELOW: 0 1.00 INCH OR MORE: 1
[HDD (BASE 65) ]
TOTAL THIS MO. 114 CLEAR (SCALE 0-3) 12
DPTR FM NORMAL -49 PTCLDY (SCALE 4-7) 8
TOTAL FM JUL 1 949 CLOUDY (SCALE 8-10) 11
DPTR FM NORMAL -415
[CDD (BASE 65) ]
TOTAL THIS MO. 135
DPTR FM NORMAL 97 [PRESSURE DATA]
TOTAL FM JAN 1 257 HIGHEST SLP M ON M
DPTR FM NORMAL 199 LOWEST SLP 29.67 ON 3
[REMARKS]
#FINAL-03-23#