792
CXUS52 KTAE 010800
CF6ECP
PRELIMINARY LOCAL CLIMATOLOGICAL DATA (WS FORM: F-6)
STATION: PANAMA CITY NW
MONTH: SEPTEMBER
YEAR: 2020
LATITUDE: 30 21 N
LONGITUDE: 85 48 W
TEMPERATURE IN F: :PCPN: SNOW: WIND :SUNSHINE: SKY :PK WND
================================================================================
1 2 3 4 5 6A 6B 7 8 9 10 11 12 13 14 15 16 17 18
12Z AVG MX 2MIN
DY MAX MIN AVG DEP HDD CDD WTR SNW DPTH SPD SPD DIR MIN PSBL S-S WX SPD DR
================================================================================
1 91 78 85 M 0 20 T 0.0 0 6.1 16 200 M M 4 23 220
2 91 77 84 M 0 19 0.00 0.0 0 4.7 15 160 M M 2 18 140
3 92 73 83 M 0 18 0.00 M M 3.0 14 160 M M 1 1 22 170
4 95 76 86 M 0 21 T 0.0 M 3.2 13 260 M M 1 3 16 360
5 97 76 87 M 0 22 0.00 0.0 M 5.4 12 330 M M 1 30 220
6 92 71 82 M 0 17 0.00 0.0 M 6.8 14 10 M M 1 18 360
7 94 72 83 M 0 18 0.00 0.0 M 5.4 14 170 M M 3 17 170
8 93 74 84 M 0 19 T 0.0 M 6.5 15 10 M M 3 20 330
9 93 73 83 M 0 18 T 0.0 M 6.6 20 90 M M 1 35 330
10 90 74 82 M 0 17 0.46 0.0 M 5.2 18 130 M M 5 13 23 130
11 92 74 83 M 0 18 0.07 0.0 M 6.4 14 20 M M 4 3 23 150
12 94 75 85 M 0 20 0.11 0.0 M 8.1 23 80 M M 5 3 32 90
13 91 76 84 M 0 19 0.16 0.0 M 10.5 23 110 M M 4 3 32 120
14 79 74 77 M 0 12 1.63 0.0 M 12.2 18 60 M M 6 1 29 40
15 77 75 76 M 0 11 5.40 0.0 M 16.1 32 50 M M 9 13 46 50
16 83 75 79 M 0 14 5.31 0.0 M 20.8 37 150 M M 10 13 51 140
17 81 74 78 M 0 13 0.02 0.0 M 9.7 18 280 M M 8 30 210
18 87 72 80 M 0 15 T 0.0 M 5.0 10 340 M M 1 13 300
19 80 69 75 M 0 10 0.02 0.0 M 9.5 15 40 M M 5 24 10
20 70 64 67 M 0 2 0.10 0.0 M 13.1 23 20 M M 9 29 20
21 74 66 70 M 0 5 T 0.0 M 12.1 20 20 M M 3 27 30
22 78 65 72 M 0 7 T 0.0 M 8.3 16 50 M M 0 22 60
23 85 70 78 M 0 13 T 0.0 M 8.4 18 140 M M 3 23 160
24 85 73 79 M 0 14 0.15 0.0 M 9.5 21 170 M M 8 1 27 170
25 88 72 80 M 0 15 0.01 0.0 M 4.5 16 250 M M 4 28 310
26 89 67 78 M 0 13 0.01 0.0 M 2.4 9 190 M M 2 21 30
27 77 73 75 M 0 10 1.21 0.0 M 5.2 15 100 M M 7 13 24 90
28 88 74 81 M 0 16 T 0.0 M 5.7 16 190 M M 6 18 29 210
29 77 57 67 M 0 2 0.01 0.0 M 7.7 21 320 M M 5 1 27 330
30 79 51 65 M 0 0 0.01 0.0 M 2.3 12 320 M M 0 23 20
================================================================================
SM 2582 2140 0 418 14.68 0.0 230.4 M 121
================================================================================
AV 86.1 71.3 7.7 FASTST M M 4 MAX(MPH)
MISC ----> 37 150 51 140
================================================================================
NOTES:
# LAST OF SEVERAL OCCURRENCES
COLUMN 17 PEAK WIND IN M.P.H.
PRELIMINARY LOCAL CLIMATOLOGICAL DATA (WS FORM: F-6) , PAGE 2
STATION: PANAMA CITY NW
MONTH: SEPTEMBER
YEAR: 2020
LATITUDE: 30 21 N
LONGITUDE: 85 48 W
[TEMPERATURE DATA] [PRECIPITATION DATA] SYMBOLS USED IN COLUMN 16
AVERAGE MONTHLY: 78.7 TOTAL FOR MONTH: 14.68 1 = FOG OR MIST
DPTR FM NORMAL: 0.0 DPTR FM NORMAL: M 2 = FOG REDUCING VISIBILITY
HIGHEST: 97 ON 5 GRTST 24HR 9.67 ON 15-16 TO 1/4 MILE OR LESS
LOWEST: 51 ON 30 3 = THUNDER
SNOW, ICE PELLETS, HAIL 4 = ICE PELLETS
TOTAL MONTH: 0.0 INCH 5 = HAIL
GRTST 24HR 0.0 6 = FREEZING RAIN OR DRIZZLE
GRTST DEPTH: 0 7 = DUSTSTORM OR SANDSTORM:
VSBY 1/2 MILE OR LESS
8 = SMOKE OR HAZE
[NO. OF DAYS WITH] [WEATHER - DAYS WITH] 9 = BLOWING SNOW
X = TORNADO
MAX 32 OR BELOW: 0 0.01 INCH OR MORE: 16
MAX 90 OR ABOVE: 13 0.10 INCH OR MORE: 9
MIN 32 OR BELOW: 0 0.50 INCH OR MORE: 4
MIN 0 OR BELOW: 0 1.00 INCH OR MORE: 4
[HDD (BASE 65) ]
TOTAL THIS MO. 0 CLEAR (SCALE 0-3) 14
DPTR FM NORMAL M PTCLDY (SCALE 4-7) 13
TOTAL FM JUL 1 0 CLOUDY (SCALE 8-10) 3
DPTR FM NORMAL M
[CDD (BASE 65) ]
TOTAL THIS MO. 418
DPTR FM NORMAL M [PRESSURE DATA]
TOTAL FM JAN 1 2625 HIGHEST SLP M ON M
DPTR FM NORMAL M LOWEST SLP 29.64 ON 16
[REMARKS]
#FINAL-09-20#