000
CXUS55 KGJT 022055 CCA
CF6EEO
PRELIMINARY LOCAL CLIMATOLOGICAL DATA (WS FORM: F-6)
STATION: MEEKER CO
MONTH: JULY
YEAR: 2022
LATITUDE: 40 2 N
LONGITUDE: 107 53 W
TEMPERATURE IN F: :PCPN: SNOW: WIND :SUNSHINE: SKY :PK WND
================================================================================
1 2 3 4 5 6A 6B 7 8 9 10 11 12 13 14 15 16 17 18
12Z AVG MX 2MIN
DY MAX MIN AVG DEP HDD CDD WTR SNW DPTH SPD SPD DIR MIN PSBL S-S WX SPD DR
================================================================================
1 80 49 65 -1 0 0 0.15 M M 4.4 18 20 M M 3 13 25 10
2 82 49 66 -1 0 1 T M M 4.5 21 330 M M 2 3 29 260
3 83 48 66 -1 0 1 0.00 M M 6.9 25 170 M M 1 3 35 170
4 85 56 71 4 0 6 0.00 M M 6.5 21 230 M M 2 29 210
5 84 53 69 2 0 4 0.30 M M 7.9 25 310 M M 4 13 37 310
6 78 50 64 -4 1 0 T M M 4.6 18 220 M M 1 3 29 180
7 82 48 65 -3 0 0 0.00 M M 4.4 14 240 M M 0 8 19 240
8 88 47 68 0 0 3 0.00 M M 5.4 16 210 M M 1 24 180
9 92 46 69 1 0 4 0.00 M M 5.8 17 210 M M 0 26 240
10 88 51 70 2 0 5 T M M 4.9 37 220 M M 1 8 53 230
11 92 49 71 3 0 6 0.00 M M 5.4 17 40 M M 0 22 40
12 90 48 69 0 0 4 0.00 M M 4.8 18 220 M M 0 26 220
13 86 51 69 0 0 4 0.04 M M 6.7 25 290 M M 1 3 38 290
14 89 60 75 6 0 10 0.02 M M 4.9 20 100 M M 2 3 25 100
15 88 59 74 5 0 9 0.06 M M 6.6 21 200 M M 6 3 31 200
16 89 54 72 3 0 7 0.00 M M 4.7 14 40 M M 1 3 29 40
17 93 50 72 3 0 7 0.00 M M 3.3 13 60 M M 0 19 150
18 89 54 72 3 0 7 T M M 8.6 30 250 M M 2 3 42 240
19 90 57 74 5 0 9 T M M 5.3 31 150 M M 3 3 40 150
20 87 54 71 2 0 6 T M M 4.8 18 320 M M 2 24 320
21 92 51 72 2 0 7 0.00 M M 4.7 16 210 M M 1 20 330
22 92 50 71 1 0 6 0.00 M M 5.3 20 180 M M 0 28 160
23 89 57 73 3 0 8 T M M 8.3 35 220 M M 3 3 53 220
24 75 53 64 -6 1 0 0.19 M M 4.3 23 210 M M 5 1 31 200
25 87 48 68 -2 0 3 0.00 M M 4.0 12 100 M M 0 17 220
26 88 50 69 -1 0 4 0.00 M M 4.7 15 220 M M 2 21 170
27 88 51 70 0 0 5 0.00 M M 4.7 18 110 M M 0 23 120
28 80 54 67 -3 0 2 0.00 M M 7.3 40 20 M M 2 61 20
29 85 48 67 -2 0 2 T M M 5.2 22 120 M M 2 32 130
30 86 55 71 2 0 6 T M M 6.2 22 100 M M 2 3 30 100
31 86 50 68 -1 0 3 0.05 M M 4.3 22 90 M M 1 3 29 80
================================================================================
SM 2683 1600 2 139 0.81 M 169.4 M 50
================================================================================
AV 86.5 51.6 5.5 FASTST M M 2 MAX(MPH)
MISC ----> 40 20 61 20
================================================================================
NOTES:
# LAST OF SEVERAL OCCURRENCES
COLUMN 17 PEAK WIND IN M.P.H.
PRELIMINARY LOCAL CLIMATOLOGICAL DATA (WS FORM: F-6) , PAGE 2
STATION: MEEKER CO
MONTH: JULY
YEAR: 2022
LATITUDE: 40 2 N
LONGITUDE: 107 53 W
[TEMPERATURE DATA] [PRECIPITATION DATA] SYMBOLS USED IN COLUMN 16
AVERAGE MONTHLY: 69.1 TOTAL FOR MONTH: 0.81 1 = FOG OR MIST
DPTR FM NORMAL: 0.5 DPTR FM NORMAL: -0.25 2 = FOG REDUCING VISIBILITY
HIGHEST: 93 ON 17 GRTST 24HR 0.30 ON 5-5 TO 1/4 MILE OR LESS
LOWEST: 46 ON 9 3 = THUNDER
SNOW, ICE PELLETS, HAIL 4 = ICE PELLETS
TOTAL MONTH: M 5 = HAIL
GRTST 24HR M ON M 6 = FREEZING RAIN OR DRIZZLE
GRTST DEPTH: M ON M 7 = DUSTSTORM OR SANDSTORM:
VSBY 1/2 MILE OR LESS
8 = SMOKE OR HAZE
[NO. OF DAYS WITH] [WEATHER - DAYS WITH] 9 = BLOWING SNOW
X = TORNADO
MAX 32 OR BELOW: 0 0.01 INCH OR MORE: 7
MAX 90 OR ABOVE: 7 0.10 INCH OR MORE: 3
MIN 32 OR BELOW: 0 0.50 INCH OR MORE: 0
MIN 0 OR BELOW: 0 1.00 INCH OR MORE: 0
[HDD (BASE 65) ]
TOTAL THIS MO. 2 CLEAR (SCALE 0-3) 27
DPTR FM NORMAL -7 PTCLDY (SCALE 4-7) 4
TOTAL FM JUL 1 2 CLOUDY (SCALE 8-10) 0
DPTR FM NORMAL -4
[CDD (BASE 65) ]
TOTAL THIS MO. 139
DPTR FM NORMAL 17 [PRESSURE DATA]
TOTAL FM JAN 1 170 HIGHEST SLP M ON M
DPTR FM NORMAL 17 LOWEST SLP 29.76 ON 4
[REMARKS]
#FINAL-07-22#