000
CXUS56 KEKA 051230
CF6EKA
PRELIMINARY LOCAL CLIMATOLOGICAL DATA (WS FORM: F-6)
STATION: EUREKA CA
MONTH: JANUARY
YEAR: 2023
LATITUDE: 40 47 N
LONGITUDE: 124 10 W
TEMPERATURE IN F: :PCPN: SNOW: WIND :SUNSHINE: SKY :PK WND
================================================================================
1 2 3 4 5 6A 6B 7 8 9 10 11 12 13 14 15 16 17 18
12Z AVG MX 2MIN
DY MAX MIN AVG DEP HDD CDD WTR SNW DPTH SPD SPD DIR MIN PSBL S-S WX SPD DR
================================================================================
1 53 36 45 -2 20 0 0.00 0.0 0 2.5 8 90 M M 2 9 M
2 52 38 45 -2 20 0 0.22 M M 6.0 27 M M M M 1 27 180
3 55 39 47 0 18 0 T 0.0 0 7.4 17 180 M M 10 28 M
4 62 51 57 10 8 0 1.08 M 0 13.2 28 M M M M 1 48 140
5 56 46 51 3 14 0 0.72 0.0 0 9.1 14 180 M M 10 30 M
6 59 49 54 6 11 0 0.10 M 0 10.3 15 200 M M 10 1 29 M
7 56 46 51 3 14 0 0.91 0.0 0 11.6 20 160 M M 10 40 150
8 58 48 53 5 12 0 0.47 0.0 0 9.6 16 220 M M 7 3 30 200
9 60 41 51 3 14 0 0.08 0.0 0 8.8 29 160 M M 5 35 M
10 55 40 48 0 17 0 0.70 0.0 0 9.1 15 160 M M 9 30 170
11 58 47 53 5 12 0 0.07 M 0 11.9 22 170 M M M 40 170
12 67 52 60 12 5 0 0.32 0.0 0 11.0 18 170 M M 10 35 150
13 59 51 55 7 10 0 0.93 0.0 0 8.8 12 160 M M 10 1 22 190
14 55 47 51 3 14 0 1.09 0.0 0 10.2 14 210 M M 10 1 30 190
15 55 41 48 0 17 0 0.24 0.0 0 4.1 8 180 M M 7 12 M
16 52 38 45 -3 20 0 0.00 0.0 0 3.2 12 20 M M 6 12 M
17 53 36 45 -3 20 0 0.00 0.0 0 0.9 6 320 M M 6 6 M
18 50 37 44 -4 21 0 0.83 0.0 0 4.2 12 190 M M 9 21 300
19 51 34 43 -5 22 0 T 0.0 0 3.1 13 350 M M 4 18 10
20 54 31 43 -5 22 0 0.00 0.0 0 1.7 6 290 M M 0 8 M
21 54 33 44 -4 21 0 0.00 0.0 0 2.3 6 120 M M 6 7 M
22 51 42 47 -1 18 0 0.00 0.0 0 10.9 17 360 M M 5 25 360
23 54 35 45 -3 20 0 0.00 0.0 0 4.1 12 360 M M 2 18 M
24 57 35 46 -2 19 0 0.00 0.0 M 2.1 5 340 M M 0 18 7 M
25 58 35 47 -1 18 0 0.00 0.0 0 1.3 10 360 M M 0 8 10 M
26 59 36 48 0 17 0 0.00 0.0 0 2.3 8 360 M M 0 8 10 M
27 51 40 46 -2 19 0 0.00 0.0 0 5.8 14 10 M M 10 2 17 360
28 51 42 47 -1 18 0 0.07 0.0 0 4.5 12 360 M M 8 16 360
29 51 35 43 -5 22 0 0.06 M 0 6.6 21 10 M M 0 24 10
30 56 27 42 -6 23 0 0.00 M 0 3.4 10 340 M M 0 17 350
31 55 30 43 -5 22 0 0.00 M 0 0.0 M M M M 4 8 M
================================================================================
SM 1717 1238 528 0 7.89 0.0 190.0 M 160
================================================================================
AV 55.4 39.9 6.1 FASTST M M 6 MAX(MPH)
MISC ----> 29 160 48 140
================================================================================
NOTES:
# LAST OF SEVERAL OCCURRENCES
COLUMN 17 PEAK WIND IN M.P.H.
PRELIMINARY LOCAL CLIMATOLOGICAL DATA (WS FORM: F-6) , PAGE 2
STATION: EUREKA CA
MONTH: JANUARY
YEAR: 2023
LATITUDE: 40 47 N
LONGITUDE: 124 10 W
[TEMPERATURE DATA] [PRECIPITATION DATA] SYMBOLS USED IN COLUMN 16
AVERAGE MONTHLY: 47.7 TOTAL FOR MONTH: 7.89 1 = FOG OR MIST
DPTR FM NORMAL: -0.2 DPTR FM NORMAL: 1.22 2 = FOG REDUCING VISIBILITY
HIGHEST: 67 ON 12 GRTST 24HR 1.69 ON 11-12 TO 1/4 MILE OR LESS
LOWEST: 27 ON 30 3 = THUNDER
SNOW, ICE PELLETS, HAIL 4 = ICE PELLETS
TOTAL MONTH: 0.0 INCH 5 = HAIL
GRTST 24HR 0.0 6 = FREEZING RAIN OR DRIZZLE
GRTST DEPTH: 0 7 = DUSTSTORM OR SANDSTORM:
VSBY 1/2 MILE OR LESS
8 = SMOKE OR HAZE
[NO. OF DAYS WITH] [WEATHER - DAYS WITH] 9 = BLOWING SNOW
X = TORNADO
MAX 32 OR BELOW: 0 0.01 INCH OR MORE: 16
MAX 90 OR ABOVE: 0 0.10 INCH OR MORE: 12
MIN 32 OR BELOW: 3 0.50 INCH OR MORE: 7
MIN 0 OR BELOW: 0 1.00 INCH OR MORE: 2
[HDD (BASE 65) ]
TOTAL THIS MO. 528 CLEAR (SCALE 0-3) 8
DPTR FM NORMAL -1 PTCLDY (SCALE 4-7) 10
TOTAL FM JUL 1 2494 CLOUDY (SCALE 8-10) 13
DPTR FM NORMAL -13
[CDD (BASE 65) ]
TOTAL THIS MO. 0
DPTR FM NORMAL 0 [PRESSURE DATA]
TOTAL FM JAN 1 0 HIGHEST SLP 30.46 ON 25
DPTR FM NORMAL 0 LOWEST SLP 29.32 ON 10
[REMARKS]
#FINAL-01-23#