000
CXUS51 KRLX 051320
CF6EKN
PRELIMINARY LOCAL CLIMATOLOGICAL DATA (WS FORM: F-6)
STATION: ELKINS WV
MONTH: FEBRUARY
YEAR: 2021
LATITUDE: 38 52 N
LONGITUDE: 79 51 W
TEMPERATURE IN F: :PCPN: SNOW: WIND :SUNSHINE: SKY :PK WND
================================================================================
1 2 3 4 5 6A 6B 7 8 9 10 11 12 13 14 15 16 17 18
12Z AVG MX 2MIN
DY MAX MIN AVG DEP HDD CDD WTR SNW DPTH SPD SPD DIR MIN PSBL S-S WX SPD DR
================================================================================
1 35 29 32 2 33 0 0.26 3.7 4 3.1 13 300 M M 10 1 17 300
2 29 22 26 -4 39 0 0.11 3.1 6 11.0 18 280 M M 10 168 27 300
3 30 8 19 -11 46 0 T 0.4 6 6.8 17 290 M M 6 8 24 300
4 44 -2 21 -9 44 0 T T 5 2.8 21 150 M M 2 18 27 140
5 41 30 36 6 29 0 0.09 T 5 11.8 24 240 M M 7 1 34 240
6 39 25 32 1 33 0 T T 5 7.5 22 240 M M 4 8 30 230
7 33 5 19 -12 46 0 0.09 1.4 7 2.8 16 330 M M 6 18 21 340
8 48 0 24 -7 41 0 T T 6 1.6 12 260 M M 0 16 260
9 40 25 33 2 32 0 T T 5 2.7 10 350 M M 8 18 15 290
10 34 30 32 1 33 0 0.52 0.4 4 1.9 8 310 M M 10 1 10 360
11 34 26 30 -1 35 0 0.37 3.0 8 4.4 10 150 M M 10 18 14 140
12 38 28 33 1 32 0 0.00 0.0 8 3.9 17 150 M M 10 1 23 150
13 42 33 38 6 27 0 0.03 0.0 7 1.8 8 360 M M 10 18 13 170
14 34 29 32 0 33 0 T 0.0 5 3.6 10 320 M M 10 18 13 310
15 49 30 40 8 25 0 0.06 0.0 4 3.5 25 160 M M 10 168 35 150
16 49 16 33 1 32 0 0.02 1.3 1 8.8 23 150 M M 10 138 34 160
17 35 15 25 -7 40 0 T T 1 3.5 12 300 M M 6 15 300
18 37 28 33 0 32 0 0.45 2.0 3 0.9 9 300 M M 10 168 11 300
19 34 20 27 -6 38 0 0.01 0.7 2 5.9 15 220 M M 10 18 22 230
20 22 5 14 -19 51 0 0.02 1.8 2 6.7 17 300 M M 9 8 29 300
21 43 -1 21 -12 44 0 T 0.0 2 3.2 14 160 M M 1 18 19 150
22 43 32 38 4 27 0 0.38 0.8 1 10.2 25 290 M M 8 1 37 290
23 51 27 39 5 26 0 0.01 0.0 1 10.3 26 290 M M 6 40 280
24 66 23 45 11 20 0 0.08 0.0 T 8.7 30 290 M M 2 44 300
25 48 27 38 4 27 0 T 0.0 0 5.2 16 300 M M 4 21 280
26 50 27 39 5 26 0 0.09 0.0 0 5.9 18 140 M M 6 25 130
27 56 40 48 13 17 0 0.14 0.0 0 5.1 16 300 M M 9 1 21 330
28 61 42 52 17 13 0 1.24 0.0 0 6.1 18 250 M M 10 1 25 250
================================================================================
SM 1165 619 921 0 3.97 18.6 149.7 M 204
================================================================================
AV 41.6 22.1 5.3 FASTST M M 7 MAX(MPH)
MISC ----> 30 290 44 300
================================================================================
NOTES:
# LAST OF SEVERAL OCCURRENCES
COLUMN 17 PEAK WIND IN M.P.H.
PRELIMINARY LOCAL CLIMATOLOGICAL DATA (WS FORM: F-6) , PAGE 2
STATION: ELKINS WV
MONTH: FEBRUARY
YEAR: 2021
LATITUDE: 38 52 N
LONGITUDE: 79 51 W
[TEMPERATURE DATA] [PRECIPITATION DATA] SYMBOLS USED IN COLUMN 16
AVERAGE MONTHLY: 31.9 TOTAL FOR MONTH: 3.97 1 = FOG OR MIST
DPTR FM NORMAL: -0.3 DPTR FM NORMAL: 0.87 2 = FOG REDUCING VISIBILITY
HIGHEST: 66 ON 24 GRTST 24HR 1.24 ON 28-28 TO 1/4 MILE OR LESS
LOWEST: -2 ON 4 3 = THUNDER
SNOW, ICE PELLETS, HAIL 4 = ICE PELLETS
TOTAL MONTH: 18.6 INCHES 5 = HAIL
GRTST 24HR 3.7 ON 1- 1 6 = FREEZING RAIN OR DRIZZLE
GRTST DEPTH: 8 ON 12,11 7 = DUSTSTORM OR SANDSTORM:
VSBY 1/2 MILE OR LESS
8 = SMOKE OR HAZE
[NO. OF DAYS WITH] [WEATHER - DAYS WITH] 9 = BLOWING SNOW
X = TORNADO
MAX 32 OR BELOW: 3 0.01 INCH OR MORE: 18
MAX 90 OR ABOVE: 0 0.10 INCH OR MORE: 8
MIN 32 OR BELOW: 25 0.50 INCH OR MORE: 2
MIN 0 OR BELOW: 3 1.00 INCH OR MORE: 1
[HDD (BASE 65) ]
TOTAL THIS MO. 921 CLEAR (SCALE 0-3) 4
DPTR FM NORMAL 1 PTCLDY (SCALE 4-7) 9
TOTAL FM JUL 1 3909 CLOUDY (SCALE 8-10) 15
DPTR FM NORMAL -412
[CDD (BASE 65) ]
TOTAL THIS MO. 0
DPTR FM NORMAL 0 [PRESSURE DATA]
TOTAL FM JAN 1 0 HIGHEST SLP 30.63 ON 21
DPTR FM NORMAL 0 LOWEST SLP 29.59 ON 16
[REMARKS]
#FINAL-02-21#