000
CXUS54 KSHV 150229
CF6ELD
PRELIMINARY LOCAL CLIMATOLOGICAL DATA (WS FORM: F-6)
STATION: EL DORADO
MONTH: APRIL
YEAR: 2020
LATITUDE: 33 13 N
LONGITUDE: 92 49 W
TEMPERATURE IN F: :PCPN: SNOW: WIND :SUNSHINE: SKY :PK WND
================================================================================
1 2 3 4 5 6A 6B 7 8 9 10 11 12 13 14 15 16 17 18
12Z AVG MX 2MIN
DY MAX MIN AVG DEP HDD CDD WTR SNW DPTH SPD SPD DIR MIN PSBL S-S WX SPD DR
================================================================================
1 75 43 59 -1 6 0 0.00 0.0 0 3.1 12 110 M M 0 15 170
2 75 50 63 3 2 0 0.00 0.0 0 4.7 16 140 M M 0 22 110
3 74 54 64 4 1 0 0.17 0.0 0 3.5 14 140 M M 5 1 17 150
4 64 58 61 0 4 0 0.79 0.0 0 3.6 22 310 M M 10 13 29 300
5 77 57 67 6 0 2 0.00 0.0 0 2.7 8 30 M M 6 1 11 320
6 77 59 68 7 0 3 T 0.0 0 2.7 9 170 M M 2 13 190
7 85 66 76 15 0 11 0.07 0.0 0 6.7 18 200 M M 6 1 23 200
8 88 69 79 17 0 14 0.09 0.0 0 7.2 14 190 M M 4 138 19 200
9 76 58 67 5 0 2 T 0.0 0 8.4 25 60 M M 2 1 37 50
10 67 47 57 -5 8 0 0.00 0.0 0 6.6 18 40 M M 0 23 50
11 74 42 58 -4 7 0 0.12 0.0 0 4.6 13 90 M M 3 1 17 150
12 77 55 66 4 0 1 1.47 0.0 0 6.3 31 310 M M 7 123 43 320
13 61 44 53 -10 12 0 0.00 0.0 0 8.6 18 350 M M 6 28 300
14 59 40 50 -13 15 0 T 0.0 0 7.5 18 50 M M 4 24 30
15 65 35 50 -13 15 0 0.00 0.0 0 1.9 12 320 M M 0 1 14 130
16 73 36 55 -9 10 0 0.00 0.0 0 5.5 16 120 M M 0 22 150
17 76 47 62 -2 3 0 0.10 0.0 0 7.4 17 320 M M 6 1 23 320
18 69 46 58 -6 7 0 0.36 0.0 0 7.6 23 260 M M 5 138 31 240
19 63 54 59 -5 6 0 0.50 0.0 0 5.3 20 120 M M 10 123 25 100
20 74 53 64 0 1 0 0.00 0.0 0 2.6 9 40 M M 3 1 13 10
21 84 52 68 3 0 3 0.00 0.0 0 2.8 9 90 M M 0 1 14 140
22 75 60 68 3 0 3 0.70 0.0 0 10.8 28 160 M M 8 13 42 170
23 78 55 67 2 0 2 0.00 0.0 0 7.4 17 300 M M 6 12 23 280
24 81 51 66 0 0 1 0.20 0.0 0 5.2 18 50 M M 3 13 22 130
25 75 54 65 -1 0 0 0.05 0.0 0 7.6 20 320 M M 1 123 27 330
26 81 48 65 -1 0 0 0.00 0.0 0 4.5 13 260 M M 0 18 320
27 80 52 66 0 0 1 T 0.0 0 7.3 22 150 M M 0 27 150
28 77 60 69 2 0 4 0.11 0.0 0 9.2 33 290 M M 5 13 49 300
29 76 52 64 -3 1 0 0.69 0.0 0 8.6 22 300 M M 4 13 34 280
30 79 50 65 -2 0 0 0.00 0.0 0 5.6 16 330 M M 0 20 320
================================================================================
SM 2235 1547 98 47 5.42 0.0 175.5 M 106
================================================================================
AV 74.5 51.6 5.9 FASTST M M 4 MAX(MPH)
MISC ----> # 33 290 # 49 300
================================================================================
NOTES:
# LAST OF SEVERAL OCCURRENCES
COLUMN 17 PEAK WIND IN M.P.H.
PRELIMINARY LOCAL CLIMATOLOGICAL DATA (WS FORM: F-6) , PAGE 2
STATION: EL DORADO
MONTH: APRIL
YEAR: 2020
LATITUDE: 33 13 N
LONGITUDE: 92 49 W
[TEMPERATURE DATA] [PRECIPITATION DATA] SYMBOLS USED IN COLUMN 16
AVERAGE MONTHLY: 63.0 TOTAL FOR MONTH: 5.42 1 = FOG OR MIST
DPTR FM NORMAL: -0.4 DPTR FM NORMAL: 1.33 2 = FOG REDUCING VISIBILITY
HIGHEST: 88 ON 8 GRTST 24HR 1.47 ON 12-12 TO 1/4 MILE OR LESS
LOWEST: 35 ON 15 3 = THUNDER
SNOW, ICE PELLETS, HAIL 4 = ICE PELLETS
TOTAL MONTH: 0.0 INCH 5 = HAIL
GRTST 24HR 0.0 6 = FREEZING RAIN OR DRIZZLE
GRTST DEPTH: 0 7 = DUSTSTORM OR SANDSTORM:
VSBY 1/2 MILE OR LESS
8 = SMOKE OR HAZE
[NO. OF DAYS WITH] [WEATHER - DAYS WITH] 9 = BLOWING SNOW
X = TORNADO
MAX 32 OR BELOW: 0 0.01 INCH OR MORE: 14
MAX 90 OR ABOVE: 0 0.10 INCH OR MORE: 11
MIN 32 OR BELOW: 0 0.50 INCH OR MORE: 5
MIN 0 OR BELOW: 0 1.00 INCH OR MORE: 1
[HDD (BASE 65) ]
TOTAL THIS MO. 98 CLEAR (SCALE 0-3) 13
DPTR FM NORMAL -20 PTCLDY (SCALE 4-7) 15
TOTAL FM JUL 1 2286 CLOUDY (SCALE 8-10) 2
DPTR FM NORMAL -368
[CDD (BASE 65) ]
TOTAL THIS MO. 47
DPTR FM NORMAL -24 [PRESSURE DATA]
TOTAL FM JAN 1 119 HIGHEST SLP M ON M
DPTR FM NORMAL 20 LOWEST SLP 29.42 ON 12
[REMARKS]
#FINAL-04-20#