000
CXUS55 KLKN 022334
CLMELY
CLIMATE REPORT
NATIONAL WEATHER SERVICE ELKO, NV
434 PM PDT THU NOV 02 2023
...................................
...THE ELY AIRPORT NV CLIMATE SUMMARY FOR THE MONTH OF OCTOBER 2023...
CLIMATE NORMAL PERIOD 1991 TO 2020
CLIMATE RECORD PERIOD 1893 TO 2023
WEATHER OBSERVED NORMAL DEPART LAST YEAR`S
VALUE DATE(S) VALUE FROM VALUE DATE(S)
NORMAL
................................................................
TEMPERATURE (F)
RECORD
HIGH 86 10/01/2010
LOW -7 10/30/2019
HIGHEST 80 10/19 78 2 77 10/08
LOWEST 5 10/30 12 -7 11 10/24
AVG. MAXIMUM 65.8 64.5 1.3 66.9
AVG. MINIMUM 26.8 28.3 -1.5 27.2
MEAN 46.3 46.4 -0.1 47.1
DAYS MAX >= 90 0 0.0 0.0 0
DAYS MAX <= 32 0 0.2 -0.2 0
DAYS MIN <= 32 22 22.9 -0.9 26
DAYS MIN <= 0 0 0.1 -0.1 0
PRECIPITATION (INCHES)
RECORD
MAXIMUM 3.67 1981
MINIMUM 0.00 2020
TOTALS 0.18 0.80 -0.62 0.40
DAILY AVG. 0.01 0.03 -0.02 0.01
DAYS >= .01 3 4.8 -1.8 3
DAYS >= .10 1 2.3 -1.3 1
DAYS >= .50 0 0.4 -0.4 0
DAYS >= 1.00 0 0.0 0.0 0
GREATEST
24 HR. TOTAL 0.12 10/02 TO 10/02 0.31
SNOWFALL (INCHES)
RECORDS
TOTAL 15.0 1899
TOTALS 0.0 2.0 -2.0 5.2
SINCE 7/1 0.0 2.2 -2.2 MM
SNOWDEPTH AVG. 0 0
DAYS >= TRACE 0 1.1 -1.1 2
DAYS >= 1.0 0 0.6 -0.6 2
DAYS >= 1.0 0 2
GREATEST
SNOW DEPTH 0 5
24 HR TOTAL MM MM
DEGREE DAYS
HEATING TOTAL 571 577 -6 551
SINCE 7/1 810 828 -18 MM
COOLING TOTAL 0 0 0 0
SINCE 1/1 263 300 -37 MM
................................................................
WIND (MPH)
AVERAGE WIND SPEED 8.4
HIGHEST WIND SPEED/DIRECTION 28/180 DATE 10/25
HIGHEST GUST SPEED/DIRECTION 41/190 DATE 10/25
AVERAGE RH (PERCENT) 48
WEATHER CONDITIONS. NUMBER OF DAYS WITH
THUNDERSTORM 1 MIXED PRECIP 0
HEAVY RAIN 0 RAIN 1
LIGHT RAIN 3 FREEZING RAIN 0
LT FREEZING RAIN 0 HAIL 0
HEAVY SNOW 0 SNOW 0
LIGHT SNOW 0 SLEET 0
FOG 2 FOG W/VIS <= 1/4 MILE 0
HAZE 0
- INDICATES NEGATIVE NUMBERS.
R INDICATES RECORD WAS SET OR TIED.
MM INDICATES DATA IS MISSING.
T INDICATES TRACE AMOUNT.
&&
======================================================================
...A RECORD DAILY MAX TEMPERATURE OF 80 WAS REACHED ON THE 19TH...
THE AVERAGE TEMPERATURE IN ELY DURING OCTOBER 2023 WAS 46.3 DEGREES,
WHICH IS .10 DEGREES BELOW THE NORMAL OF 46.4 DEGREES. THE TOTAL
PRECIPITATION WAS 0.18 INCHES, WHICH IS 0.62 INCHES BELOW THE NORMAL
OF 0.80 INCHES AND 23 PERCENT OF NORMAL PRECIPITATION. THE PERIOD OF
RECORD FOR THE ELY AREA BEGAN IN 1893 AND THE CLIMATOLOGICAL NORMAL
IS FROM 1991-2020.
$$
LM