000
CXUS53 KTOP 032355
CF6EMP
PRELIMINARY LOCAL CLIMATOLOGICAL DATA (WS FORM: F-6)
STATION: EMPORIA KS
MONTH: DECEMBER
YEAR: 2023
LATITUDE: 38 19 N
LONGITUDE: 96 12 W
TEMPERATURE IN F: :PCPN: SNOW: WIND :SUNSHINE: SKY :PK WND
================================================================================
1 2 3 4 5 6A 6B 7 8 9 10 11 12 13 14 15 16 17 18
12Z AVG MX 2MIN
DY MAX MIN AVG DEP HDD CDD WTR SNW DPTH SPD SPD DIR MIN PSBL S-S WX SPD DR
================================================================================
1 40 28 34 -4 31 0 0.07 M M 8.1 20 350 M M 8 18 30 340
2 36 25 31 -7 34 0 0.00 M M 4.6 13 270 M M 8 12 20 250
3 52 29 41 3 24 0 0.00 M M 11.5 25 310 M M 3 18 36 310
4 56 30 43 6 22 0 T M M 10.2 17 260 M M 2 1 29 310
5 50 30 40 3 25 0 0.00 M M 8.9 18 300 M M 0 25 330
6 61 28 45 8 20 0 0.00 M M 13.2 23 200 M M 0 32 180
7 68 43 56 20 9 0 0.00 M M 19.2 32 190 M M 0 45 190
8 56 M M M M M 0.01 M M 6.5 17 340 M M 8 128 27 340
9 49 31 40 4 25 0 0.00 M M 12.6 23 320 M M 2 35 290
10 48 23 36 0 29 0 0.00 M M 10.2 16 180 M M 0 28 260
11 56 28 42 7 23 0 0.00 M M 7.6 17 180 M M 0 24 180
12 50 27 39 4 26 0 0.00 M M 7.5 16 70 M M 0 22 60
13 52 31 42 7 23 0 0.00 M M 4.6 8 70 M M 0 11 60
14 54 33 44 10 21 0 0.00 M M 4.2 13 180 M M 3 1 17 170
15 45 41 43 9 22 0 0.86 M M 6.3 15 110 M M 9 12 21 110
16 48 31 40 6 25 0 0.00 M M 9.8 20 310 M M 7 128 27 280
17 57 28 43 9 22 0 0.00 M M 6.7 15 260 M M 0 1 21 260
18 42 26 34 1 31 0 0.00 M M 8.4 18 360 M M 0 29 360
19 51 26 39 6 26 0 0.00 M M 15.7 29 170 M M 0 37 170
20 60 40 50 17 15 0 0.00 M M 13.7 23 180 M M 3 32 170
21 57 50 54 21 11 0 0.02 M M 11.4 18 160 M M 9 18 24 170
22 57 38 48 15 17 0 0.30 M M 9.0 17 170 M M 9 128 23 160
23 58 36 47 15 18 0 0.00 M M 11.8 22 140 M M 10 12 30 150
24 60 38 49 17 16 0 2.07 M M 14.5 26 150 M M 10 1 36 160
25 38 30 34 2 31 0 0.08 M M 15.8 26 320 M M 10 1 37 340
26 35 29 32 0 33 0 T M M 15.7 22 210 M M 10 18 31 200
27 34 30 32 0 33 0 T M M 15.0 24 300 M M 10 1 33 310
28 40 29 35 3 30 0 T M M 11.2 23 310 M M 9 18 36 330
29 47 30 39 7 26 0 0.00 M M 12.1 20 320 M M 4 30 320
30 52 30 41 9 24 0 0.00 M M 8.7 15 280 M M 0 22 280
31 35 29 32 1 33 0 0.00 M M 10.3 20 10 M M 8 18 26 10
================================================================================
SM 1544 947 725 0 3.41 M 325.0 M 142
================================================================================
AV 49.8 31.6 10.5 FASTST M M 5 MAX(MPH)
MISC ----> 32 190 45 190
================================================================================
NOTES:
# LAST OF SEVERAL OCCURRENCES
COLUMN 17 PEAK WIND IN M.P.H.
PRELIMINARY LOCAL CLIMATOLOGICAL DATA (WS FORM: F-6) , PAGE 2
STATION: EMPORIA KS
MONTH: DECEMBER
YEAR: 2023
LATITUDE: 38 19 N
LONGITUDE: 96 12 W
[TEMPERATURE DATA] [PRECIPITATION DATA] SYMBOLS USED IN COLUMN 16
AVERAGE MONTHLY: 40.7 TOTAL FOR MONTH: 3.41 1 = FOG OR MIST
DPTR FM NORMAL: 6.4 DPTR FM NORMAL: 2.11 2 = FOG REDUCING VISIBILITY
HIGHEST: 68 ON 7 GRTST 24HR 2.07 ON 24-24 TO 1/4 MILE OR LESS
LOWEST: 23 ON 10 3 = THUNDER
SNOW, ICE PELLETS, HAIL 4 = ICE PELLETS
TOTAL MONTH: M 5 = HAIL
GRTST 24HR M ON M 6 = FREEZING RAIN OR DRIZZLE
GRTST DEPTH: M ON M 7 = DUSTSTORM OR SANDSTORM:
VSBY 1/2 MILE OR LESS
8 = SMOKE OR HAZE
[NO. OF DAYS WITH] [WEATHER - DAYS WITH] 9 = BLOWING SNOW
X = TORNADO
MAX 32 OR BELOW: 0 0.01 INCH OR MORE: 7
MAX 90 OR ABOVE: 0 0.10 INCH OR MORE: 3
MIN 32 OR BELOW: 22 0.50 INCH OR MORE: 2
MIN 0 OR BELOW: 0 1.00 INCH OR MORE: 1
[HDD (BASE 65) ]
TOTAL THIS MO. 725 CLEAR (SCALE 0-3) 15
DPTR FM NORMAL -228 PTCLDY (SCALE 4-7) 7
TOTAL FM JUL 1 1498 CLOUDY (SCALE 8-10) 9
DPTR FM NORMAL -393
[CDD (BASE 65) ]
TOTAL THIS MO. 0
DPTR FM NORMAL 0 [PRESSURE DATA]
TOTAL FM JAN 1 1850 HIGHEST SLP 30.63 ON 14
DPTR FM NORMAL 417 LOWEST SLP 29.56 ON 7
[REMARKS]
#FINAL-12-23#