000
CXUS56 KOTX 010910
CF6EPH
PRELIMINARY LOCAL CLIMATOLOGICAL DATA (WS FORM: F-6)
STATION: EPHRATA WA AIRPORT
MONTH: AUGUST
YEAR: 2022
LATITUDE: 47 18 N
LONGITUDE: 119 31 W
TEMPERATURE IN F: :PCPN: SNOW: WIND :SUNSHINE: SKY :PK WND
================================================================================
1 2 3 4 5 6A 6B 7 8 9 10 11 12 13 14 15 16 17 18
12Z AVG MX 2MIN
DY MAX MIN AVG DEP HDD CDD WTR SNW DPTH SPD SPD DIR MIN PSBL S-S WX SPD DR
================================================================================
1 100 76 88 11 0 23 0.00 M M 10.7 28 320 M M 0 34 320
2 96 65 81 4 0 16 0.00 M M 10.3 23 240 M M 0 27 230
3 96 55 76 -1 0 11 0.00 M M 8.1 21 200 M M 0 28 190
4 85 52 69 -7 0 4 0.00 M M 11.8 24 310 M M 0 31 300
5 85 59 72 -4 0 7 0.00 M M 10.9 21 340 M M 0 25 340
6 89 63 76 0 0 11 0.00 M M 10.7 25 340 M M 0 30 340
7 94 55 75 -1 0 10 0.00 M M 4.4 13 200 M M 0 21 150
8 100 57 79 3 0 14 0.00 M M 5.5 14 210 M M 0 18 170
9 99 69 84 8 0 19 T M M 12.2 25 350 M M 0 30 320
10 97 73 85 10 0 20 0.00 M M 7.9 17 170 M M 1 21 170
11 93 64 79 4 0 14 0.00 M M 5.4 13 80 M M 0 18 210
12 96 64 80 5 0 15 0.00 M M 8.7 18 310 M M 0 23 300
13 88 62 75 0 0 10 0.00 M M 9.8 18 180 M M 0 28 250
14 89 52 71 -3 0 6 0.00 M M 5.6 13 180 M M 0 16 190
15 94 58 76 2 0 11 0.00 M M 4.5 13 190 M M 0 20 220
16 95 60 78 4 0 13 0.00 M M 4.7 14 200 M M 0 19 200
17 104 64 84 10 0 19 0.00 M M 6.1 14 310 M M 0 16 320
18 108 73 91 18 0 26 0.00 M M 10.1 23 320 M M 0 29 320
19 102 82 92 19 0 27 0.00 M M 12.2 26 320 M M 0 31 320
20 96 75 86 13 0 21 0.00 M M 7.0 18 310 M M 0 24 310
21 94 63 79 7 0 14 0.00 M M 5.7 15 200 M M 0 18 180
22 95 68 82 10 0 17 T M M 7.7 20 340 M M 0 23 340
23 95 73 84 12 0 19 0.00 M M 10.8 18 340 M M 0 22 350
24 95 72 84 12 0 19 0.00 M M 11.9 22 340 M M 0 27 340
25 94 62 78 7 0 13 0.00 M M 6.5 14 210 M M 0 18 200
26 95 64 80 9 0 15 0.00 M M 12.5 32 300 M M 0 8 43 310
27 83 62 73 2 0 8 0.00 M M 15.2 29 300 M M 0 37 310
28 80 56 68 -2 0 3 0.00 M M 5.4 16 180 M M 0 21 200
29 89 53 71 1 0 6 0.00 M M 4.3 10 310 M M 0 15 210
30 96 61 79 9 0 14 0.00 M M 4.8 12 70 M M 0 17 80
31 101 69 85 15 0 20 T M M 10.7 22 300 M M 2 3 28 300
================================================================================
SM 2923 1981 0 445 T M 262.1 M 3
================================================================================
AV 94.3 63.9 8.5 FASTST M M 0 MAX(MPH)
MISC ----> 32 300 43 310
================================================================================
NOTES:
# LAST OF SEVERAL OCCURRENCES
COLUMN 17 PEAK WIND IN M.P.H.
PRELIMINARY LOCAL CLIMATOLOGICAL DATA (WS FORM: F-6) , PAGE 2
STATION: EPHRATA WA AIRPORT
MONTH: AUGUST
YEAR: 2022
LATITUDE: 47 18 N
LONGITUDE: 119 31 W
[TEMPERATURE DATA] [PRECIPITATION DATA] SYMBOLS USED IN COLUMN 16
AVERAGE MONTHLY: 79.1 TOTAL FOR MONTH: T 1 = FOG OR MIST
DPTR FM NORMAL: 5.4 DPTR FM NORMAL: -0.18 2 = FOG REDUCING VISIBILITY
HIGHEST: 108 ON 18 GRTST 24HR T ON 9- 9 TO 1/4 MILE OR LESS
LOWEST: 52 ON 14, 4 3 = THUNDER
SNOW, ICE PELLETS, HAIL 4 = ICE PELLETS
TOTAL MONTH: M 5 = HAIL
GRTST 24HR M ON M 6 = FREEZING RAIN OR DRIZZLE
GRTST DEPTH: M ON M 7 = DUSTSTORM OR SANDSTORM:
VSBY 1/2 MILE OR LESS
8 = SMOKE OR HAZE
[NO. OF DAYS WITH] [WEATHER - DAYS WITH] 9 = BLOWING SNOW
X = TORNADO
MAX 32 OR BELOW: 0 0.01 INCH OR MORE: 0
MAX 90 OR ABOVE: 23 0.10 INCH OR MORE: 0
MIN 32 OR BELOW: 0 0.50 INCH OR MORE: 0
MIN 0 OR BELOW: 0 1.00 INCH OR MORE: 0
[HDD (BASE 65) ]
TOTAL THIS MO. 0 CLEAR (SCALE 0-3) 31
DPTR FM NORMAL -8 PTCLDY (SCALE 4-7) 0
TOTAL FM JUL 1 0 CLOUDY (SCALE 8-10) 0
DPTR FM NORMAL -8
[CDD (BASE 65) ]
TOTAL THIS MO. 445
DPTR FM NORMAL 169 [PRESSURE DATA]
TOTAL FM JAN 1 979 HIGHEST SLP M ON M
DPTR FM NORMAL 218 LOWEST SLP 29.66 ON 3
[REMARKS]
#FINAL-08-22#