000
CXUS56 KOTX 010910
CF6EPH
PRELIMINARY LOCAL CLIMATOLOGICAL DATA (WS FORM: F-6)
STATION: EPHRATA WA AIRPORT
MONTH: JUNE
YEAR: 2021
LATITUDE: 47 18 N
LONGITUDE: 119 31 W
TEMPERATURE IN F: :PCPN: SNOW: WIND :SUNSHINE: SKY :PK WND
================================================================================
1 2 3 4 5 6A 6B 7 8 9 10 11 12 13 14 15 16 17 18
12Z AVG MX 2MIN
DY MAX MIN AVG DEP HDD CDD WTR SNW DPTH SPD SPD DIR MIN PSBL S-S WX SPD DR
================================================================================
1 93 65 79 15 0 14 0.00 M M 6.7 16 320 M M 0 21 330
2 99 60 80 16 0 15 0.00 M M 9.3 23 310 M M 0 27 310
3 96 72 84 20 0 19 0.00 M M 13.3 26 320 M M 0 33 300
4 88 64 76 11 0 11 0.00 M M 11.2 24 310 M M 0 31 250
5 74 47 61 -4 4 0 0.00 M M 15.6 33 230 M M 0 42 230
6 64 45 55 -10 10 0 0.00 M M 9.3 20 200 M M 3 23 170
7 67 42 55 -10 10 0 0.00 M M 4.7 16 170 M M 1 21 220
8 73 48 61 -4 4 0 0.00 M M 8.1 20 310 M M 1 24 310
9 73 51 62 -4 3 0 0.00 M M 9.1 22 180 M M 0 26 180
10 74 54 64 -2 1 0 0.00 M M 13.9 26 310 M M 0 34 280
11 71 51 61 -5 4 0 0.02 M M 7.2 22 160 M M 6 27 200
12 77 54 66 0 0 1 0.12 M M 5.1 15 180 M M 5 1 20 180
13 90 65 78 12 0 13 0.00 M M 11.2 35 310 M M 2 43 300
14 84 59 72 5 0 7 0.07 M M 9.5 30 280 M M 6 34 280
15 76 52 64 -3 1 0 0.01 M M 11.9 26 210 M M 1 32 210
16 77 50 64 -3 1 0 0.00 M M 5.7 14 210 M M 0 21 230
17 88 49 69 2 0 4 0.00 M M 6.6 16 240 M M 0 21 220
18 91 55 73 5 0 8 0.00 M M 9.5 24 310 M M 0 32 300
19 92 65 79 11 0 14 0.00 M M 14.2 25 320 M M 0 32 230
20 90 64 77 9 0 12 0.00 M M 14.4 32 340 M M 0 40 330
21 93 63 78 10 0 13 0.00 M M 8.3 15 210 M M 0 20 200
22 98 70 84 15 0 19 0.00 M M 9.1 21 310 M M 0 28 210
23 96 74 85 16 0 20 0.00 M M 10.7 21 290 M M 0 30 320
24 97 70 84 15 0 19 0.00 M M 13.5 25 10 M M 2 32 350
25 100 75 88 18 0 23 0.00 M M 13.3 31 360 M M 2 8 38 350
26 103 73 88 18 0 23 0.00 M M 7.0 16 250 M M 0 23 240
27 109 74 92 22 0 27 0.00 M M 8.0 20 130 M M 0 25 120
28 113 78 96 26 0 31 0.00 M M 10.4 21 80 M M 0 27 80
29 116 82 99 28 0 34 0.00 M M 8.7 16 170 M M 0 22 70
30 108 80 94 23 0 29 0.00 M M 8.0 18 140 M M 0 25 130
================================================================================
SM 2670 1851 38 356 0.22 M 293.5 M 29
================================================================================
AV 89.0 61.7 9.8 FASTST M M 1 MAX(MPH)
MISC ----> 35 310 43 300
================================================================================
NOTES:
# LAST OF SEVERAL OCCURRENCES
COLUMN 17 PEAK WIND IN M.P.H.
PRELIMINARY LOCAL CLIMATOLOGICAL DATA (WS FORM: F-6) , PAGE 2
STATION: EPHRATA WA AIRPORT
MONTH: JUNE
YEAR: 2021
LATITUDE: 47 18 N
LONGITUDE: 119 31 W
[TEMPERATURE DATA] [PRECIPITATION DATA] SYMBOLS USED IN COLUMN 16
AVERAGE MONTHLY: 75.4 TOTAL FOR MONTH: 0.22 1 = FOG OR MIST
DPTR FM NORMAL: 8.2 DPTR FM NORMAL: -0.43 2 = FOG REDUCING VISIBILITY
HIGHEST: 116 ON 29 GRTST 24HR 0.14 ON 11-12 TO 1/4 MILE OR LESS
LOWEST: 42 ON 7 3 = THUNDER
SNOW, ICE PELLETS, HAIL 4 = ICE PELLETS
TOTAL MONTH: M 5 = HAIL
GRTST 24HR M ON M 6 = FREEZING RAIN OR DRIZZLE
GRTST DEPTH: M ON M 7 = DUSTSTORM OR SANDSTORM:
VSBY 1/2 MILE OR LESS
8 = SMOKE OR HAZE
[NO. OF DAYS WITH] [WEATHER - DAYS WITH] 9 = BLOWING SNOW
X = TORNADO
MAX 32 OR BELOW: 0 0.01 INCH OR MORE: 4
MAX 90 OR ABOVE: 17 0.10 INCH OR MORE: 1
MIN 32 OR BELOW: 0 0.50 INCH OR MORE: 0
MIN 0 OR BELOW: 0 1.00 INCH OR MORE: 0
[HDD (BASE 65) ]
TOTAL THIS MO. 38 CLEAR (SCALE 0-3) 27
DPTR FM NORMAL -15 PTCLDY (SCALE 4-7) 3
TOTAL FM JUL 1 5290 CLOUDY (SCALE 8-10) 0
DPTR FM NORMAL -466
[CDD (BASE 65) ]
TOTAL THIS MO. 356
DPTR FM NORMAL 237 [PRESSURE DATA]
TOTAL FM JAN 1 391 HIGHEST SLP M ON M
DPTR FM NORMAL 230 LOWEST SLP 29.55 ON 30
[REMARKS]
#FINAL-06-21#