000
CXUS51 KCLE 041928
CLSERI
CLIMATE REPORT
NATIONAL WEATHER SERVICE CLEVELAND, OH
228 PM EST THU MAR 04 2021
...................................
...THE ERIE PA CLIMATE SUMMARY FOR THE SEASON, FROM
12/1/2020 TO 2/28/2021...
CLIMATE NORMAL PERIOD 1981 TO 2010
CLIMATE RECORD PERIOD 1873 TO 2021
WEATHER OBSERVED NORMAL DEPART
VALUE DATE(S) VALUE FROM
NORMAL
................................................
TEMPERATURE (F)
RECORD
HIGH 77 02/24/2017
LOW -18 01/19/1994
HIGHEST 57 12/11
12/12
LOWEST 8 02/17
AVG. MAXIMUM 36.3 35.8 0.5
AVG. MINIMUM 26.6 22.9 3.7
MEAN 31.5 29.3 2.2
DAYS MAX >= 90 0 0.0
DAYS MAX <= 32 31 34.5
DAYS MIN <= 32 68 73.1
DAYS MIN <= 0 0 1.9
PRECIPITATION (INCHES)
RECORD
MAXIMUM 16.20 1887
MINIMUM 3.00 1906
TOTALS 8.60 9.08 -0.48
DAYS >= .01 47 53.8
DAYS >= .10 23 25.8
DAYS >= .50 5 4.1
DAYS >= 1.00 1 0.7
SNOWFALL (INCHES)
RECORDS
TOTAL 156.4 2018
TOTALS 58.4 75.3
DAYS >= TRACE 53
DAYS >= 1.0 15 20.7
DEGREE DAYS
HEATING TOTAL 2982 3210 -228
COOLING TOTAL 0 0 0
................................................
WIND (MPH)
HIGHEST GUST SPEED/DIRECTION 51/170 DATE 12/24
SKY COVER
POSSIBLE SUNSHINE (PERCENT) MM
NUMBER OF DAYS FAIR 8
NUMBER OF DAYS PC 24
NUMBER OF DAYS CLOUDY 58
WEATHER CONDITIONS. NUMBER OF DAYS WITH
THUNDERSTORM 1 MIXED PRECIP 0
HEAVY RAIN 1 RAIN 3
LIGHT RAIN 25 FREEZING RAIN 0
LT FREEZING RAIN 2 HAIL 0
HEAVY SNOW 6 SNOW 15
LIGHT SNOW 50 SLEET 0
FOG 40 FOG W/VIS <= 1/4 MILE 5
HAZE 56
- INDICATES NEGATIVE NUMBERS.
R INDICATES RECORD WAS SET OR TIED.
MM INDICATES DATA IS MISSING.
T INDICATES TRACE AMOUNT.
$$