000
CXUS56 KPQR 080024
CF6EUG
PRELIMINARY LOCAL CLIMATOLOGICAL DATA (WS FORM: F-6)
STATION: EUGENE OR
MONTH: AUGUST
YEAR: 2021
LATITUDE: 44 7 N
LONGITUDE: 123 13 W
TEMPERATURE IN F: :PCPN: SNOW: WIND :SUNSHINE: SKY :PK WND
================================================================================
1 2 3 4 5 6A 6B 7 8 9 10 11 12 13 14 15 16 17 18
12Z AVG MX 2MIN
DY MAX MIN AVG DEP HDD CDD WTR SNW DPTH SPD SPD DIR MIN PSBL S-S WX SPD DR
================================================================================
1 95 58 77 8 0 12 0.00 0.0 0 7.7 23 340 M M 4 28 350
2 94 64 79 10 0 14 0.00 0.0 0 8.2 14 220 M M 5 18 280
3 90 57 74 5 0 9 0.00 0.0 0 7.6 12 210 M M 4 16 360
4 96 57 77 8 0 12 0.00 0.0 0 7.3 17 30 M M 5 22 30
5 78 58 68 -1 0 3 0.00 0.0 0 7.7 17 170 M M 6 3 21 170
6 88 61 75 6 0 10 0.00 0.0 0 7.2 16 360 M M 6 19 330
7 90 58 74 5 0 9 0.00 0.0 0 5.9 21 300 M M 3 1 24 300
8 80 52 66 -3 0 1 0.00 0.0 0 10.3 20 30 M M 1 26 30
9 87 54 71 2 0 6 0.00 0.0 0 12.5 22 20 M M 1 32 10
10 95 54 75 6 0 10 0.00 0.0 0 9.8 21 20 M M 3 27 20
11 102 64 83 15 0 18 0.00 0.0 0 6.3 13 10 M M 2 17 320
12 104 66 85 17 0 20 0.00 0.0 0 6.9 16 250 M M 5 8 19 260
13 93 66 80 12 0 15 0.00 0.0 0 7.8 16 230 M M 6 8 19 230
14 96 62 79 11 0 14 0.00 0.0 0 7.2 14 10 M M 6 18 10
15 97 62 80 12 0 15 0.00 0.0 0 5.2 13 270 M M 4 18 330
16 89 57 73 5 0 8 0.00 0.0 0 9.4 18 300 M M 1 22 290
17 73 52 63 -5 2 0 T 0.0 0 5.7 16 330 M M 6 1 20 340
18 84 47 66 -2 0 1 0.00 0.0 0 4.5 18 10 M M 1 22 10
19 86 50 68 0 0 3 0.00 0.0 0 4.0 15 330 M M 1 20 330
20 79 54 67 -1 0 2 0.00 0.0 0 4.2 14 320 M M 7 17 270
21 78 55 67 0 0 2 0.00 0.0 0 5.0 15 340 M M 6 17 360
22 74 48 61 -6 4 0 0.00 0.0 0 6.3 15 320 M M 5 22 330
23 77 45 61 -6 4 0 0.00 0.0 0 11.2 22 350 M M 0 30 350
24 83 45 64 -3 1 0 0.00 0.0 0 3.9 15 250 M M 2 19 250
25 82 51 67 0 0 2 T 0.0 0 6.6 16 270 M M 5 21 230
26 84 56 70 3 0 5 0.00 0.0 0 7.5 18 280 M M 7 21 280
27 78 58 68 1 0 3 0.00 0.0 0 12.5 20 350 M M 5 32 350
28 87 50 69 2 0 4 0.00 0.0 0 11.9 22 20 M M 0 28 30
29 90 53 72 6 0 7 0.00 0.0 0 5.8 16 30 M M 0 21 20
30 76 49 63 -3 2 0 0.00 0.0 M 4.7 16 330 M M 5 8 20 340
31 75 49 62 -4 3 0 0.00 0.0 0 11.4 21 20 M M 2 8 31 360
================================================================================
SM 2680 1712 16 205 T 0.0 232.2 M 114
================================================================================
AV 86.5 55.2 7.5 FASTST M M 4 MAX(MPH)
MISC ----> 23 340 32 350
================================================================================
NOTES:
# LAST OF SEVERAL OCCURRENCES
COLUMN 17 PEAK WIND IN M.P.H.
PRELIMINARY LOCAL CLIMATOLOGICAL DATA (WS FORM: F-6) , PAGE 2
STATION: EUGENE OR
MONTH: AUGUST
YEAR: 2021
LATITUDE: 44 7 N
LONGITUDE: 123 13 W
[TEMPERATURE DATA] [PRECIPITATION DATA] SYMBOLS USED IN COLUMN 16
AVERAGE MONTHLY: 70.8 TOTAL FOR MONTH: T 1 = FOG OR MIST
DPTR FM NORMAL: 2.9 DPTR FM NORMAL: -0.39 2 = FOG REDUCING VISIBILITY
HIGHEST: 104 ON 12 GRTST 24HR T ON 1- 1 TO 1/4 MILE OR LESS
LOWEST: 45 ON 24,23 3 = THUNDER
SNOW, ICE PELLETS, HAIL 4 = ICE PELLETS
TOTAL MONTH: 0.0 INCH 5 = HAIL
GRTST 24HR 0.0 6 = FREEZING RAIN OR DRIZZLE
GRTST DEPTH: 0 7 = DUSTSTORM OR SANDSTORM:
VSBY 1/2 MILE OR LESS
8 = SMOKE OR HAZE
[NO. OF DAYS WITH] [WEATHER - DAYS WITH] 9 = BLOWING SNOW
X = TORNADO
MAX 32 OR BELOW: 0 0.01 INCH OR MORE: 0
MAX 90 OR ABOVE: 12 0.10 INCH OR MORE: 0
MIN 32 OR BELOW: 0 0.50 INCH OR MORE: 0
MIN 0 OR BELOW: 0 1.00 INCH OR MORE: 0
[HDD (BASE 65) ]
TOTAL THIS MO. 16 CLEAR (SCALE 0-3) 12
DPTR FM NORMAL -8 PTCLDY (SCALE 4-7) 19
TOTAL FM JUL 1 16 CLOUDY (SCALE 8-10) 0
DPTR FM NORMAL -31
[CDD (BASE 65) ]
TOTAL THIS MO. 205
DPTR FM NORMAL 91 [PRESSURE DATA]
TOTAL FM JAN 1 558 HIGHEST SLP 30.17 ON 18
DPTR FM NORMAL 304 LOWEST SLP 29.83 ON 21
[REMARKS]
#FINAL-08-21#