000
CXUS53 KPAH 011532
CLAEVV
CLIMATE REPORT
NATIONAL WEATHER SERVICE PADUCAH
932 AM CST FRI JAN 01 2021
...................................
...THE EVANSVILLE IN CLIMATE SUMMARY FOR THE YEAR OF 2020...
CLIMATE NORMAL PERIOD 1981 TO 2010
CLIMATE RECORD PERIOD 1896 TO 2020
WEATHER OBSERVED NORMAL DEPART LAST YEAR`S
VALUE DATE(S) VALUE FROM VALUE DATE(S)
NORMAL
................................................................
TEMPERATURE (F)
RECORD
HIGH 111 07/28/1930
LOW -23 02/02/1951
HIGHEST 95 07/07 96 09/16
10/02
LOWEST 11 02/14 1 01/30
AVG. MAXIMUM 67.5 66.9 0.6 67.1
AVG. MINIMUM 47.8 45.8 2.0 47.0
MEAN 57.6 56.4 1.2 57.1
DAYS MAX >= 90 37 38.0 -1.0 44
DAYS MAX <= 32 6 15.5 -9.5 13
DAYS MIN <= 32 76 92.6 -16.6 94
DAYS MIN <= 0 0 1.8 -1.8 0
PRECIPITATION (INCHES)
RECORD
MAXIMUM 70.03 2011
MINIMUM 0.01 1910
TOTALS 60.61 45.31 15.30 61.22
DAILY AVG. 0.17 0.12 0.05 0.17
DAYS >= .01 122 115.5 6.5 134
DAYS >= .10 86 74.9 11.1 86
DAYS >= .50 41 30.8 10.2 42
DAYS >= 1.00 22 11.9 10.1 18
GREATEST
24 HR. TOTAL 4.71
STORM TOTAL 3.66
SNOWFALL (INCHES)
RECORDS
TOTAL 41.0 1918
24 HR TOTAL 19.3 12/22/2004 TO 12/22/2004
TOTALS T 11.8 -11.8 7.7
LIQUID EQUIV T 1.50 -1.50
SINCE 7/1 T 3.5 -3.5 MM
LIQUID 7/1 -0.10
SNOWDEPTH AVG. 0
DAYS >= TRACE 24 10.4 13.6 25
DAYS >= 1.0 0 3.5 -3.5
GREATEST
SNOW DEPTH 0
24 HR TOTAL 0.0
STORM TOTAL 0.0
DEGREE DAYS
HEATING TOTAL 4097 4549 -452 4403
SINCE 7/1 1534 1773 -239
FREEZE DATES
RECORD
EARLIEST 10/03/1974
LATEST 05/10/1966
EARLIEST 11/01
LATEST 04/18
................................................................
WIND (MPH)
AVERAGE WIND SPEED 6.2
HIGHEST WIND SPEED/DIRECTION 37/360 DATE 04/08
HIGHEST GUST SPEED/DIRECTION 55/360 DATE 04/08
SKY COVER
POSSIBLE SUNSHINE (PERCENT) MM
AVERAGE SKY COVER 0.42
NUMBER OF DAYS FAIR 145
NUMBER OF DAYS PC 96
NUMBER OF DAYS CLOUDY 63
AVERAGE RH (PERCENT) 67
WEATHER CONDITIONS. NUMBER OF DAYS WITH
THUNDERSTORM 49 MIXED PRECIP 0
HEAVY RAIN 54 RAIN 80
LIGHT RAIN 145 FREEZING RAIN 1
LT FREEZING RAIN 1 HAIL 0
HEAVY SNOW 0 SNOW 0
LIGHT SNOW 18 SLEET 1
FOG 180 FOG W/VIS <= 1/4 MILE 25
HAZE 94
- INDICATES NEGATIVE NUMBERS.
R INDICATES RECORD WAS SET OR TIED.
MM INDICATES DATA IS MISSING.
T INDICATES TRACE AMOUNT.
REMARKS: LEAST SNOWY YEAR ON RECORD. 7TH WETTEST YEAR.
$$