000
CDUS43 KPAH 140630
CLIEVV


CLIMATE REPORT
NATIONAL WEATHER SERVICE PADUCAH KY
129 AM CDT SAT APR 14 2018

...................................

...THE EVANSVILLE IN CLIMATE SUMMARY FOR APRIL 13 2018...

CLIMATE NORMAL PERIOD 1981 TO 2010
CLIMATE RECORD PERIOD 1896 TO 2018

WEATHER ITEM   OBSERVED TIME   RECORD YEAR NORMAL DEPARTURE LAST
                VALUE   (LST)  VALUE       VALUE  FROM      YEAR
                                                  NORMAL
..................................................................
TEMPERATURE (F)
 YESTERDAY
  MAXIMUM         77    438 PM  86    1977  67     10       85
  MINIMUM         64    601 AM  26    1957  44     20       46
                                      1950
  AVERAGE         71                        55     16       66

PRECIPITATION (IN)
  YESTERDAY        0.03          2.33 1911   0.14  -0.11     0.00
  MONTH TO DATE    1.74                      1.75  -0.01     0.30
  SINCE MAR 1      6.96                      5.99   0.97     4.15
  SINCE JAN 1     19.17                     12.26   6.91     7.42

SNOWFALL (IN)
  YESTERDAY        0.0           T    1997   0.0    0.0      0.0
  MONTH TO DATE    0.3                       0.1    0.2      0.0
  SINCE MAR 1      4.1                       1.1    3.0      1.0
  SINCE JUL 1     12.1                      11.8    0.3      1.4
  SNOW DEPTH       0

DEGREE DAYS
 HEATING
  YESTERDAY        0                        10    -10        0
  MONTH TO DATE  245                       158     87       85
  SINCE MAR 1    892                       750    142      583
  SINCE JUL 1   4278                      4324    -46     3282

 COOLING
  YESTERDAY        6                         1      5        1
  MONTH TO DATE    8                         5      3        8
  SINCE MAR 1      8                         8      0       13
  SINCE JAN 1     15                         8      7       13
..................................................................

WIND (MPH)
  HIGHEST WIND SPEED    29   HIGHEST WIND DIRECTION     S (200)
  HIGHEST GUST SPEED    38   HIGHEST GUST DIRECTION     S (200)
  AVERAGE WIND SPEED    13.7

SKY COVER
  AVERAGE SKY COVER 0.4

WEATHER CONDITIONS
 THE FOLLOWING WEATHER WAS RECORDED YESTERDAY.
  LIGHT RAIN

RELATIVE HUMIDITY (PERCENT)
 HIGHEST    66
 LOWEST     40
 AVERAGE    53
..........................................................

THE EVANSVILLE IN CLIMATE NORMALS FOR TODAY
                         NORMAL    RECORD    YEAR
 MAXIMUM TEMPERATURE (F)   67        86      2010
 MINIMUM TEMPERATURE (F)   44        24      1950

SUNRISE AND SUNSET
APRIL 14 2018.........SUNRISE   616 AM CDT   SUNSET   725 PM CDT
APRIL 15 2018.........SUNRISE   615 AM CDT   SUNSET   726 PM CDT

-  INDICATES NEGATIVE NUMBERS.
R  INDICATES RECORD WAS SET OR TIED.
MM INDICATES DATA IS MISSING.
T  INDICATES TRACE AMOUNT.

$$
