000
CDUS43 KPAH 130645
CLIEVV


CLIMATE REPORT
NATIONAL WEATHER SERVICE PADUCAH KY
145 AM CDT FRI APR 13 2018


...................................

...THE EVANSVILLE IN CLIMATE SUMMARY FOR APRIL 12 2018...

CLIMATE NORMAL PERIOD 1981 TO 2010
CLIMATE RECORD PERIOD 1896 TO 2018


WEATHER ITEM   OBSERVED TIME   RECORD YEAR NORMAL DEPARTURE LAST
                VALUE   (LST)  VALUE       VALUE  FROM      YEAR
                                                  NORMAL
..................................................................
TEMPERATURE (F)
 YESTERDAY
  MAXIMUM         80    303 PM  86    1930  67     13       77
  MINIMUM         54    339 AM  27    1940  43     11       45
                                      1939
  AVERAGE         67                        55     12       61

PRECIPITATION (IN)
  YESTERDAY        0.00          2.21 1948   0.13  -0.13     0.00
  MONTH TO DATE    1.71                      1.61   0.10     0.30
  SINCE MAR 1      6.93                      5.85   1.08     4.15
  SINCE JAN 1     19.14                     12.12   7.02     7.42

SNOWFALL (IN)
  YESTERDAY        0.0           T    1957   0.0    0.0      0.0
  MONTH TO DATE    0.3                       0.1    0.2      0.0
  SINCE MAR 1      4.1                       1.1    3.0      1.0
  SINCE JUL 1     12.1                      11.8    0.3      1.4
  SNOW DEPTH       0

DEGREE DAYS
 HEATING
  YESTERDAY        0                        11    -11        4
  MONTH TO DATE  245                       148     97       85
  SINCE MAR 1    892                       740    152      583
  SINCE JUL 1   4278                      4314    -36     3282

 COOLING
  YESTERDAY        2                         1      1        0
  MONTH TO DATE    2                         4     -2        7
  SINCE MAR 1      2                         7     -5       12
  SINCE JAN 1      9                         7      2       12
..................................................................


WIND (MPH)
  HIGHEST WIND SPEED    32   HIGHEST WIND DIRECTION    SW (220)
  HIGHEST GUST SPEED    44   HIGHEST GUST DIRECTION    SW (220)
  AVERAGE WIND SPEED    16.9


SKY COVER
  AVERAGE SKY COVER 0.0


WEATHER CONDITIONS
 THE FOLLOWING WEATHER WAS RECORDED YESTERDAY.
  NO SIGNIFICANT WEATHER WAS OBSERVED.


RELATIVE HUMIDITY (PERCENT)
 HIGHEST    59
 LOWEST     24
 AVERAGE    42

..........................................................


THE EVANSVILLE IN CLIMATE NORMALS FOR TODAY
                         NORMAL    RECORD    YEAR
 MAXIMUM TEMPERATURE (F)   67        86      1977
 MINIMUM TEMPERATURE (F)   44        26      1957
                                             1950


SUNRISE AND SUNSET
APRIL 13 2018.........SUNRISE   618 AM CDT   SUNSET   724 PM CDT
APRIL 14 2018.........SUNRISE   616 AM CDT   SUNSET   725 PM CDT


-  INDICATES NEGATIVE NUMBERS.
R  INDICATES RECORD WAS SET OR TIED.
MM INDICATES DATA IS MISSING.
T  INDICATES TRACE AMOUNT.




$$
