000
CDUS43 KPAH 242136
CLIEVV


CLIMATE REPORT
NATIONAL WEATHER SERVICE PADUCAH KY
436 PM CDT TUE APR 24 2018


...................................

...THE EVANSVILLE IN CLIMATE SUMMARY FOR APRIL 24 2018...
VALID TODAY AS OF 0400 PM LOCAL TIME.

CLIMATE NORMAL PERIOD 1981 TO 2010
CLIMATE RECORD PERIOD 1896 TO 2018


WEATHER ITEM   OBSERVED TIME   RECORD YEAR NORMAL DEPARTURE LAST
                VALUE   (LST)  VALUE       VALUE  FROM      YEAR
                                                  NORMAL
..................................................................
TEMPERATURE (F)
 TODAY
  MAXIMUM         59    237 PM  89    1925  71    -12       79
  MINIMUM         54    818 AM  30    1963  47      7       50
                                      1910
  AVERAGE         57                        59     -2       65

PRECIPITATION (IN)
  TODAY            0.24          1.95 1975   0.16   0.08     0.00
  MONTH TO DATE    3.75                      3.40   0.35     3.24
  SINCE MAR 1      8.97                      7.64   1.33     7.09
  SINCE JAN 1     21.18                     13.91   7.27    10.36

SNOWFALL (IN)
  TODAY            0.0                                       0.0
  MONTH TO DATE    0.3                                       0.0
  SINCE JUL 1     12.1                                       1.4
  SNOW DEPTH       0

..................................................................


WIND (MPH)
  HIGHEST WIND SPEED    12   HIGHEST WIND DIRECTION     N (340)
  HIGHEST GUST SPEED    18   HIGHEST GUST DIRECTION     N (340)




..........................................................


THE EVANSVILLE IN CLIMATE NORMALS FOR TOMORROW
                         NORMAL    RECORD    YEAR
 MAXIMUM TEMPERATURE (F)   71        89      1915
 MINIMUM TEMPERATURE (F)   48        24      2017


SUNRISE AND SUNSET
APRIL 24 2018.........SUNRISE   603 AM CDT   SUNSET   735 PM CDT
APRIL 25 2018.........SUNRISE   601 AM CDT   SUNSET   736 PM CDT


-  INDICATES NEGATIVE NUMBERS.
R  INDICATES RECORD WAS SET OR TIED.
MM INDICATES DATA IS MISSING.
T  INDICATES TRACE AMOUNT.




$$
