000
CDUS43 KPAH 140628
CLIEVV


CLIMATE REPORT
NATIONAL WEATHER SERVICE PADUCAH KY
126 AM CDT MON MAY 14 2018


...................................

...THE EVANSVILLE IN CLIMATE SUMMARY FOR MAY 13 2018...

CLIMATE NORMAL PERIOD 1981 TO 2010
CLIMATE RECORD PERIOD 1896 TO 2018


WEATHER ITEM   OBSERVED TIME   RECORD YEAR NORMAL DEPARTURE LAST
                VALUE   (LST)  VALUE       VALUE  FROM      YEAR
                                                  NORMAL
..................................................................
TEMPERATURE (F)
 YESTERDAY
  MAXIMUM         90    239 PM  92    1962  76     14       79
  MINIMUM         65    517 AM  36    1960  54     11       49
  AVERAGE         78                        65     13       64

PRECIPITATION (IN)
  YESTERDAY        0.00          2.26 1995   0.19  -0.19     0.00
  MONTH TO DATE    0.65                      2.28  -1.63     2.62
  SINCE MAR 1      9.63                     10.89  -1.26    16.36
  SINCE JAN 1     21.84                     17.16   4.68    19.63

SNOWFALL (IN)
  YESTERDAY        0.0           0.0  2002   0.0    0.0      0.0
                                      2001
  MONTH TO DATE    0.0                       0.0    0.0      0.0
  SINCE MAR 1      4.1                       1.1    3.0      1.0
  SINCE JUL 1     12.1                      11.8    0.3      1.4
  SNOW DEPTH       0

DEGREE DAYS
 HEATING
  YESTERDAY        0                         3     -3        1
  MONTH TO DATE    2                        52    -50       68
  SINCE MAR 1   1091                       933    158      688
  SINCE JUL 1   4477                      4507    -30     3387

 COOLING
  YESTERDAY       13                         3     10        0
  MONTH TO DATE   77                        26     51       24
  SINCE MAR 1     85                        53     32       85
  SINCE JAN 1     92                        53     39       85
..................................................................


WIND (MPH)
  HIGHEST WIND SPEED    17   HIGHEST WIND DIRECTION    SW (230)
  HIGHEST GUST SPEED    24   HIGHEST GUST DIRECTION    SW (220)
  AVERAGE WIND SPEED     7.3


SKY COVER
  AVERAGE SKY COVER 0.2


WEATHER CONDITIONS
 THE FOLLOWING WEATHER WAS RECORDED YESTERDAY.
  NO SIGNIFICANT WEATHER WAS OBSERVED.


RELATIVE HUMIDITY (PERCENT)
 HIGHEST    93
 LOWEST     44
 AVERAGE    69

..........................................................


THE EVANSVILLE IN CLIMATE NORMALS FOR TODAY
                         NORMAL    RECORD    YEAR
 MAXIMUM TEMPERATURE (F)   76        90      1982
                                             1962
 MINIMUM TEMPERATURE (F)   54        39      1996


SUNRISE AND SUNSET
MAY 14 2018...........SUNRISE   541 AM CDT   SUNSET   753 PM CDT
MAY 15 2018...........SUNRISE   540 AM CDT   SUNSET   754 PM CDT


-  INDICATES NEGATIVE NUMBERS.
R  INDICATES RECORD WAS SET OR TIED.
MM INDICATES DATA IS MISSING.
T  INDICATES TRACE AMOUNT.




$$
