000
CDUS43 KPAH 150629
CLIEVV


CLIMATE REPORT
NATIONAL WEATHER SERVICE PADUCAH KY
127 AM CDT TUE MAY 15 2018


...................................

...THE EVANSVILLE IN CLIMATE SUMMARY FOR MAY 14 2018...

CLIMATE NORMAL PERIOD 1981 TO 2010
CLIMATE RECORD PERIOD 1896 TO 2018


WEATHER ITEM   OBSERVED TIME   RECORD YEAR NORMAL DEPARTURE LAST
                VALUE   (LST)  VALUE       VALUE  FROM      YEAR
                                                  NORMAL
..................................................................
TEMPERATURE (F)
 YESTERDAY
  MAXIMUM         92R  1244 PM  90    1982  76     16       85
                                      1962
  MINIMUM         68    527 AM  39    1996  54     14       54
  AVERAGE         80                        65     15       70

PRECIPITATION (IN)
  YESTERDAY        0.10          1.60 1961   0.18  -0.08     0.00
  MONTH TO DATE    0.75                      2.46  -1.71     2.62
  SINCE MAR 1      9.73                     11.07  -1.34    16.36
  SINCE JAN 1     21.94                     17.34   4.60    19.63

SNOWFALL (IN)
  YESTERDAY        0.0           0.0  2002   0.0    0.0      0.0
                                      2001
  MONTH TO DATE    0.0                       0.0    0.0      0.0
  SINCE MAR 1      4.1                       1.1    3.0      1.0
  SINCE JUL 1     12.1                      11.8    0.3      1.4
  SNOW DEPTH       0

DEGREE DAYS
 HEATING
  YESTERDAY        0                         3     -3        0
  MONTH TO DATE    2                        55    -53       68
  SINCE MAR 1   1091                       936    155      688
  SINCE JUL 1   4477                      4510    -33     3387

 COOLING
  YESTERDAY       15                         3     12        5
  MONTH TO DATE   92                        29     63       29
  SINCE MAR 1    100                        56     44       90
  SINCE JAN 1    107                        56     51       90
..................................................................


WIND (MPH)
  HIGHEST WIND SPEED    28   HIGHEST WIND DIRECTION     W (260)
  HIGHEST GUST SPEED    41   HIGHEST GUST DIRECTION     W (260)
  AVERAGE WIND SPEED     6.2


SKY COVER
  AVERAGE SKY COVER 0.2


WEATHER CONDITIONS
 THE FOLLOWING WEATHER WAS RECORDED YESTERDAY.
  THUNDERSTORM
  RAIN
  LIGHT RAIN
  FOG


RELATIVE HUMIDITY (PERCENT)
 HIGHEST    84
 LOWEST     41
 AVERAGE    63

..........................................................


THE EVANSVILLE IN CLIMATE NORMALS FOR TODAY
                         NORMAL    RECORD    YEAR
 MAXIMUM TEMPERATURE (F)   77        92      1988
 MINIMUM TEMPERATURE (F)   54        38      1997


SUNRISE AND SUNSET
MAY 15 2018...........SUNRISE   540 AM CDT   SUNSET   754 PM CDT
MAY 16 2018...........SUNRISE   539 AM CDT   SUNSET   755 PM CDT


-  INDICATES NEGATIVE NUMBERS.
R  INDICATES RECORD WAS SET OR TIED.
MM INDICATES DATA IS MISSING.
T  INDICATES TRACE AMOUNT.




$$
