394
CDUS43 KPAH 170633
CLIEVV


CLIMATE REPORT
NATIONAL WEATHER SERVICE PADUCAH KY
127 AM CDT TUE APR 17 2018

...................................

...THE EVANSVILLE IN CLIMATE SUMMARY FOR APRIL 16 2018...

CLIMATE NORMAL PERIOD 1981 TO 2010
CLIMATE RECORD PERIOD 1896 TO 2018

WEATHER ITEM   OBSERVED TIME   RECORD YEAR NORMAL DEPARTURE LAST
                VALUE   (LST)  VALUE       VALUE  FROM      YEAR
                                                  NORMAL
..................................................................
TEMPERATURE (F)
 YESTERDAY
  MAXIMUM         37    707 PM  90    1967  68    -31       82
  MINIMUM         30   1111 PM  28    1962  45    -15       61
  AVERAGE         34                        56    -22       72

PRECIPITATION (IN)
  YESTERDAY        0.01          1.60 1982   0.14  -0.13     1.56
  MONTH TO DATE    3.01                      2.17   0.84     1.86
  SINCE MAR 1      8.23                      6.41   1.82     5.71
  SINCE JAN 1     20.44                     12.68   7.76     8.98

SNOWFALL (IN)
  YESTERDAY        T   R         T    1961   0.0    0.0      0.0
  MONTH TO DATE    0.3                       0.1    0.2      0.0
  SINCE MAR 1      4.1                       1.1    3.0      1.0
  SINCE JUL 1     12.1                      11.8    0.3      1.4
  SNOW DEPTH       0

DEGREE DAYS
 HEATING
  YESTERDAY       31                         9     22        0
  MONTH TO DATE  301                       187    114       85
  SINCE MAR 1    948                       779    169      583
  SINCE JUL 1   4334                      4353    -19     3282

 COOLING
  YESTERDAY        0                         1     -1        7
  MONTH TO DATE    8                         8      0       28
  SINCE MAR 1      8                        11     -3       33
  SINCE JAN 1     15                        11      4       33
..................................................................

WIND (MPH)
  HIGHEST WIND SPEED    24   HIGHEST WIND DIRECTION     W (260)
  HIGHEST GUST SPEED    36   HIGHEST GUST DIRECTION     W (250)
  AVERAGE WIND SPEED     9.1

SKY COVER
  AVERAGE SKY COVER 0.9

WEATHER CONDITIONS
 THE FOLLOWING WEATHER WAS RECORDED YESTERDAY.
  LIGHT SNOW
  FOG

RELATIVE HUMIDITY (PERCENT)
 HIGHEST    92
 LOWEST     59
 AVERAGE    76
..........................................................

THE EVANSVILLE IN CLIMATE NORMALS FOR TODAY
                         NORMAL    RECORD    YEAR
 MAXIMUM TEMPERATURE (F)   68        88      1977
 MINIMUM TEMPERATURE (F)   45        28      1951

SUNRISE AND SUNSET
APRIL 17 2018.........SUNRISE   612 AM CDT   SUNSET   728 PM CDT
APRIL 18 2018.........SUNRISE   611 AM CDT   SUNSET   729 PM CDT

-  INDICATES NEGATIVE NUMBERS.
R  INDICATES RECORD WAS SET OR TIED.
MM INDICATES DATA IS MISSING.
T  INDICATES TRACE AMOUNT.

$$
