000
CDUS43 KPAH 080631
CLIEVV


CLIMATE REPORT
NATIONAL WEATHER SERVICE PADUCAH KY
126 AM CDT TUE MAY 8 2018

...................................

...THE EVANSVILLE IN CLIMATE SUMMARY FOR MAY 7 2018...

CLIMATE NORMAL PERIOD 1981 TO 2010
CLIMATE RECORD PERIOD 1896 TO 2018

WEATHER ITEM   OBSERVED TIME   RECORD YEAR NORMAL DEPARTURE LAST
                VALUE   (LST)  VALUE       VALUE  FROM      YEAR
                                                  NORMAL
..................................................................
TEMPERATURE (F)
 YESTERDAY
  MAXIMUM         77    256 PM  89    1986  74      3       73
  MINIMUM         56   1159 PM  33    1944  52      4       40
  AVERAGE         67                        63      4       57

PRECIPITATION (IN)
  YESTERDAY        0.00          4.28 1961   0.17  -0.17      T
  MONTH TO DATE    0.52                      1.20  -0.68     2.56
  SINCE MAR 1      9.50                      9.81  -0.31    16.30
  SINCE JAN 1     21.71                     16.08   5.63    19.57

SNOWFALL (IN)
  YESTERDAY        0.0           T    1955   0.0    0.0      0.0
  MONTH TO DATE    0.0                       0.0    0.0      0.0
  SINCE MAR 1      4.1                       1.1    3.0      1.0
  SINCE JUL 1     12.1                      11.8    0.3      1.4
  SNOW DEPTH       0

DEGREE DAYS
 HEATING
  YESTERDAY        0                         4     -4        8
  MONTH TO DATE    2                        31    -29       61
  SINCE MAR 1   1091                       912    179      681
  SINCE JUL 1   4477                      4486     -9     3380

 COOLING
  YESTERDAY        2                         2      0        0
  MONTH TO DATE   28                        11     17        0
  SINCE MAR 1     36                        38     -2       61
  SINCE JAN 1     43                        38      5       61
..................................................................

WIND (MPH)
  HIGHEST WIND SPEED    16   HIGHEST WIND DIRECTION     N (20)
  HIGHEST GUST SPEED    27   HIGHEST GUST DIRECTION     N (10)
  AVERAGE WIND SPEED     6.9

SKY COVER
  AVERAGE SKY COVER 0.0

WEATHER CONDITIONS
 THE FOLLOWING WEATHER WAS RECORDED YESTERDAY.
  NO SIGNIFICANT WEATHER WAS OBSERVED.

RELATIVE HUMIDITY (PERCENT)
 HIGHEST    84
 LOWEST     36
 AVERAGE    60
..........................................................

THE EVANSVILLE IN CLIMATE NORMALS FOR TODAY
                         NORMAL    RECORD    YEAR
 MAXIMUM TEMPERATURE (F)   75        90      1897
 MINIMUM TEMPERATURE (F)   52        38      1989
                                             1980
                                             1954

SUNRISE AND SUNSET
MAY  8 2018...........SUNRISE   546 AM CDT   SUNSET   748 PM CDT
MAY  9 2018...........SUNRISE   545 AM CDT   SUNSET   748 PM CDT

-  INDICATES NEGATIVE NUMBERS.
R  INDICATES RECORD WAS SET OR TIED.
MM INDICATES DATA IS MISSING.
T  INDICATES TRACE AMOUNT.

$$
