000
CDUS43 KPAH 020628
CLIEVV


CLIMATE REPORT
NATIONAL WEATHER SERVICE PADUCAH KY
126 AM CDT MON APR 2 2018


...................................

...THE EVANSVILLE IN CLIMATE SUMMARY FOR APRIL 1 2018...

CLIMATE NORMAL PERIOD 1981 TO 2010
CLIMATE RECORD PERIOD 1896 TO 2018


WEATHER ITEM   OBSERVED TIME   RECORD YEAR NORMAL DEPARTURE LAST
                VALUE   (LST)  VALUE       VALUE  FROM      YEAR
                                                  NORMAL
..................................................................
TEMPERATURE (F)
 YESTERDAY
  MAXIMUM         51   1210 AM  86    2012  63    -12       53
  MINIMUM         35    934 PM  24    1923  40     -5       42
  AVERAGE         43                        51     -8       48

PRECIPITATION (IN)
  YESTERDAY        0.65          2.54 1917   0.14   0.51      T
  MONTH TO DATE    0.65                      0.14   0.51      T
  SINCE MAR 1      5.87                      4.38   1.49     3.85
  SINCE JAN 1     18.08                     10.65   7.43     7.12

SNOWFALL (IN)
  YESTERDAY        0.0           0.1  1962   0.0    0.0      0.0
  MONTH TO DATE    0.0                       0.0    0.0      0.0
  SINCE MAR 1      3.8                       1.0    2.8      1.0
  SINCE JUL 1     11.8                      11.7    0.1      1.4
  SNOW DEPTH       0

DEGREE DAYS
 HEATING
  YESTERDAY       22                        14      8       17
  MONTH TO DATE   22                        14      8       17
  SINCE MAR 1    669                       606     63      515
  SINCE JUL 1   4055                      4180   -125     3214

 COOLING
  YESTERDAY        0                         0      0        0
  MONTH TO DATE    0                         0      0        0
  SINCE MAR 1      0                         3     -3        5
  SINCE JAN 1      7                         3      4        5
..................................................................


WIND (MPH)
  HIGHEST WIND SPEED    20   HIGHEST WIND DIRECTION     N (360)
  HIGHEST GUST SPEED    30   HIGHEST GUST DIRECTION     N (360)
  AVERAGE WIND SPEED    10.2


SKY COVER
  AVERAGE SKY COVER 0.6


WEATHER CONDITIONS
 THE FOLLOWING WEATHER WAS RECORDED YESTERDAY.
  THUNDERSTORM
  HEAVY RAIN
  RAIN
  LIGHT RAIN
  FOG


RELATIVE HUMIDITY (PERCENT)
 HIGHEST   100
 LOWEST     65
 AVERAGE    83

..........................................................


THE EVANSVILLE IN CLIMATE NORMALS FOR TODAY
                         NORMAL    RECORD    YEAR
 MAXIMUM TEMPERATURE (F)   63        84      2012
 MINIMUM TEMPERATURE (F)   40        27      2013


SUNRISE AND SUNSET
APRIL  2 2018.........SUNRISE   634 AM CDT   SUNSET   714 PM CDT
APRIL  3 2018.........SUNRISE   632 AM CDT   SUNSET   715 PM CDT


-  INDICATES NEGATIVE NUMBERS.
R  INDICATES RECORD WAS SET OR TIED.
MM INDICATES DATA IS MISSING.
T  INDICATES TRACE AMOUNT.




$$
