486
CDUS43 KPAH 110629
CLIEVV


CLIMATE REPORT
NATIONAL WEATHER SERVICE PADUCAH KY
127 AM CDT WED APR 11 2018


...................................

...THE EVANSVILLE IN CLIMATE SUMMARY FOR APRIL 10 2018...

CLIMATE NORMAL PERIOD 1981 TO 2010
CLIMATE RECORD PERIOD 1896 TO 2018


WEATHER ITEM   OBSERVED TIME   RECORD YEAR NORMAL DEPARTURE LAST
                VALUE   (LST)  VALUE       VALUE  FROM      YEAR
                                                  NORMAL
..................................................................
TEMPERATURE (F)
 YESTERDAY
  MAXIMUM         47    116 PM  85    2011  66    -19       80
                                      1992
                                      1977
  MINIMUM         33   1159 PM  24    1966  43    -10       63
  AVERAGE         40                        54    -14       72

PRECIPITATION (IN)
  YESTERDAY        0.00          1.67 2008   0.14  -0.14     0.00
  MONTH TO DATE    1.71                      1.34   0.37     0.27
  SINCE MAR 1      6.93                      5.58   1.35     4.12
  SINCE JAN 1     19.14                     11.85   7.29     7.39

SNOWFALL (IN)
  YESTERDAY        0.0           0.3  1973   0.0    0.0      0.0
  MONTH TO DATE    0.3                       0.1    0.2      0.0
  SINCE MAR 1      4.1                       1.1    3.0      1.0
  SINCE JUL 1     12.1                      11.8    0.3      1.4
  SNOW DEPTH       0

DEGREE DAYS
 HEATING
  YESTERDAY       25                        11     14        0
  MONTH TO DATE  229                       126    103       77
  SINCE MAR 1    876                       718    158      575
  SINCE JUL 1   4262                      4292    -30     3274

 COOLING
  YESTERDAY        0                         1     -1        7
  MONTH TO DATE    0                         2     -2        7
  SINCE MAR 1      0                         5     -5       12
  SINCE JAN 1      7                         5      2       12
..................................................................


WIND (MPH)
  HIGHEST WIND SPEED    14   HIGHEST WIND DIRECTION    NW (300)
  HIGHEST GUST SPEED    18   HIGHEST GUST DIRECTION    NW (300)
  AVERAGE WIND SPEED     5.3


SKY COVER
  AVERAGE SKY COVER 0.7


WEATHER CONDITIONS
 THE FOLLOWING WEATHER WAS RECORDED YESTERDAY.
  NO SIGNIFICANT WEATHER WAS OBSERVED.


RELATIVE HUMIDITY (PERCENT)
 HIGHEST    92
 LOWEST     53
 AVERAGE    73

..........................................................


THE EVANSVILLE IN CLIMATE NORMALS FOR TODAY
                         NORMAL    RECORD    YEAR
 MAXIMUM TEMPERATURE (F)   66        88      1930
 MINIMUM TEMPERATURE (F)   43        26      1989
                                             1973


SUNRISE AND SUNSET
APRIL 11 2018.........SUNRISE   620 AM CDT   SUNSET   722 PM CDT
APRIL 12 2018.........SUNRISE   619 AM CDT   SUNSET   723 PM CDT


-  INDICATES NEGATIVE NUMBERS.
R  INDICATES RECORD WAS SET OR TIED.
MM INDICATES DATA IS MISSING.
T  INDICATES TRACE AMOUNT.




$$
