430
CDUS43 KPAH 150636
CLIEVV


CLIMATE REPORT
NATIONAL WEATHER SERVICE PADUCAH KY
131 AM CDT SUN APR 15 2018


...................................

...THE EVANSVILLE IN CLIMATE SUMMARY FOR APRIL 14 2018...

CLIMATE NORMAL PERIOD 1981 TO 2010
CLIMATE RECORD PERIOD 1896 TO 2018


WEATHER ITEM   OBSERVED TIME   RECORD YEAR NORMAL DEPARTURE LAST
                VALUE   (LST)  VALUE       VALUE  FROM      YEAR
                                                  NORMAL
..................................................................
TEMPERATURE (F)
 YESTERDAY
  MAXIMUM         71   1259 AM  86    2010  67      4       85
  MINIMUM         51   1159 PM  24    1950  44      7       55
  AVERAGE         61                        56      5       70

PRECIPITATION (IN)
  YESTERDAY        0.94          1.32 1922   0.13   0.81     0.00
  MONTH TO DATE    2.68                      1.88   0.80     0.30
  SINCE MAR 1      7.90                      6.12   1.78     4.15
  SINCE JAN 1     20.11                     12.39   7.72     7.42

SNOWFALL (IN)
  YESTERDAY        0.0           T    1980   0.0    0.0      0.0
  MONTH TO DATE    0.3                       0.1    0.2      0.0
  SINCE MAR 1      4.1                       1.1    3.0      1.0
  SINCE JUL 1     12.1                      11.8    0.3      1.4
  SNOW DEPTH       0

DEGREE DAYS
 HEATING
  YESTERDAY        4                        10     -6        0
  MONTH TO DATE  249                       168     81       85
  SINCE MAR 1    896                       760    136      583
  SINCE JUL 1   4282                      4334    -52     3282

 COOLING
  YESTERDAY        0                         1     -1        5
  MONTH TO DATE    8                         6      2       13
  SINCE MAR 1      8                         9     -1       18
  SINCE JAN 1     15                         9      6       18
..................................................................


WIND (MPH)
  HIGHEST WIND SPEED    22   HIGHEST WIND DIRECTION     S (160)
  HIGHEST GUST SPEED    36   HIGHEST GUST DIRECTION     S (170)
  AVERAGE WIND SPEED     9.3


SKY COVER
  AVERAGE SKY COVER 0.9


WEATHER CONDITIONS
 THE FOLLOWING WEATHER WAS RECORDED YESTERDAY.
  THUNDERSTORM
  HEAVY RAIN
  RAIN
  LIGHT RAIN
  FOG


RELATIVE HUMIDITY (PERCENT)
 HIGHEST   100
 LOWEST     53
 AVERAGE    77

..........................................................


THE EVANSVILLE IN CLIMATE NORMALS FOR TODAY
                         NORMAL    RECORD    YEAR
 MAXIMUM TEMPERATURE (F)   68        86      1977
 MINIMUM TEMPERATURE (F)   44        30      1957
                                             1950
                                             1943


SUNRISE AND SUNSET
APRIL 15 2018.........SUNRISE   615 AM CDT   SUNSET   726 PM CDT
APRIL 16 2018.........SUNRISE   613 AM CDT   SUNSET   727 PM CDT


-  INDICATES NEGATIVE NUMBERS.
R  INDICATES RECORD WAS SET OR TIED.
MM INDICATES DATA IS MISSING.
T  INDICATES TRACE AMOUNT.




$$
