000
CDUS43 KPAH 300641 CCA
CLIEVV

CLIMATE REPORT
NATIONAL WEATHER SERVICE PADUCAH KY
139 AM CDT FRI MAR 30 2018


...................................

...THE EVANSVILLE IN CLIMATE SUMMARY FOR MARCH 29 2018...

CLIMATE NORMAL PERIOD 1981 TO 2010
CLIMATE RECORD PERIOD 1896 TO 2018


WEATHER ITEM   OBSERVED TIME   RECORD YEAR NORMAL DEPARTURE LAST
                VALUE   (LST)  VALUE       VALUE  FROM      YEAR
                                                  NORMAL
..................................................................
TEMPERATURE (F)
 YESTERDAY
  MAXIMUM         60   1047 AM  82    1963  62     -2       71
  MINIMUM         47   1159 PM  23    1955  39      8       49
  AVERAGE         54                        50      4       60

PRECIPITATION (IN)
  YESTERDAY        0.98          1.44 1985   0.15   0.83     0.00
  MONTH TO DATE    4.95                      3.95   1.00     3.31
  SINCE MAR 1      4.95                      3.95   1.00     3.31
  SINCE JAN 1     17.16                     10.22   6.94     6.58

SNOWFALL (IN)
  YESTERDAY        0.0           2.8  1970   0.0    0.0      0.0
  MONTH TO DATE    3.8                       1.0    2.8      1.0
  SINCE MAR 1      3.8                       1.0    2.8      1.0
  SINCE JUL 1     11.8                      11.7    0.1      1.4
  SNOW DEPTH       0

DEGREE DAYS
 HEATING
  YESTERDAY       11                        15     -4        5
  MONTH TO DATE  614                       561     53      483
  SINCE MAR 1    614                       561     53      483
  SINCE JUL 1   4000                      4135   -135     3182

 COOLING
  YESTERDAY        0                         0      0        0
  MONTH TO DATE    0                         0      0        3
  SINCE MAR 1      0                         0      0        3
  SINCE JAN 1      7                         0      7        3
..................................................................


WIND (MPH)
  HIGHEST WIND SPEED    21   HIGHEST WIND DIRECTION     N (20)
  HIGHEST GUST SPEED    28   HIGHEST GUST DIRECTION     N (20)
  AVERAGE WIND SPEED     7.5


SKY COVER
  AVERAGE SKY COVER 1.0


WEATHER CONDITIONS
 THE FOLLOWING WEATHER WAS RECORDED YESTERDAY.
  HEAVY RAIN
  RAIN
  LIGHT RAIN
  FOG
  FOG W/VISIBILITY <= 1/4 MILE


RELATIVE HUMIDITY (PERCENT)
 HIGHEST   100
 LOWEST     89
 AVERAGE    95

..........................................................


THE EVANSVILLE IN CLIMATE NORMALS FOR TODAY
                         NORMAL    RECORD    YEAR
 MAXIMUM TEMPERATURE (F)   62        83      1986
 MINIMUM TEMPERATURE (F)   39        22      1964


SUNRISE AND SUNSET
MARCH 30 2018.........SUNRISE   638 AM CDT   SUNSET   711 PM CDT
MARCH 31 2018.........SUNRISE   637 AM CDT   SUNSET   712 PM CDT


-  INDICATES NEGATIVE NUMBERS.
R  INDICATES RECORD WAS SET OR TIED.
MM INDICATES DATA IS MISSING.
T  INDICATES TRACE AMOUNT.




$$
