000
CDUS43 KPAH 200634
CLIEVV


CLIMATE REPORT
NATIONAL WEATHER SERVICE PADUCAH KY
129 AM CDT FRI APR 20 2018


...................................

...THE EVANSVILLE IN CLIMATE SUMMARY FOR APRIL 19 2018...

CLIMATE NORMAL PERIOD 1981 TO 2010
CLIMATE RECORD PERIOD 1896 TO 2018


WEATHER ITEM   OBSERVED TIME   RECORD YEAR NORMAL DEPARTURE LAST
                VALUE   (LST)  VALUE       VALUE  FROM      YEAR
                                                  NORMAL
..................................................................
TEMPERATURE (F)
 YESTERDAY
  MAXIMUM         55    415 PM  86    1971  69    -14       84
                                      1915
  MINIMUM         38    807 AM  27    1983  46     -8       62
  AVERAGE         47                        57    -10       73

PRECIPITATION (IN)
  YESTERDAY        0.00          2.01 1909   0.16  -0.16     0.00
  MONTH TO DATE    3.01                      2.63   0.38     2.02
  SINCE MAR 1      8.23                      6.87   1.36     5.87
  SINCE JAN 1     20.44                     13.14   7.30     9.14

SNOWFALL (IN)
  YESTERDAY        0.0           0.0  2002   0.0    0.0      0.0
                                      2001
  MONTH TO DATE    0.3                       0.1    0.2      0.0
  SINCE MAR 1      4.1                       1.1    3.0      1.0
  SINCE JUL 1     12.1                      11.8    0.3      1.4
  SNOW DEPTH       0

DEGREE DAYS
 HEATING
  YESTERDAY       18                         9      9        0
  MONTH TO DATE  345                       214    131       85
  SINCE MAR 1    992                       806    186      583
  SINCE JUL 1   4378                      4380     -2     3282

 COOLING
  YESTERDAY        0                         1     -1        8
  MONTH TO DATE    8                        11     -3       40
  SINCE MAR 1      8                        14     -6       45
  SINCE JAN 1     15                        14      1       45
..................................................................


WIND (MPH)
  HIGHEST WIND SPEED    20   HIGHEST WIND DIRECTION    NW (320)
  HIGHEST GUST SPEED    31   HIGHEST GUST DIRECTION    NW (330)
  AVERAGE WIND SPEED     9.0


SKY COVER
  AVERAGE SKY COVER 0.6


WEATHER CONDITIONS
 THE FOLLOWING WEATHER WAS RECORDED YESTERDAY.
  NO SIGNIFICANT WEATHER WAS OBSERVED.


RELATIVE HUMIDITY (PERCENT)
 HIGHEST    70
 LOWEST     44
 AVERAGE    57

..........................................................


THE EVANSVILLE IN CLIMATE NORMALS FOR TODAY
                         NORMAL    RECORD    YEAR
 MAXIMUM TEMPERATURE (F)   69        88      1976
                                             1971
 MINIMUM TEMPERATURE (F)   46        27      1904


SUNRISE AND SUNSET
APRIL 20 2018.........SUNRISE   608 AM CDT   SUNSET   731 PM CDT
APRIL 21 2018.........SUNRISE   606 AM CDT   SUNSET   732 PM CDT


-  INDICATES NEGATIVE NUMBERS.
R  INDICATES RECORD WAS SET OR TIED.
MM INDICATES DATA IS MISSING.
T  INDICATES TRACE AMOUNT.




$$
