000
CDUS43 KPAH 240635
CLIEVV


CLIMATE REPORT
NATIONAL WEATHER SERVICE PADUCAH KY
134 AM CDT THU MAY 24 2018


...................................

...THE EVANSVILLE IN CLIMATE SUMMARY FOR MAY 23 2018...

CLIMATE NORMAL PERIOD 1981 TO 2010
CLIMATE RECORD PERIOD 1896 TO 2018


WEATHER ITEM   OBSERVED TIME   RECORD YEAR NORMAL DEPARTURE LAST
                VALUE   (LST)  VALUE       VALUE  FROM      YEAR
                                                  NORMAL
..................................................................
TEMPERATURE (F)
 YESTERDAY
  MAXIMUM         86    239 PM  95    1975  79      7       80
  MINIMUM         66    521 AM  34    1963  57      9       56
  AVERAGE         76                        68      8       68

PRECIPITATION (IN)
  YESTERDAY        0.00          2.07 1915   0.17  -0.17     0.00
  MONTH TO DATE    1.71                      3.99  -2.28     3.03
  SINCE MAR 1     10.69                     12.60  -1.91    16.77
  SINCE JAN 1     22.90                     18.87   4.03    20.04

SNOWFALL (IN)
  YESTERDAY        0.0           0.0  2002   0.0    0.0      0.0
                                      2001
  MONTH TO DATE    0.0                       0.0    0.0      0.0
  SINCE MAR 1      4.1                       1.1    3.0      1.0
  SINCE JUL 1     12.1                      11.8    0.3      1.4
  SNOW DEPTH       0

DEGREE DAYS
 HEATING
  YESTERDAY        0                         2     -2        0
  MONTH TO DATE    2                        76    -74       70
  SINCE MAR 1   1091                       957    134      690
  SINCE JUL 1   4477                      4531    -54     3389

 COOLING
  YESTERDAY       11                         5      6        3
  MONTH TO DATE  184                        64    120      112
  SINCE MAR 1    192                        91    101      173
  SINCE JAN 1    199                        91    108      173
..................................................................


WIND (MPH)
  HIGHEST WIND SPEED    12   HIGHEST WIND DIRECTION    NE (30)
  HIGHEST GUST SPEED    16   HIGHEST GUST DIRECTION     N (20)
  AVERAGE WIND SPEED     5.9


SKY COVER
  AVERAGE SKY COVER 0.0


WEATHER CONDITIONS
 THE FOLLOWING WEATHER WAS RECORDED YESTERDAY.
  NO SIGNIFICANT WEATHER WAS OBSERVED.


RELATIVE HUMIDITY (PERCENT)
 HIGHEST    87
 LOWEST     44
 AVERAGE    66

..........................................................


THE EVANSVILLE IN CLIMATE NORMALS FOR TODAY
                         NORMAL    RECORD    YEAR
 MAXIMUM TEMPERATURE (F)   79        93      1939
                                             1921
 MINIMUM TEMPERATURE (F)   57        39      1963


SUNRISE AND SUNSET
MAY 24 2018...........SUNRISE   533 AM CDT   SUNSET   801 PM CDT
MAY 25 2018...........SUNRISE   532 AM CDT   SUNSET   802 PM CDT


-  INDICATES NEGATIVE NUMBERS.
R  INDICATES RECORD WAS SET OR TIED.
MM INDICATES DATA IS MISSING.
T  INDICATES TRACE AMOUNT.




$$
