000
CDUS43 KPAH 190633
CLIEVV


CLIMATE REPORT
NATIONAL WEATHER SERVICE PADUCAH KY
130 AM CDT THU APR 19 2018


...................................

...THE EVANSVILLE IN CLIMATE SUMMARY FOR APRIL 18 2018...

CLIMATE NORMAL PERIOD 1981 TO 2010
CLIMATE RECORD PERIOD 1896 TO 2018


WEATHER ITEM   OBSERVED TIME   RECORD YEAR NORMAL DEPARTURE LAST
                VALUE   (LST)  VALUE       VALUE  FROM      YEAR
                                                  NORMAL
..................................................................
TEMPERATURE (F)
 YESTERDAY
  MAXIMUM         77    203 PM  87    1971  69      8       79
  MINIMUM         42   1159 PM  26    2001  45     -3       59
  AVERAGE         60                        57      3       69

PRECIPITATION (IN)
  YESTERDAY        0.00          1.79 2013   0.15  -0.15     0.15
  MONTH TO DATE    3.01                      2.47   0.54     2.02
  SINCE MAR 1      8.23                      6.71   1.52     5.87
  SINCE JAN 1     20.44                     12.98   7.46     9.14

SNOWFALL (IN)
  YESTERDAY        0.0           1.8  1953   0.0    0.0      0.0
  MONTH TO DATE    0.3                       0.1    0.2      0.0
  SINCE MAR 1      4.1                       1.1    3.0      1.0
  SINCE JUL 1     12.1                      11.8    0.3      1.4
  SNOW DEPTH       0

DEGREE DAYS
 HEATING
  YESTERDAY        5                         9     -4        0
  MONTH TO DATE  327                       205    122       85
  SINCE MAR 1    974                       797    177      583
  SINCE JUL 1   4360                      4371    -11     3282

 COOLING
  YESTERDAY        0                         1     -1        4
  MONTH TO DATE    8                        10     -2       32
  SINCE MAR 1      8                        13     -5       37
  SINCE JAN 1     15                        13      2       37
..................................................................


WIND (MPH)
  HIGHEST WIND SPEED    28   HIGHEST WIND DIRECTION    SW (230)
  HIGHEST GUST SPEED    40   HIGHEST GUST DIRECTION    SW (240)
  AVERAGE WIND SPEED    13.8


SKY COVER
  AVERAGE SKY COVER 0.2


WEATHER CONDITIONS
 THE FOLLOWING WEATHER WAS RECORDED YESTERDAY.
  NO SIGNIFICANT WEATHER WAS OBSERVED.


RELATIVE HUMIDITY (PERCENT)
 HIGHEST    76
 LOWEST     35
 AVERAGE    56

..........................................................


THE EVANSVILLE IN CLIMATE NORMALS FOR TODAY
                         NORMAL    RECORD    YEAR
 MAXIMUM TEMPERATURE (F)   69        86      1971
                                             1915
 MINIMUM TEMPERATURE (F)   46        27      1983


SUNRISE AND SUNSET
APRIL 19 2018.........SUNRISE   609 AM CDT   SUNSET   730 PM CDT
APRIL 20 2018.........SUNRISE   608 AM CDT   SUNSET   731 PM CDT


-  INDICATES NEGATIVE NUMBERS.
R  INDICATES RECORD WAS SET OR TIED.
MM INDICATES DATA IS MISSING.
T  INDICATES TRACE AMOUNT.




$$
