000
CDUS43 KPAH 220648
CLIEVV


CLIMATE REPORT
NATIONAL WEATHER SERVICE PADUCAH KY
145 AM CDT SUN APR 22 2018


...................................

...THE EVANSVILLE IN CLIMATE SUMMARY FOR APRIL 21 2018...

CLIMATE NORMAL PERIOD 1981 TO 2010
CLIMATE RECORD PERIOD 1896 TO 2018


WEATHER ITEM   OBSERVED TIME   RECORD YEAR NORMAL DEPARTURE LAST
                VALUE   (LST)  VALUE       VALUE  FROM      YEAR
                                                  NORMAL
..................................................................
TEMPERATURE (F)
 YESTERDAY
  MAXIMUM         70    435 PM  87    1987  70      0       65
  MINIMUM         42    541 AM  31    1904  46     -4       50
  AVERAGE         56                        58     -2       58

PRECIPITATION (IN)
  YESTERDAY        0.00          3.41 1928   0.15  -0.15     1.00
  MONTH TO DATE    3.01                      2.93   0.08     3.03
  SINCE MAR 1      8.23                      7.17   1.06     6.88
  SINCE JAN 1     20.44                     13.44   7.00    10.15

SNOWFALL (IN)
  YESTERDAY        0.0           0.0  2002   0.0    0.0      0.0
                                      2001
  MONTH TO DATE    0.3                       0.1    0.2      0.0
  SINCE MAR 1      4.1                       1.1    3.0      1.0
  SINCE JUL 1     12.1                      11.8    0.3      1.4
  SNOW DEPTH       0

DEGREE DAYS
 HEATING
  YESTERDAY        9                         8      1        7
  MONTH TO DATE  369                       230    139       92
  SINCE MAR 1   1016                       822    194      590
  SINCE JUL 1   4402                      4396      6     3289

 COOLING
  YESTERDAY        0                         1     -1        0
  MONTH TO DATE    8                        13     -5       48
  SINCE MAR 1      8                        16     -8       53
  SINCE JAN 1     15                        16     -1       53
..................................................................


WIND (MPH)
  HIGHEST WIND SPEED    15   HIGHEST WIND DIRECTION     E (70)
  HIGHEST GUST SPEED    22   HIGHEST GUST DIRECTION    NE (60)
  AVERAGE WIND SPEED     7.8


SKY COVER
  AVERAGE SKY COVER 0.0


WEATHER CONDITIONS
 THE FOLLOWING WEATHER WAS RECORDED YESTERDAY.
  NO SIGNIFICANT WEATHER WAS OBSERVED.


RELATIVE HUMIDITY (PERCENT)
 HIGHEST    67
 LOWEST     22
 AVERAGE    45

..........................................................


THE EVANSVILLE IN CLIMATE NORMALS FOR TODAY
                         NORMAL    RECORD    YEAR
 MAXIMUM TEMPERATURE (F)   70        87      1965
 MINIMUM TEMPERATURE (F)   47        32      1978
                                             1936


SUNRISE AND SUNSET
APRIL 22 2018.........SUNRISE   605 AM CDT   SUNSET   733 PM CDT
APRIL 23 2018.........SUNRISE   604 AM CDT   SUNSET   734 PM CDT


-  INDICATES NEGATIVE NUMBERS.
R  INDICATES RECORD WAS SET OR TIED.
MM INDICATES DATA IS MISSING.
T  INDICATES TRACE AMOUNT.




$$
