000
CDUS43 KPAH 160630
CLIEVV


CLIMATE REPORT
NATIONAL WEATHER SERVICE PADUCAH KY
126 AM CDT MON APR 16 2018

...................................

...THE EVANSVILLE IN CLIMATE SUMMARY FOR APRIL 15 2018...

CLIMATE NORMAL PERIOD 1981 TO 2010
CLIMATE RECORD PERIOD 1896 TO 2018

WEATHER ITEM   OBSERVED TIME   RECORD YEAR NORMAL DEPARTURE LAST
                VALUE   (LST)  VALUE       VALUE  FROM      YEAR
                                                  NORMAL
..................................................................
TEMPERATURE (F)
 YESTERDAY
  MAXIMUM         51   1255 AM  86    1977  68    -17       84
  MINIMUM         36   1152 PM  30    1957  44     -8       62
                                      1950
                                      1943
  AVERAGE         44                        56    -12       73

PRECIPITATION (IN)
  YESTERDAY        0.32          2.18 1972   0.15   0.17     0.00
  MONTH TO DATE    3.00                      2.03   0.97     0.30
  SINCE MAR 1      8.22                      6.27   1.95     4.15
  SINCE JAN 1     20.43                     12.54   7.89     7.42

SNOWFALL (IN)
  YESTERDAY        0.0           1.3  1961   0.0    0.0      0.0
  MONTH TO DATE    0.3                       0.1    0.2      0.0
  SINCE MAR 1      4.1                       1.1    3.0      1.0
  SINCE JUL 1     12.1                      11.8    0.3      1.4
  SNOW DEPTH       0

DEGREE DAYS
 HEATING
  YESTERDAY       21                        10     11        0
  MONTH TO DATE  270                       178     92       85
  SINCE MAR 1    917                       770    147      583
  SINCE JUL 1   4303                      4344    -41     3282

 COOLING
  YESTERDAY        0                         1     -1        8
  MONTH TO DATE    8                         7      1       21
  SINCE MAR 1      8                        10     -2       26
  SINCE JAN 1     15                        10      5       26
..................................................................

WIND (MPH)
  HIGHEST WIND SPEED    20   HIGHEST WIND DIRECTION     W (290)
  HIGHEST GUST SPEED    31   HIGHEST GUST DIRECTION     W (260)
  AVERAGE WIND SPEED    11.8

SKY COVER
  AVERAGE SKY COVER 0.9

WEATHER CONDITIONS
 THE FOLLOWING WEATHER WAS RECORDED YESTERDAY.
  RAIN
  LIGHT RAIN
  FOG

RELATIVE HUMIDITY (PERCENT)
 HIGHEST   100
 LOWEST     65
 AVERAGE    83
..........................................................

THE EVANSVILLE IN CLIMATE NORMALS FOR TODAY
                         NORMAL    RECORD    YEAR
 MAXIMUM TEMPERATURE (F)   68        90      1967
 MINIMUM TEMPERATURE (F)   45        28      1962

SUNRISE AND SUNSET
APRIL 16 2018.........SUNRISE   613 AM CDT   SUNSET   727 PM CDT
APRIL 17 2018.........SUNRISE   612 AM CDT   SUNSET   728 PM CDT

-  INDICATES NEGATIVE NUMBERS.
R  INDICATES RECORD WAS SET OR TIED.
MM INDICATES DATA IS MISSING.
T  INDICATES TRACE AMOUNT.

$$
