334
CDUS43 KPAH 172145
CLIEVV


CLIMATE REPORT
NATIONAL WEATHER SERVICE PADUCAH KY
445 PM CDT TUE APR 17 2018


...................................

...THE EVANSVILLE IN CLIMATE SUMMARY FOR APRIL 17 2018...
VALID TODAY AS OF 0400 PM LOCAL TIME.

CLIMATE NORMAL PERIOD 1981 TO 2010
CLIMATE RECORD PERIOD 1896 TO 2018


WEATHER ITEM   OBSERVED TIME   RECORD YEAR NORMAL DEPARTURE LAST
                VALUE   (LST)  VALUE       VALUE  FROM      YEAR
                                                  NORMAL
..................................................................
TEMPERATURE (F)
 TODAY
  MAXIMUM         58    252 PM  88    1977  68    -10       71
  MINIMUM         28R   408 AM  28    1951  45    -17       59
  AVERAGE         43                        57    -14       65

PRECIPITATION (IN)
  TODAY            0.00          1.67 1940   0.15  -0.15     0.01
  MONTH TO DATE    3.01                      2.32   0.69     1.87
  SINCE MAR 1      8.23                      6.56   1.67     5.72
  SINCE JAN 1     20.44                     12.83   7.61     8.99

SNOWFALL (IN)
  TODAY            0.0                                       0.0
  MONTH TO DATE    0.3                                       0.0
  SINCE JUL 1     12.1                                       1.4
  SNOW DEPTH       0

..................................................................


WIND (MPH)
  HIGHEST WIND SPEED    15   HIGHEST WIND DIRECTION    SW (240)
  HIGHEST GUST SPEED    21   HIGHEST GUST DIRECTION     W (280)




..........................................................


THE EVANSVILLE IN CLIMATE NORMALS FOR TOMORROW
                         NORMAL    RECORD    YEAR
 MAXIMUM TEMPERATURE (F)   69        87      1971
 MINIMUM TEMPERATURE (F)   45        26      2001


SUNRISE AND SUNSET
APRIL 17 2018.........SUNRISE   612 AM CDT   SUNSET   728 PM CDT
APRIL 18 2018.........SUNRISE   611 AM CDT   SUNSET   729 PM CDT


-  INDICATES NEGATIVE NUMBERS.
R  INDICATES RECORD WAS SET OR TIED.
MM INDICATES DATA IS MISSING.
T  INDICATES TRACE AMOUNT.




$$
