000
CDUS43 KPAH 190631
CLIEVV


CLIMATE REPORT
NATIONAL WEATHER SERVICE PADUCAH KY
126 AM CDT SAT MAY 19 2018

...................................

...THE EVANSVILLE IN CLIMATE SUMMARY FOR MAY 18 2018...

CLIMATE NORMAL PERIOD 1981 TO 2010
CLIMATE RECORD PERIOD 1896 TO 2018

WEATHER ITEM   OBSERVED TIME   RECORD YEAR NORMAL DEPARTURE LAST
                VALUE   (LST)  VALUE       VALUE  FROM      YEAR
                                                  NORMAL
..................................................................
TEMPERATURE (F)
 YESTERDAY
  MAXIMUM         77    342 PM  93    1962  77      0       88
  MINIMUM         66   1154 PM  41    2002  55     11       72
  AVERAGE         72                        66      6       80

PRECIPITATION (IN)
  YESTERDAY        0.45          2.61 1928   0.17   0.28     0.01
  MONTH TO DATE    1.59                      3.14  -1.55     2.63
  SINCE MAR 1     10.57                     11.75  -1.18    16.37
  SINCE JAN 1     22.78                     18.02   4.76    19.64

SNOWFALL (IN)
  YESTERDAY        0.0           0.0  2002   0.0    0.0      0.0
                                      2001
  MONTH TO DATE    0.0                       0.0    0.0      0.0
  SINCE MAR 1      4.1                       1.1    3.0      1.0
  SINCE JUL 1     12.1                      11.8    0.3      1.4
  SNOW DEPTH       0

DEGREE DAYS
 HEATING
  YESTERDAY        0                         2     -2        0
  MONTH TO DATE    2                        66    -64       68
  SINCE MAR 1   1091                       947    144      688
  SINCE JUL 1   4477                      4521    -44     3387

 COOLING
  YESTERDAY        7                         4      3       15
  MONTH TO DATE  131                        43     88       75
  SINCE MAR 1    139                        70     69      136
  SINCE JAN 1    146                        70     76      136
..................................................................

WIND (MPH)
  HIGHEST WIND SPEED    10   HIGHEST WIND DIRECTION    NE (40)
  HIGHEST GUST SPEED    15   HIGHEST GUST DIRECTION    NE (50)
  AVERAGE WIND SPEED     4.8

SKY COVER
  AVERAGE SKY COVER 0.7

WEATHER CONDITIONS
 THE FOLLOWING WEATHER WAS RECORDED YESTERDAY.
  THUNDERSTORM
  RAIN
  LIGHT RAIN
  FOG

RELATIVE HUMIDITY (PERCENT)
 HIGHEST   100
 LOWEST     79
 AVERAGE    90
..........................................................

THE EVANSVILLE IN CLIMATE NORMALS FOR TODAY
                         NORMAL    RECORD    YEAR
 MAXIMUM TEMPERATURE (F)   78        93      1962
 MINIMUM TEMPERATURE (F)   55        37      2002

SUNRISE AND SUNSET
MAY 19 2018...........SUNRISE   536 AM CDT   SUNSET   757 PM CDT
MAY 20 2018...........SUNRISE   536 AM CDT   SUNSET   758 PM CDT

-  INDICATES NEGATIVE NUMBERS.
R  INDICATES RECORD WAS SET OR TIED.
MM INDICATES DATA IS MISSING.
T  INDICATES TRACE AMOUNT.

$$
