000
CXUS53 KPAH 010644
CLMEVV

INDCLMEEV 000
TTAA00 KPAH 010639


CLIMATE REPORT
NATIONAL WEATHER SERVICE PADUCAH KY
144 AM CDT TUE MAY 1 2018

...................................

...THE EVANSVILLE ASOS CLIMATE SUMMARY FOR THE MONTH OF APRIL 2018...

CLIMATE NORMAL PERIOD 1981 TO 2010
CLIMATE RECORD PERIOD 1896 TO 2018

WEATHER         OBSERVED          NORMAL  DEPART  LAST YEAR`S
                 VALUE   DATE(S)  VALUE   FROM    VALUE  DATE(S)
                                          NORMAL
................................................................
TEMPERATURE (F)
RECORD
 HIGH              91   04/27/1989
                        04/26/1989
 LOW               23   04/07/1990
                        04/03/1987
HIGHEST            80   04/12        67      13       85  04/14
                                                          04/13
LOWEST             27   04/08        45     -18       35  04/08
AVG. MAXIMUM     61.0              67.7    -6.7     74.0
AVG. MINIMUM     39.6              44.6    -5.0     51.1
MEAN             50.3              56.1    -5.8     62.4
DAYS MAX >= 90      0               0.0     0.0        0
DAYS MAX <= 32      0               0.0     0.0        0
DAYS MIN <= 32      8               2.8     5.2        0
DAYS MIN <= 0       0               0.0     0.0        0

PRECIPITATION (INCHES)
RECORD
 MAXIMUM        11.83   1996
 MINIMUM         0.40   1915
TOTALS           3.76              4.37   -0.61     9.89
DAILY AVG.       0.13              0.15   -0.02     0.33
DAYS >= .01        11              11.7    -0.7       15
DAYS >= .10         7               7.4    -0.4       10
DAYS >= .50         3               2.6     0.4        5
DAYS >= 1.00        0               1.2    -1.2        4
GREATEST
 24 HR. TOTAL    0.94   04/14 TO 04/14
 STORM TOTAL       MM
 (MM/DD(HH))            MM

SNOWFALL (INCHES)
RECORDS
 TOTAL            8.6   1971
TOTALS            0.3               0.1     0.2      0.0
SINCE 7/1        12.1              11.8     0.3      1.4
SNOWDEPTH AVG.      0                MM      MM        0
DAYS >= TRACE       2
DAYS >= 1.0         0               0.0     0.0        0
GREATEST
 SNOW DEPTH         T   04/07                          0  MM
 24 HR TOTAL      0.3   04/07 TO 04/07
 STORM TOTAL       MM
 (MM/DD(HH))            MM

DEGREE_DAYS
HEATING TOTAL     442               289     153      122
 SINCE 7/1       4475              4455      20     3319
COOLING TOTAL       8                24     -16       56
 SINCE 1/1         15                27     -12       61
.................................................................

WIND (MPH)
AVERAGE WIND SPEED              8.6
HIGHEST WIND SPEED/DIRECTION    32/220    DATE  04/12
HIGHEST GUST SPEED/DIRECTION    47/290    DATE  04/03

SKY COVER
POSSIBLE SUNSHINE (PERCENT)   MM
AVERAGE SKY COVER           0.40
NUMBER OF DAYS FAIR           13
NUMBER OF DAYS PC             10
NUMBER OF DAYS CLOUDY          7

AVERAGE RH (PERCENT)     66

WEATHER CONDITIONS. NUMBER OF DAYS WITH
  0
  6
  0
  0
  0
  0
  1
HAZE                      1

-  INDICATES NEGATIVE NUMBERS.
R  INDICATES RECORD WAS SET OR TIED.
MM INDICATES DATA IS MISSING.
T  INDICATES TRACE AMOUNT.

&&

RMKS: THE AVERAGE TEMPERATURE OF 50.3 DEGREES MAKES THIS APRIL
THE 2ND COLDEST ON RECORD. THE COLDEST APRIL ON RECORD WAS SET
BACK IN 1907 WITH AN AVERAGE TEMPERATURE OF 47.8 DEGREES.

$$
