000
CXUS53 KPAH 011253
CLMEVV

INDCLMEEV 000
TTAA00 KPAH 011250

CLIMATE REPORT
NATIONAL WEATHER SERVICE PADUCAH KY
742 AM CDT SUN APR 1 2018

...................................

...THE EVANSVILLE ASOS CLIMATE SUMMARY FOR THE MONTH OF MARCH 2018...

CLIMATE NORMAL PERIOD 1981 TO 2010
CLIMATE RECORD PERIOD 1896 TO 2018

WEATHER         OBSERVED          NORMAL  DEPART  LAST YEAR`S
                 VALUE   DATE(S)  VALUE   FROM    VALUE  DATE(S)
                                          NORMAL
................................................................
TEMPERATURE (F)
RECORD
 HIGH              87   03/24/1929
 LOW               -9   03/06/1960
HIGHEST            67   03/15        56      11       80  03/20
LOWEST             23   03/09        45     -22       18  03/16
AVG. MAXIMUM     52.4              56.7    -4.3     59.4
AVG. MINIMUM     35.2              35.3    -0.1     38.3
MEAN             43.8              46.0    -2.2     48.8
DAYS MAX >= 90      0               0.0     0.0        0
DAYS MAX <= 32      0               0.5    -0.5        0
DAYS MIN <= 32     13              12.4     0.6       11
DAYS MIN <= 0       0               0.0     0.0        0

PRECIPITATION (INCHES)
RECORD
 MAXIMUM        12.84   1964
 MINIMUM         0.01   1910
TOTALS           5.22              4.24    0.98     3.85
DAILY AVG.       0.17              0.14    0.03     0.12
DAYS >= .01        18              10.6     7.4       13
DAYS >= .10        10               7.1     2.9       10
DAYS >= .50         4               3.0     1.0        4
DAYS >= 1.00        0               1.0    -1.0        0
GREATEST
 24 HR. TOTAL    0.98   03/29 TO 03/29
 STORM TOTAL       MM
 (MM/DD(HH))            MM

SNOWFALL (INCHES)
RECORDS
 TOTAL           20.2   1960
TOTALS            3.8               1.0     2.8      1.0
SINCE 7/1        11.8              11.7     0.1      1.4
SNOWDEPTH AVG.      0                MM      MM        0
DAYS >= TRACE       7
DAYS >= 1.0         2               0.3     1.7        0
GREATEST
 SNOW DEPTH         T   03/13                          0  MM
 24 HR TOTAL      2.0   03/11 TO 03/11
 STORM TOTAL       MM
 (MM/DD(HH))            MM

DEGREE_DAYS
HEATING TOTAL     647               592      55      498
 SINCE 7/1       4033              4166    -133     3197
COOLING TOTAL       0                 3      -3        5
 SINCE 1/1          7                 3       4        5
.................................................................

WIND (MPH)
AVERAGE WIND SPEED              8.3
HIGHEST WIND SPEED/DIRECTION    35/230    DATE  03/06
HIGHEST GUST SPEED/DIRECTION    51/220    DATE  03/06

SKY COVER
POSSIBLE SUNSHINE (PERCENT)   MM
AVERAGE SKY COVER           0.60
NUMBER OF DAYS FAIR            8
NUMBER OF DAYS PC             11
NUMBER OF DAYS CLOUDY         12

AVERAGE RH (PERCENT)     73

WEATHER CONDITIONS. NUMBER OF DAYS WITH
  0
 10
  0
  0
  2
  0
  1
HAZE                      4

-  INDICATES NEGATIVE NUMBERS.
R  INDICATES RECORD WAS SET OR TIED.
MM INDICATES DATA IS MISSING.
T  INDICATES TRACE AMOUNT.

$$
