000
CXUS53 KPAH 011641
CLMEVV

INDCLMEEV 000
TTAA00 KPAH 011632


CLIMATE REPORT
NATIONAL WEATHER SERVICE PADUCAH KY
1017 AM CST THU MAR 1 2018

...................................

...THE EVANSVILLE ASOS CLIMATE SUMMARY FOR THE MONTH OF FEBRUARY 2018...

CLIMATE NORMAL PERIOD 1981 TO 2010
CLIMATE RECORD PERIOD 1896 TO 2018

WEATHER         OBSERVED          NORMAL  DEPART  LAST YEAR`S
                 VALUE   DATE(S)  VALUE   FROM    VALUE  DATE(S)
                                          NORMAL
................................................................
TEMPERATURE (F)
RECORD
 HIGH              79   02/24/2017
                        02/13/1962
                        14/09/2629
 LOW              -23   02/02/1951
HIGHEST            76   02/20        44      32       79  02/24
LOWEST             12   02/02        25     -13       14  02/04
AVG. MAXIMUM     51.2              46.0     5.2     57.5
AVG. MINIMUM     32.7              27.2     5.5     35.8
MEAN             42.0              36.6     5.4     46.6
DAYS MAX >= 90      0               0.0     0.0        0
DAYS MAX <= 32      3               3.4    -0.4        1
DAYS MIN <= 32     16              19.2    -3.2       12
DAYS MIN <= 0       0               0.4    -0.4        0

PRECIPITATION (INCHES)
RECORD
 MAXIMUM         7.26   2000
 MINIMUM         0.27   1947
TOTALS           9.24R             3.17    6.07     1.00
DAILY AVG.       0.33              0.11    0.22     0.04
DAYS >= .01        17               8.9     8.1        8
DAYS >= .10        12               5.5     6.5        5
DAYS >= .50         6               2.1     3.9        0
DAYS >= 1.00        2               0.9     1.1        0
GREATEST
 24 HR. TOTAL    3.45   02/24 TO 02/24
 STORM TOTAL       MM
 (MM/DD(HH))            MM

SNOWFALL (INCHES)
RECORDS
 TOTAL           18.4   1993
TOTALS            0.9               3.8    -2.9        T
SINCE 7/1         8.0              10.7    -2.7      0.4
SNOWDEPTH AVG.      0                MM      MM        0
DAYS >= TRACE       4
DAYS >= 1.0         0               1.0    -1.0        0
GREATEST
 SNOW DEPTH         0   MM                             0  MM
 24 HR TOTAL      0.5   02/17 TO 02/17
 STORM TOTAL       MM
 (MM/DD(HH))            MM

DEGREE_DAYS
HEATING TOTAL     642               795    -153      506
 SINCE 7/1       3386              3574    -188     2699
.................................................................

WIND (MPH)
AVERAGE WIND SPEED              7.6
HIGHEST WIND SPEED/DIRECTION    33/240    DATE  02/15
HIGHEST GUST SPEED/DIRECTION    46/300    DATE  02/25

SKY COVER
POSSIBLE SUNSHINE (PERCENT)   MM
AVERAGE SKY COVER           0.60
NUMBER OF DAYS FAIR            8
NUMBER OF DAYS PC              6
NUMBER OF DAYS CLOUDY         14

AVERAGE RH (PERCENT)     79

WEATHER CONDITIONS. NUMBER OF DAYS WITH
  0
  8
  3
  0
  2
  0
  2
HAZE                      4

-  INDICATES NEGATIVE NUMBERS.
R  INDICATES RECORD WAS SET OR TIED.
MM INDICATES DATA IS MISSING.
T  INDICATES TRACE AMOUNT.

&&

RMKS: 9.24 INCHES OF RAIN SETS A NEW RECORD HIGH RAINFALL FOR THE
MONTH OF FEBRUARY. THIS SHATTERS THE OLD RECORD OF 7.26 INCHES SET
IN 2000.

$$
