386
CXUS53 KPAH 021445
CLMEVV

INDCLMEEV 000
TTAA00 KPAH 021443


CLIMATE REPORT
NATIONAL WEATHER SERVICE PADUCAH KY
833 AM CST FRI FEB 2 2018

...................................

...THE EVANSVILLE ASOS CLIMATE SUMMARY FOR THE MONTH OF JANUARY 2018...

CLIMATE NORMAL PERIOD 1981 TO 2010
CLIMATE RECORD PERIOD 1896 TO 2018

WEATHER         OBSERVED          NORMAL  DEPART  LAST YEAR`S
                 VALUE   DATE(S)  VALUE   FROM    VALUE  DATE(S)
                                          NORMAL
................................................................
TEMPERATURE (F)
RECORD
 HIGH              76   01/24/1943
 LOW              -21   01/17/1982
HIGHEST            62   01/11        39      23       69  01/21
                                                          01/12
LOWEST             -2   01/02        21     -23        5  01/07
AVG. MAXIMUM     38.0              41.0    -3.0     47.6
AVG. MINIMUM     19.4              24.0    -4.6     32.6
MEAN             28.7              32.5    -3.8     40.1
DAYS MAX >= 90      0               0.0     0.0        0
DAYS MAX <= 32     12               6.8     5.2        4
DAYS MIN <= 32     23              24.0    -1.0       12
DAYS MIN <= 0       1               0.9     0.1        0

PRECIPITATION (INCHES)
RECORD
 MAXIMUM        14.78   1937
 MINIMUM         0.51   1981
TOTALS           2.97              3.10   -0.13     2.27
DAILY AVG.       0.10              0.10    0.00     0.07
DAYS >= .01         7               9.8    -2.8       15
DAYS >= .10         5               5.6    -0.6        8
DAYS >= .50         4               2.0     2.0        0
DAYS >= 1.00        0               0.6    -0.6        0
GREATEST
 24 HR. TOTAL    0.85   01/11 TO 01/11
 STORM TOTAL       MM
 (MM/DD(HH))            MM

SNOWFALL (INCHES)
RECORDS
 TOTAL           41.0   1918
TOTALS            7.1               3.4     3.7      0.4
SINCE 7/1         7.1               6.9     0.2      0.4
SNOWDEPTH AVG.      1                 2      -1        0
DAYS >= TRACE      10
DAYS >= 1.0         2               1.2     0.8        0
GREATEST
 SNOW DEPTH         4   01/13                          0  MM
 24 HR TOTAL      4.3   01/12 TO 01/12
 STORM TOTAL       MM
 (MM/DD(HH))            MM

DEGREE_DAYS
HEATING TOTAL    1083              1007      76      763
 SINCE 7/1       2744              2779     -35     2193
.................................................................

WIND (MPH)
AVERAGE WIND SPEED              7.8
HIGHEST WIND SPEED/DIRECTION    32/230    DATE  01/31
HIGHEST GUST SPEED/DIRECTION    47/240    DATE  01/31

SKY COVER
POSSIBLE SUNSHINE (PERCENT)   MM
AVERAGE SKY COVER           0.40
NUMBER OF DAYS FAIR           12
NUMBER OF DAYS PC              9
NUMBER OF DAYS CLOUDY          8

AVERAGE RH (PERCENT)     72

WEATHER CONDITIONS. NUMBER OF DAYS WITH
THUNDERSTORM              0     MIXED PRECIP               0
HEAVY RAIN                3     RAIN                       3
LIGHT RAIN               10     FREEZING RAIN              1
LT FREEZING RAIN          1     HAIL                       0
HEAVY SNOW                1     SNOW                       2
LIGHT SNOW                9     SLEET                      0
FOG                      14     FOG W/VIS <= 1/4 MILE      4
HAZE                      2

-  INDICATES NEGATIVE NUMBERS.
R  INDICATES RECORD WAS SET OR TIED.
MM INDICATES DATA IS MISSING.
T  INDICATES TRACE AMOUNT.

$$
