000
CXUS53 KPAH 012240
CLSEVV
CLIMATE REPORT
NATIONAL WEATHER SERVICE PADUCAH
440 PM CST SUN MAR 01 2020
...................................
...THE EVANSVILLE IN CLIMATE SUMMARY FOR THE SEASON, FROM
12/1/2019 TO 2/29/2020...
CLIMATE NORMAL PERIOD 1981 TO 2010
CLIMATE RECORD PERIOD 1896 TO 2020
WEATHER OBSERVED NORMAL DEPART LAST YEAR`S
VALUE DATE(S) VALUE FROM VALUE
NORMAL
..............................................................
TEMPERATURE (F)
RECORD
HIGH 79 02/24/2017
02/13/1962
LOW -23 02/02/1951
HIGHEST 70 02/03 42 28
LOWEST 11 02/14 24 -13
AVG. MAXIMUM 47.6 43.6 4.0
AVG. MINIMUM 30.4 26.1 4.3
MEAN 39.0 34.8 4.2
DAYS MAX >= 90 0 0.0 0.0
DAYS MAX <= 32 6 14.8 -8.8
DAYS MIN <= 32 59 64.5 -5.5
DAYS MIN <= 0 0 1.8 -1.8
PRECIPITATION (INCHES)
RECORD
MAXIMUM 24.38 1949
MINIMUM 3.76 1976
TOTALS 12.27 10.03 2.24
DAILY AVG. 0.13 NAN NAN
DAYS >= .01 35 29.5 5.5
DAYS >= .10 21 18.3 2.7
DAYS >= .50 8 6.7 1.3
DAYS >= 1.00 3 2.4 0.6
GREATEST
24 HR. TOTAL 2.84 11/30 TO 12/01
STORM TOTAL 2.15
(MM/DD(HH))
SNOWFALL (INCHES)
TOTALS T
LIQUID EQUIV T
SINCE 7/1 1.1
LIQUID 7/1 0.11
SNOWDEPTH AVG. 0
DAYS >= TRACE 19
DAYS >= 1.0 0
GREATEST
SNOW DEPTH 0
24 HR TOTAL MM
STORM TOTAL 0.0
(MM/DD(HH))
DEGREE DAYS
HEATING TOTAL 2345 2714 -369
SINCE 7/1 3332 3622 -290
COOLING TOTAL 0 0 0
SINCE 1/1 0 0 0
FREEZE DATES
RECORD
EARLIEST 10/03/1974
LATEST 05/10/1966
EARLIEST 10/31
LATEST 03/31
..............................................................
WIND (MPH)
AVERAGE WIND SPEED 6.6
HIGHEST WIND SPEED/DIRECTION 30/260 DATE 12/30
HIGHEST GUST SPEED/DIRECTION 44/280 DATE 01/18
SKY COVER
POSSIBLE SUNSHINE (PERCENT) MM
AVERAGE SKY COVER 0.57
NUMBER OF DAYS FAIR 32
NUMBER OF DAYS PC 22
NUMBER OF DAYS CLOUDY 37
AVERAGE RH (PERCENT) 71
WEATHER CONDITIONS. NUMBER OF DAYS WITH
THUNDERSTORM 1 MIXED PRECIP 0
HEAVY RAIN 9 RAIN 18
LIGHT RAIN 37 FREEZING RAIN 1
LT FREEZING RAIN 1 HAIL 0
HEAVY SNOW 0 SNOW 0
LIGHT SNOW 14 SLEET 0
FOG 50 FOG W/VIS <= 1/4 MILE 4
HAZE 29
- INDICATES NEGATIVE NUMBERS.
R INDICATES RECORD WAS SET OR TIED.
MM INDICATES DATA IS MISSING.
T INDICATES TRACE AMOUNT.
$$