221
CXUS53 KPAH 031510
CLSEVV
INDCLMEWS 000
TTAA00 KPAH 031503
CLIMATE REPORT
NATIONAL WEATHER SERVICE PADUCAH KY
1001 AM CDT MON JUN 3 2019
...................................
...THE EVANSVILLE IN CLIMATE SUMMARY FOR THE SPRING SEASON, FROM
3/1/2019 TO 5/31/2019...
CLIMATE NORMAL PERIOD 1981 TO 2010
CLIMATE RECORD PERIOD 1896 TO 2019
WEATHER OBSERVED NORMAL DEPART
VALUE DATE(S) VALUE FROM
NORMAL
................................................
TEMPERATURE (F)
RECORD
HIGH 98 05/28/1911
LOW -9 03/06/1960
HIGHEST 89 05/24 67 22
LOWEST 8 03/04 45 -37
AVG. MAXIMUM 66.3 67.1 -0.8
AVG. MINIMUM 45.8 44.8 1.0
MEAN 56.0 56.0 0.0
DAYS MAX >= 90 0 0.9 -0.9
DAYS MAX <= 32 3 0.5 2.5
DAYS MIN <= 32 16 15.2 0.8
DAYS MIN <= 0 0 0.0 0.0
PRECIPITATION (INCHES)
RECORD
MAXIMUM 25.48 2008
MINIMUM 4.04 1930
TOTALS 18.36 13.97 4.39
DAILY AVG. 0.20 0.15 0.05
DAYS >= .01 38 34.8 3.2
DAYS >= .10 27 22.7 4.3
DAYS >= .50 15 9.5 5.5
DAYS >= 1.00 4 3.6 0.4
GREATEST
24 HR. TOTAL 2.74 MM
STORM TOTAL MM
(MM/DD(HH)) MM
SNOWFALL (INCHES)
TOTALS 0.2
LIQUID EQUIV 0.02
SINCE 7/1 8.8
LIQUID 7/1 0.88
SNOWDEPTH AVG. 0
DAYS >= TRACE 4
DAYS >= 1.0 0
GREATEST
SNOW DEPTH 0 MM
24 HR TOTAL 0.2 MM
STORM TOTAL MM
(MM/DD(HH)) MM
DEGREE_DAYS
HEATING TOTAL 996 967 29
SINCE 7/1 4488 4541 -53
COOLING TOTAL 188 134 54
SINCE 1/1 188 135 53
FREEZE DATES
RECORD
EARLIEST 10/03/1974
LATEST 05/10/1966
EARLIEST 10/23
LATEST 04/10
.................................................
WIND (MPH)
AVERAGE WIND SPEED 7.3
HIGHEST WIND SPEED/DIRECTION 39/210 DATE 03/14
HIGHEST GUST SPEED/DIRECTION 58/240 DATE 03/14
SKY COVER
POSSIBLE SUNSHINE (PERCENT) MM
AVERAGE SKY COVER 0.40
NUMBER OF DAYS FAIR 45
NUMBER OF DAYS PC 24
NUMBER OF DAYS CLOUDY 23
AVERAGE RH (PERCENT) 72
WEATHER CONDITIONS. NUMBER OF DAYS WITH
THUNDERSTORM 16 MIXED PRECIP 0
HEAVY RAIN 14 RAIN 25
LIGHT RAIN 38 FREEZING RAIN 0
LT FREEZING RAIN 1 HAIL 0
HEAVY SNOW 0 SNOW 1
LIGHT SNOW 4 SLEET 0
FOG 46 FOG W/VIS <= 1/4 MILE 6
HAZE 5
- INDICATES NEGATIVE NUMBERS.
R INDICATES RECORD WAS SET OR TIED.
MM INDICATES DATA IS MISSING.
T INDICATES TRACE AMOUNT.
$$