000
CXUS53 KPAH 020726
CLSEVV
CLIMATE REPORT
NATIONAL WEATHER SERVICE PADUCAH KY
126 AM CST SAT MAR 02 2024
...................................
...THE EVANSVILLE IN CLIMATE SUMMARY FOR THE WINTER SEASON, FROM
12/1/2023 TO 2/29/2024...
CLIMATE NORMAL PERIOD 1991 TO 2020
CLIMATE RECORD PERIOD 1896 TO 2024
WEATHER OBSERVED NORMAL DEPART LAST YEAR`S
VALUE DATE(S) VALUE FROM VALUE
NORMAL
..............................................................
TEMPERATURE (F)
RECORD
HIGH 79 02/24/2017
02/13/1962
LOW -23 02/02/1951
HIGHEST 78 02/26 42 36
LOWEST 3 01/20 24 -21
01/21
AVG. MAXIMUM 49.9 44.7 5.2
AVG. MINIMUM 30.6 27.8 2.8
MEAN 40.2 36.2 4.0
DAYS MAX >= 90 0 0.0 0.0
DAYS MAX <= 32 9 14.7 -5.7
DAYS MIN <= 32 50 62.6 -12.6
DAYS MIN <= 0 0 1.0 -1.0
PRECIPITATION (INCHES)
RECORD
MAXIMUM 24.38 1949
MINIMUM 3.76 1976
TOTALS 9.09 10.35 -1.26
DAILY AVG. 0.10 NAN NAN
DAYS >= .01 30 30.5 -0.5
DAYS >= .10 15 18.6 -3.6
DAYS >= .50 7 7.4 -0.4
DAYS >= 1.00 1 2.5 -1.5
GREATEST
24 HR. TOTAL 1.73 01/12 TO 01/12
STORM TOTAL MM
(MM/DD(HH))
SNOWFALL (INCHES)
TOTALS 1.5
LIQUID EQUIV 0.20
SINCE 7/1 1.5
LIQUID 7/1 0.15
SNOWDEPTH AVG. 0
DAYS >= TRACE 15
DAYS >= 1.0 0
GREATEST
SNOW DEPTH 1 01/20
01/21
02/17
24 HR TOTAL 0.7 01/19 TO 01/19
STORM TOTAL 0.7
(MM/DD(HH))
DEGREE DAYS
HEATING TOTAL 2177 2593 -416
SINCE 7/1 2872 3472 -600
COOLING TOTAL 3 0 3
SINCE 1/1 3 0 3
FREEZE DATES
RECORD
EARLIEST 10/03/1974
LATEST 05/10/1966
EARLIEST 10/31
LATEST 04/24
..............................................................
WIND (MPH)
AVERAGE WIND SPEED 7.1
HIGHEST WIND SPEED/DIRECTION 36/240 DATE 01/12
HIGHEST GUST SPEED/DIRECTION 47/240 DATE 01/12
SKY COVER
POSSIBLE SUNSHINE (PERCENT) MM
AVERAGE SKY COVER 0.45
NUMBER OF DAYS FAIR 37
NUMBER OF DAYS PC 30
NUMBER OF DAYS CLOUDY 24
AVERAGE RH (PERCENT) 69
WEATHER CONDITIONS. NUMBER OF DAYS WITH
THUNDERSTORM 4 MIXED PRECIP 0
HEAVY RAIN 10 RAIN 16
LIGHT RAIN 30 FREEZING RAIN 0
LT FREEZING RAIN 0 HAIL 1
HEAVY SNOW 1 SNOW 1
LIGHT SNOW 13 SLEET 0
FOG 37 FOG W/VIS <= 1/4 MILE 4
HAZE 10
- INDICATES NEGATIVE NUMBERS.
R INDICATES RECORD WAS SET OR TIED.
MM INDICATES DATA IS MISSING.
T INDICATES TRACE AMOUNT.
[REMARKS]: 6TH WARMEST AND 5TH LEAST SNOWIEST WINTER IN EVANSVILLE
$$