991
CXUS53 KPAH 011209
CLSEVV
CLIMATE REPORT
NATIONAL WEATHER SERVICE PADUCAH
609 AM CST MON MAR 01 2021
...................................
...THE EVANSVILLE IN CLIMATE SUMMARY FOR THE SEASON, FROM
12/1/2020 TO 2/28/2021...
CLIMATE NORMAL PERIOD 1981 TO 2010
CLIMATE RECORD PERIOD 1896 TO 2021
WEATHER OBSERVED NORMAL DEPART LAST YEAR`S
VALUE DATE(S) VALUE FROM VALUE
NORMAL
..............................................................
TEMPERATURE (F)
RECORD
HIGH 79 02/24/2017
02/13/1962
LOW -23 02/02/1951
HIGHEST 69 02/28 42 27
LOWEST 2 02/16 24 -22
02/17
AVG. MAXIMUM 42.9 43.6 -0.7
AVG. MINIMUM 26.8 26.1 0.7
MEAN 34.8 34.8 0.0
DAYS MAX >= 90 0 0.0 0.0
DAYS MAX <= 32 15 14.8 0.2
DAYS MIN <= 32 61 64.5 -3.5
DAYS MIN <= 0 0 1.8 -1.8
PRECIPITATION (INCHES)
RECORD
MAXIMUM 24.38 1949
MINIMUM 3.76 1976
TOTALS 10.11 10.03 0.08
DAILY AVG. 0.11 0.11 -0.00
DAYS >= .01 34 29.5 4.5
DAYS >= .10 15 18.3 -3.3
DAYS >= .50 7 6.7 0.3
DAYS >= 1.00 2 2.4 -0.4
GREATEST
24 HR. TOTAL 2.39
STORM TOTAL 2.22
(MM/DD(HH))
SNOWFALL (INCHES)
TOTALS 6.5
LIQUID EQUIV 0.70
SINCE 7/1 6.5
LIQUID 7/1 0.65
SNOWDEPTH AVG. 0
DAYS >= TRACE 27
DAYS >= 1.0 1
GREATEST
SNOW DEPTH 4 02/16
02/17
24 HR TOTAL 3.5
STORM TOTAL 3.5
(MM/DD(HH))
DEGREE DAYS
HEATING TOTAL 2679 2714 -35
SINCE 7/1 3399 3574 -175
COOLING TOTAL 0 0 0
SINCE 1/1 0 0 0
FREEZE DATES
RECORD
EARLIEST 10/03/1974
LATEST 05/10/1966
EARLIEST 11/01
LATEST 04/18
..............................................................
WIND (MPH)
AVERAGE WIND SPEED 7.3
HIGHEST WIND SPEED/DIRECTION 31/270 DATE 12/12
HIGHEST GUST SPEED/DIRECTION 48/280 DATE 02/28
SKY COVER
POSSIBLE SUNSHINE (PERCENT) MM
AVERAGE SKY COVER 0.55
NUMBER OF DAYS FAIR 32
NUMBER OF DAYS PC 26
NUMBER OF DAYS CLOUDY 32
AVERAGE RH (PERCENT) 66
WEATHER CONDITIONS. NUMBER OF DAYS WITH
THUNDERSTORM 2 MIXED PRECIP 0
HEAVY RAIN 8 RAIN 10
LIGHT RAIN 22 FREEZING RAIN 2
LT FREEZING RAIN 3 HAIL 0
HEAVY SNOW 1 SNOW 3
LIGHT SNOW 24 SLEET 3
FOG 42 FOG W/VIS <= 1/4 MILE 2
HAZE 46
- INDICATES NEGATIVE NUMBERS.
R INDICATES RECORD WAS SET OR TIED.
MM INDICATES DATA IS MISSING.
T INDICATES TRACE AMOUNT.
$$