000
CXUS52 KMHX 031436
CF6EWN
PRELIMINARY LOCAL CLIMATOLOGICAL DATA (WS FORM: F-6)
STATION: NEW BERN NC
MONTH: OCTOBER
YEAR: 2021
LATITUDE: 35 4 N
LONGITUDE: 77 3 W
TEMPERATURE IN F: :PCPN: SNOW: WIND :SUNSHINE: SKY :PK WND
================================================================================
1 2 3 4 5 6A 6B 7 8 9 10 11 12 13 14 15 16 17 18
12Z AVG MX 2MIN
DY MAX MIN AVG DEP HDD CDD WTR SNW DPTH SPD SPD DIR MIN PSBL S-S WX SPD DR
================================================================================
1 80 56 68 -2 0 3 0.00 0.0 0 2.2 10 140 M M 1 1 12 140
2 81 57 69 0 0 4 0.00 0.0 0 2.1 12 180 M M 1 1 13 170
3 83 58 71 2 0 6 0.00 0.0 0 3.5 13 180 M M 1 1 18 170
4 83 61 72 3 0 7 0.01 0.0 0 4.2 14 170 M M 2 1 19 170
5 86 63 75 7 0 10 0.00 0.0 0 2.6 12 120 M M 3 12 15 160
6 82 68 75 7 0 10 0.00 0.0 0 6.4 14 90 M M 1 1 19 70
7 77 71 74 6 0 9 0.07 0.0 0 8.5 14 50 M M 8 18 18 50
8 83 68 76 9 0 11 0.06 0.0 0 7.1 10 40 M M 9 1 M M
9 83 69 76 9 0 11 0.44 0.0 0 M M M M M M M M
10 77 67 72 6 0 7 T 0.0 0 M M M M M M 1 M M
11 74 66 70 4 0 5 T 0.0 0 9.6 18 20 M M 10 1 24 20
12 74 65 70 4 0 5 T 0.0 0 5.6 13 330 M M 10 1 16 310
13 77 62 70 5 0 5 0.00 0.0 0 4.6 12 20 M M 7 1 14 50
14 82 59 71 6 0 6 0.00 0.0 0 2.4 10 20 M M 1 12 13 40
15 80 62 71 6 0 6 0.00 0.0 0 2.8 10 140 M M 1 12 13 150
16 86 58 72 8 0 7 0.05 0.0 0 7.2 21 330 M M 3 1 29 340
17 70 48 59 -5 6 0 0.00 0.0 0 8.1 17 350 M M 2 23 350
18 70 43 57 -6 8 0 0.00 0.0 0 M M M M M 0 M M
19 75 46 61 -2 4 0 0.00 0.0 0 2.4 8 230 M M 0 10 230
20 81 51 66 3 0 1 0.00 0.0 0 3.3 10 240 M M 0 12 230
21 80 54 67 5 0 2 0.00 0.0 0 7.3 15 220 M M 0 23 240
22 82 64 73 11 0 8 0.07 0.0 0 6.2 17 210 M M 4 13 27 270
23 77 54 66 4 0 1 0.00 0.0 0 4.2 12 320 M M 4 12 15 290
24 78 48 63 2 2 0 0.00 0.0 0 3.6 10 100 M M 1 12 13 100
25 74 63 69 8 0 4 0.06 0.0 0 3.4 12 190 M M 5 13 16 180
26 72 51 62 2 3 0 0.72 0.0 0 9.6 30 350 M M 3 1 40 330
27 70 47 59 -1 6 0 0.00 0.0 0 6.1 16 310 M M 0 22 320
28 72 48 60 0 5 0 0.08 0.0 0 4.8 13 100 M M 4 1 17 80
29 76 54 65 6 0 0 0.25 0.0 0 9.3 26 210 M M 5 1 36 210
30 68 48 58 -1 7 0 0.00 0.0 0 4.7 14 260 M M 1 19 260
31 72 51 62 3 3 0 0.00 0.0 0 5.5 15 270 M M 2 8 18 260
================================================================================
SM 2405 1780 44 128 1.81 0.0 147.3 M 89
================================================================================
AV 77.6 57.4 5.3 FASTST M M 3 MAX(MPH)
MISC ----> 30 350 40 330
================================================================================
NOTES:
# LAST OF SEVERAL OCCURRENCES
COLUMN 17 PEAK WIND IN M.P.H.
PRELIMINARY LOCAL CLIMATOLOGICAL DATA (WS FORM: F-6) , PAGE 2
STATION: NEW BERN NC
MONTH: OCTOBER
YEAR: 2021
LATITUDE: 35 4 N
LONGITUDE: 77 3 W
[TEMPERATURE DATA] [PRECIPITATION DATA] SYMBOLS USED IN COLUMN 16
AVERAGE MONTHLY: 67.5 TOTAL FOR MONTH: 1.81 1 = FOG OR MIST
DPTR FM NORMAL: 3.3 DPTR FM NORMAL: -1.75 2 = FOG REDUCING VISIBILITY
HIGHEST: 86 ON 16, 5 GRTST 24HR 0.78 ON 25-26 TO 1/4 MILE OR LESS
LOWEST: 43 ON 18 3 = THUNDER
SNOW, ICE PELLETS, HAIL 4 = ICE PELLETS
TOTAL MONTH: 0.0 INCH 5 = HAIL
GRTST 24HR 0.0 6 = FREEZING RAIN OR DRIZZLE
GRTST DEPTH: 0 7 = DUSTSTORM OR SANDSTORM:
VSBY 1/2 MILE OR LESS
8 = SMOKE OR HAZE
[NO. OF DAYS WITH] [WEATHER - DAYS WITH] 9 = BLOWING SNOW
X = TORNADO
MAX 32 OR BELOW: 0 0.01 INCH OR MORE: 10
MAX 90 OR ABOVE: 0 0.10 INCH OR MORE: 3
MIN 32 OR BELOW: 0 0.50 INCH OR MORE: 1
MIN 0 OR BELOW: 0 1.00 INCH OR MORE: 0
[HDD (BASE 65) ]
TOTAL THIS MO. 44 CLEAR (SCALE 0-3) 19
DPTR FM NORMAL -64 PTCLDY (SCALE 4-7) 6
TOTAL FM JUL 1 44 CLOUDY (SCALE 8-10) 6
DPTR FM NORMAL -69
[CDD (BASE 65) ]
TOTAL THIS MO. 128
DPTR FM NORMAL 45 [PRESSURE DATA]
TOTAL FM JAN 1 2003 HIGHEST SLP 30.28 ON 6
DPTR FM NORMAL 123 LOWEST SLP 29.50 ON 29
[REMARKS]
#FINAL-10-21#
FORMERLY MISSING DATA 10/18 FILLED USING BACKUP COOP SITE IN PERRYTOWN, NC.