000
CXUS52 KMHX 010600
CF6EWN
PRELIMINARY LOCAL CLIMATOLOGICAL DATA (WS FORM: F-6)
STATION: NEW BERN NC
MONTH: OCTOBER
YEAR: 2023
LATITUDE: 35 4 N
LONGITUDE: 77 3 W
TEMPERATURE IN F: :PCPN: SNOW: WIND :SUNSHINE: SKY :PK WND
================================================================================
1 2 3 4 5 6A 6B 7 8 9 10 11 12 13 14 15 16 17 18
12Z AVG MX 2MIN
DY MAX MIN AVG DEP HDD CDD WTR SNW DPTH SPD SPD DIR MIN PSBL S-S WX SPD DR
================================================================================
1 80 61 71 1 0 6 0.00 0.0 0 7.2 15 30 M M 1 21 30
2 82 57 70 1 0 5 0.00 0.0 0 6.9 17 50 M M 0 21 40
3 81 62 72 3 0 7 0.00 0.0 0 8.1 17 40 M M 1 23 70
4 81 56 69 0 0 4 0.00 0.0 0 5.6 14 50 M M 2 1 17 40
5 84 65 75 7 0 10 T 0.0 0 7.6 13 70 M M 2 18 80
6 83 68 76 8 0 11 0.00 0.0 0 5.0 12 20 M M 2 14 20
7 79 56 68 0 0 3 0.01 0.0 0 7.2 20 320 M M 3 1 24 330
8 68 46 57 -10 8 0 0.00 0.0 0 5.3 16 280 M M 0 22 240
9 71 42 57 -10 8 0 0.00 0.0 0 3.6 14 180 M M 0 18 200
10 81 54 68 2 0 3 0.00 0.0 0 8.2 16 210 M M 0 22 240
11 75 59 67 1 0 2 0.00 0.0 0 3.0 9 210 M M 0 12 210
12 66 53 60 -6 5 0 0.56 0.0 0 2.2 10 30 M M 6 1 13 40
13 77 51 64 -1 1 0 0.00 0.0 0 3.5 12 90 M M 3 1 14 90
14 79 64 72 7 0 7 0.17 0.0 0 8.1 22 170 M M 9 1 32 150
15 65 49 57 -8 8 0 T 0.0 0 6.9 18 360 M M 6 25 360
16 67 45 56 -8 9 0 0.00 0.0 0 4.0 14 350 M M 4 1 26 350
17 69 44 57 -7 8 0 0.00 0.0 0 4.4 13 10 M M 4 17 350
18 71 46 59 -4 6 0 0.00 0.0 0 1.6 9 80 M M 1 14 20
19 69 45 57 -6 8 0 0.16 0.0 0 2.4 12 130 M M 8 1 16 130
20 75 56 66 3 0 1 0.01 0.0 0 5.8 16 280 M M 7 12 23 270
21 70 51 61 -1 4 0 0.00 0.0 0 10.7 22 290 M M 0 30 280
22 75 51 63 1 2 0 0.00 0.0 0 7.0 18 330 M M 0 25 320
23 67 43 55 -7 10 0 0.00 0.0 0 5.8 15 20 M M 0 20 20
24 74 39 57 -4 8 0 0.00 0.0 0 1.7 8 30 M M 1 1 12 30
25 78 49 64 3 1 0 0.00 0.0 0 2.2 9 80 M M 2 1 12 110
26 79 51 65 5 0 0 0.00 0.0 0 1.3 7 150 M M 2 11 70
27 82 50 66 6 0 1 0.00 0.0 0 2.3 9 260 M M 4 1 14 280
28 83 59 71 11 0 6 0.00 0.0 0 5.1 10 280 M M 0 14 290
29 83 59 71 12 0 6 0.00 0.0 0 6.1 14 230 M M 0 18 240
30 84 62 73 14 0 8 0.00 0.0 0 7.7 16 230 M M 0 22 220
31 66 47 57 -2 8 0 T 0.0 0 11.4 20 40 M M 9 25 20
================================================================================
SM 2344 1640 94 80 0.91 0.0 167.9 M 77
================================================================================
AV 75.6 52.9 5.4 FASTST M M 2 MAX(MPH)
MISC ----> # 22 170 32 150
================================================================================
NOTES:
# LAST OF SEVERAL OCCURRENCES
COLUMN 17 PEAK WIND IN M.P.H.
PRELIMINARY LOCAL CLIMATOLOGICAL DATA (WS FORM: F-6) , PAGE 2
STATION: NEW BERN NC
MONTH: OCTOBER
YEAR: 2023
LATITUDE: 35 4 N
LONGITUDE: 77 3 W
[TEMPERATURE DATA] [PRECIPITATION DATA] SYMBOLS USED IN COLUMN 16
AVERAGE MONTHLY: 64.3 TOTAL FOR MONTH: 0.91 1 = FOG OR MIST
DPTR FM NORMAL: 0.1 DPTR FM NORMAL: -2.65 2 = FOG REDUCING VISIBILITY
HIGHEST: 84 ON 30, 5 GRTST 24HR 0.56 ON 12-12 TO 1/4 MILE OR LESS
LOWEST: 39 ON 24 3 = THUNDER
SNOW, ICE PELLETS, HAIL 4 = ICE PELLETS
TOTAL MONTH: 0.0 INCH 5 = HAIL
GRTST 24HR 0.0 6 = FREEZING RAIN OR DRIZZLE
GRTST DEPTH: 0 7 = DUSTSTORM OR SANDSTORM:
VSBY 1/2 MILE OR LESS
8 = SMOKE OR HAZE
[NO. OF DAYS WITH] [WEATHER - DAYS WITH] 9 = BLOWING SNOW
X = TORNADO
MAX 32 OR BELOW: 0 0.01 INCH OR MORE: 5
MAX 90 OR ABOVE: 0 0.10 INCH OR MORE: 3
MIN 32 OR BELOW: 0 0.50 INCH OR MORE: 1
MIN 0 OR BELOW: 0 1.00 INCH OR MORE: 0
[HDD (BASE 65) ]
TOTAL THIS MO. 94 CLEAR (SCALE 0-3) 22
DPTR FM NORMAL -14 PTCLDY (SCALE 4-7) 7
TOTAL FM JUL 1 94 CLOUDY (SCALE 8-10) 2
DPTR FM NORMAL -19
[CDD (BASE 65) ]
TOTAL THIS MO. 80
DPTR FM NORMAL -3 [PRESSURE DATA]
TOTAL FM JAN 1 1977 HIGHEST SLP M ON M
DPTR FM NORMAL 97 LOWEST SLP 29.48 ON 14
[REMARKS]
#FINAL-10-23#