000
CXUS53 KIND 010700
CF6EYE
PRELIMINARY LOCAL CLIMATOLOGICAL DATA (WS FORM: F-6)
STATION: INDIANAPOLIS EAGLE CREEK IN
MONTH: OCTOBER
YEAR: 2020
LATITUDE: 39 49 N
LONGITUDE: 86 18 W
TEMPERATURE IN F: :PCPN: SNOW: WIND :SUNSHINE: SKY :PK WND
================================================================================
1 2 3 4 5 6A 6B 7 8 9 10 11 12 13 14 15 16 17 18
12Z AVG MX 2MIN
DY MAX MIN AVG DEP HDD CDD WTR SNW DPTH SPD SPD DIR MIN PSBL S-S WX SPD DR
================================================================================
1 64 43 54 -6 11 0 0.00 M M 9.1 25 310 M M 3 37 290
2 61 43 52 -8 13 0 0.00 M M 5.6 14 330 M M 5 22 350
3 64 45 55 -4 10 0 T M M 4.6 12 200 M M 9 19 260
4 56 42 49 -10 16 0 0.03 M M 6.6 16 360 M M 8 1 23 330
5 64 35 50 -9 15 0 0.00 M M 3.2 10 170 M M 0 16 170
6 76 43 60 2 5 0 0.00 M M 6.2 18 210 M M 0 32 200
7 83 54 69 11 0 4 0.00 M M 6.9 18 290 M M 0 26 270
8 79 46 63 6 2 0 0.00 M M 1.2 9 170 M M 0 12 180
9 83 48 66 9 0 1 0.00 M M 6.1 17 190 M M 0 28 170
10 79 60 70 13 0 5 0.00 M M 3.7 13 190 M M 3 18 20 210
11 80 58 69 13 0 4 0.00 M M 5.8 14 120 M M 4 128 21 80
12 76 50 63 7 2 0 0.10 M M 7.8 26 300 M M 7 1 35 300
13 70 42 56 0 9 0 0.00 M M 5.5 14 210 M M 0 1 22 160
14 78 46 62 7 3 0 0.00 M M 9.3 21 190 M M 0 32 210
15 69 42 56 1 9 0 0.14 M M 6.1 22 310 M M 6 1 30 320
16 57 33 45 -10 20 0 0.00 M M 5.3 16 260 M M 2 25 250
17 61 33 47 -7 18 0 0.00 M M 6.6 16 190 M M 1 25 170
18 65 49 57 3 8 0 0.07 M M 6.6 17 330 M M 9 1 27 220
19 51 45 48 -6 17 0 0.84 M M 7.2 13 50 M M 10 1 19 20
20 57 44 51 -2 14 0 1.47 M M 7.5 15 130 M M 10 13 21 140
21 64 54 59 6 6 0 1.27 M M 4.8 14 310 M M 10 13 23 230
22 80 56 68 15 0 3 0.00 M M 4.3 14 200 M M 4 12 23 220
23 78 46 62 10 3 0 0.38 M M 9.2 25 300 M M 6 138 33 300
24 53 43 48 -4 17 0 0.00 M M 9.0 20 340 M M 7 26 340
25 52 44 48 -4 17 0 T M M 7.2 15 80 M M 10 21 70
26 50 44 47 -5 18 0 0.16 M M 4.8 14 330 M M 10 1 17 320
27 47 43 45 -6 20 0 0.02 M M 2.6 8 360 M M 10 1 12 150
28 52 44 48 -3 17 0 0.12 M M 4.3 10 330 M M 10 1 15 320
29 50 44 47 -4 18 0 1.26 M M 9.9 18 360 M M 9 1 28 350
30 49 34 42 -8 23 0 0.00 M M 8.2 20 320 M M 3 28 310
31 58 30 44 -6 21 0 0.00 M M 4.6 14 190 M M 0 21 180
================================================================================
SM 2006 1383 332 17 5.86 M 189.8 M 156
================================================================================
AV 64.7 44.6 6.1 FASTST M M 5 MAX(MPH)
MISC ----> 26 300 37 290
================================================================================
NOTES:
# LAST OF SEVERAL OCCURRENCES
COLUMN 17 PEAK WIND IN M.P.H.
PRELIMINARY LOCAL CLIMATOLOGICAL DATA (WS FORM: F-6) , PAGE 2
STATION: INDIANAPOLIS EAGLE CREEK IN
MONTH: OCTOBER
YEAR: 2020
LATITUDE: 39 49 N
LONGITUDE: 86 18 W
[TEMPERATURE DATA] [PRECIPITATION DATA] SYMBOLS USED IN COLUMN 16
AVERAGE MONTHLY: 54.7 TOTAL FOR MONTH: 5.86 1 = FOG OR MIST
DPTR FM NORMAL: -0.1 DPTR FM NORMAL: 2.75 2 = FOG REDUCING VISIBILITY
HIGHEST: 83 ON 9, 7 GRTST 24HR 2.69 ON 20-21 TO 1/4 MILE OR LESS
LOWEST: 30 ON 31 3 = THUNDER
SNOW, ICE PELLETS, HAIL 4 = ICE PELLETS
TOTAL MONTH: M 5 = HAIL
GRTST 24HR M ON M 6 = FREEZING RAIN OR DRIZZLE
GRTST DEPTH: M ON M 7 = DUSTSTORM OR SANDSTORM:
VSBY 1/2 MILE OR LESS
8 = SMOKE OR HAZE
[NO. OF DAYS WITH] [WEATHER - DAYS WITH] 9 = BLOWING SNOW
X = TORNADO
MAX 32 OR BELOW: 0 0.01 INCH OR MORE: 12
MAX 90 OR ABOVE: 0 0.10 INCH OR MORE: 9
MIN 32 OR BELOW: 1 0.50 INCH OR MORE: 4
MIN 0 OR BELOW: 0 1.00 INCH OR MORE: 3
[HDD (BASE 65) ]
TOTAL THIS MO. 332 CLEAR (SCALE 0-3) 12
DPTR FM NORMAL 1 PTCLDY (SCALE 4-7) 9
TOTAL FM JUL 1 376 CLOUDY (SCALE 8-10) 10
DPTR FM NORMAL -15
[CDD (BASE 65) ]
TOTAL THIS MO. 17
DPTR FM NORMAL 2 [PRESSURE DATA]
TOTAL FM JAN 1 1184 HIGHEST SLP M ON M
DPTR FM NORMAL 126 LOWEST SLP 29.68 ON 14
[REMARKS]
#FINAL-10-20#