000
CXAK56 PAFG 011300
CF6FAI
PRELIMINARY LOCAL CLIMATOLOGICAL DATA (WS FORM: F-6)
STATION: FAIRBANKS AK
MONTH: JANUARY
YEAR: 2024
LATITUDE: 64 49 N
LONGITUDE: 147 52 W
TEMPERATURE IN F: :PCPN: SNOW: WIND :SUNSHINE: SKY :PK WND
================================================================================
1 2 3 4 5 6A 6B 7 8 9 10 11 12 13 14 15 16 17 18
12Z AVG MX 2MIN
DY MAX MIN AVG DEP HDD CDD WTR SNW DPTH SPD SPD DIR MIN PSBL S-S WX SPD DR
================================================================================
1 -3 -19 -11 -3 76 0 0.00 0.0 19 1.1 10 30 M M 3 13 30
2 -6 -16 -11 -3 76 0 0.00 0.0 18 3.9 9 30 M M 2 10 30
3 0 -17 -8 1 73 0 0.00 0.0 18 8.4 13 20 M M 2 8 14 30
4 10 0 5 14 60 0 T 0.2 18 11.3 20 30 M M 8 1 24 30
5 4 -15 -5 4 70 0 0.00 0.0 18 5.8 12 40 M M 3 14 20
6 -6 -20 -13 -4 78 0 0.00 0.0 18 2.3 12 40 M M 2 14 40
7 18 -10 4 13 61 0 T 0.0 18 1.9 8 40 M M 8 14 40
8 20 5 13 22 52 0 0.04 1.1 18 2.4 8 190 M M 9 1 9 200
9 9 -16 -3 6 68 0 T 0.8 19 1.1 6 60 M M 9 1 7 40
10 4 -20 -8 2 73 0 T T 19 5.3 10 30 M M 6 1 13 40
11 -1 -23 -12 -2 77 0 0.00 0.0 19 3.0 8 30 M M 2 11 30
12 -6 -15 -10 0 75 0 0.00 0.0 19 0.6 6 40 M M 4 8 6 40
13 -2 -21 -11 -1 76 0 0.00 0.0 19 2.1 8 30 M M 4 8 40
14 8 -2 3 13 62 0 0.15 4.5 19 2.9 8 70 M M 10 1 11 60
15 18 -1 9 18 56 0 0.15 1.4 23 2.9 7 40 M M 10 1 8 10
16 30 6 18 27 47 0 0.09 1.8 23 4.3 21 260 M M 9 1 28 270
17 21 -11 5 14 60 0 T T 25 2.5 14 270 M M 6 1 17 270
18 2 -17 -7 2 72 0 0.00 0.0 24 1.0 6 40 M M 5 6 40
19 4 -19 -7 2 72 0 0.00 0.0 23 0.1 6 20 M M 3 6 20
20 1 -25 -12 -3 77 0 0.00 0.0 23 6.6 24 20 M M 2 29 30
21 -10 -34 -22 -14 87 0 0.00 0.0 23 3.2 9 20 M M 0 M M
22 -25 -40 -32 -24 97 0 0.00 0.0 22 0.6 7 20 M M 0 M M
23 -24 -36 -30 -22 95 0 0.00 0.0 22 0.6 5 200 M M 2 1 6 200
24 -17 -37 -27 -19 92 0 0.01 0.1 22 0.5 5 40 M M 5 1 M M
25 -22 -40 -31 -24 96 0 T T 22 0.5 5 40 M M 2 1 5 50
26 -26 -42 -34 -27 99 0 T T 22 0.8 6 40 M M 7 1 7 330
27 -30 -42 -36 -29 101 0 T T 22 0.3 6 40 M M 8 18 7 340
28 -27 -43 -35 -29 100 0 0.05 0.6 22 0.5 5 200 M M 9 1 7 200
29 -18 -27 -22 -16 87 0 T 0.3 22 1.0 5 180 M M 10 1 7 210
30 -14 -33 -23 -17 88 0 T T 22 1.6 6 40 M M 8 1 10 210
31 -23 -45 -34 -29 99 0 T T 22 0.9 5 40 M M 2 1 5 30
================================================================================
SM -111 -675 2402 0 0.49 10.8 80.0 M 160
================================================================================
AV -3.6-21.8 2.6 FASTST M M 5 MAX(MPH)
MISC ----> 24 20 29 30
================================================================================
NOTES:
# LAST OF SEVERAL OCCURRENCES
COLUMN 17 PEAK WIND IN M.P.H.
PRELIMINARY LOCAL CLIMATOLOGICAL DATA (WS FORM: F-6) , PAGE 2
STATION: FAIRBANKS AK
MONTH: JANUARY
YEAR: 2024
LATITUDE: 64 49 N
LONGITUDE: 147 52 W
[TEMPERATURE DATA] [PRECIPITATION DATA] SYMBOLS USED IN COLUMN 16
AVERAGE MONTHLY:-12.7 TOTAL FOR MONTH: 0.49 1 = FOG OR MIST
DPTR FM NORMAL: -4.4 DPTR FM NORMAL: -0.12 2 = FOG REDUCING VISIBILITY
HIGHEST: 30 ON 16 GRTST 24HR 0.22 ON 13-13 TO 1/4 MILE OR LESS
LOWEST: -45 ON 31 3 = THUNDER
SNOW, ICE PELLETS, HAIL 4 = ICE PELLETS
TOTAL MONTH: 10.8 INCHES 5 = HAIL
GRTST 24HR 4.5 ON 14-14 6 = FREEZING RAIN OR DRIZZLE
GRTST DEPTH: 25 ON 17 7 = DUSTSTORM OR SANDSTORM:
VSBY 1/2 MILE OR LESS
8 = SMOKE OR HAZE
[NO. OF DAYS WITH] [WEATHER - DAYS WITH] 9 = BLOWING SNOW
X = TORNADO
MAX 32 OR BELOW: 31 0.01 INCH OR MORE: 6
MAX 90 OR ABOVE: 0 0.10 INCH OR MORE: 2
MIN 32 OR BELOW: 31 0.50 INCH OR MORE: 0
MIN 0 OR BELOW: 29 1.00 INCH OR MORE: 0
[HDD (BASE 65) ]
TOTAL THIS MO. 2402 CLEAR (SCALE 0-3) 11
DPTR FM NORMAL 130 PTCLDY (SCALE 4-7) 13
TOTAL FM JUL 1 7933 CLOUDY (SCALE 8-10) 7
DPTR FM NORMAL -444
[CDD (BASE 65) ]
TOTAL THIS MO. 0
DPTR FM NORMAL 0 [PRESSURE DATA]
TOTAL FM JAN 1 0 HIGHEST SLP 30.88 ON 17
DPTR FM NORMAL 0 LOWEST SLP 28.98 ON 29
[REMARKS]
#FINAL-01-24#