000
CXAK56 PAFG 020224
CF6FAI
PRELIMINARY LOCAL CLIMATOLOGICAL DATA (WS FORM: F-6)
STATION: FAIRBANKS AK
MONTH: AUGUST
YEAR: 2020
LATITUDE: 64 49 N
LONGITUDE: 147 52 W
TEMPERATURE IN F: :PCPN: SNOW: WIND :SUNSHINE: SKY :PK WND
================================================================================
1 2 3 4 5 6A 6B 7 8 9 10 11 12 13 14 15 16 17 18
12Z AVG MX 2MIN
DY MAX MIN AVG DEP HDD CDD WTR SNW DPTH SPD SPD DIR MIN PSBL S-S WX SPD DR
================================================================================
1 79 56 68 8 0 3 0.12 0.0 0 2.6 28 130 M M 8 13 37 140
2 69 56 63 3 2 0 0.36 0.0 0 6.3 14 250 M M 7 1 22 230
3 65 54 60 0 5 0 0.74 0.0 0 4.7 14 210 M M 9 1 22 210
4 68 55 62 3 3 0 0.01 0.0 0 2.9 8 340 M M 8 10 310
5 73 51 62 3 3 0 0.00 0.0 0 3.2 9 100 M M 6 12 12 90
6 74 51 63 4 2 0 T 0.0 0 2.8 21 150 M M 4 28 150
7 71 50 61 2 4 0 T 0.0 0 5.2 13 280 M M 6 16 260
8 68 51 60 2 5 0 T 0.0 0 4.1 20 280 M M 7 24 290
9 68 47 58 0 7 0 0.03 0.0 0 4.2 14 260 M M 6 13 17 270
10 64 53 59 1 6 0 0.02 0.0 0 6.4 15 280 M M 8 18 280
11 64 50 57 -1 8 0 0.02 0.0 0 3.0 13 360 M M 7 14 360
12 66 48 57 0 8 0 0.28 0.0 0 3.1 23 50 M M 8 13 26 50
13 71 48 60 3 5 0 0.00 0.0 0 2.4 15 90 M M 8 12 20 70
14 73 44 59 2 6 0 0.00 0.0 0 3.4 14 350 M M 6 17 360
15 72 52 62 5 3 0 T 0.0 0 5.1 16 30 M M 6 20 30
16 73 49 61 5 4 0 0.00 0.0 0 5.6 14 40 M M 2 17 30
17 72 47 60 4 5 0 0.00 0.0 0 5.0 14 90 M M 2 17 100
18 76 47 62 6 3 0 0.00 0.0 0 2.9 8 30 M M 4 10 130
19 75 50 63 7 2 0 0.00 0.0 0 3.5 10 30 M M 8 12 30
20 73 50 62 7 3 0 0.02 0.0 0 2.3 21 120 M M 8 3 31 120
21 73 49 61 6 4 0 0.01 0.0 0 2.2 12 100 M M 8 12 14 100
22 76 53 65 10 0 0 0.00 0.0 0 3.8 12 100 M M 6 15 130
23 72 50 61 7 4 0 0.16 0.0 0 2.5 16 320 M M 7 3 22 300
24 63 53 58 4 7 0 0.01 0.0 0 3.0 8 350 M M 8 10 280
25 65 50 58 4 7 0 0.29 0.0 0 1.6 16 10 M M 8 1 18 10
26 60 50 55 2 10 0 0.02 0.0 0 1.8 7 200 M M 9 12 8 200
27 68 45 57 4 8 0 0.01 0.0 0 4.2 21 40 M M 8 24 40
28 62 49 56 3 9 0 0.02 0.0 0 1.8 10 70 M M 8 13 12 80
29 67 45 56 4 9 0 0.00 0.0 0 4.0 9 80 M M 8 12 14 90
30 68 44 56 4 9 0 T 0.0 0 6.2 18 90 M M 6 29 90
31 67 51 59 7 6 0 T 0.0 0 3.3 12 50 M M 7 16 70
================================================================================
SM 2155 1548 157 3 2.12 0.0 113.1 M 211
================================================================================
AV 69.5 49.9 3.6 FASTST M M 7 MAX(MPH)
MISC ----> # 28 130 # 37 140
================================================================================
NOTES:
# LAST OF SEVERAL OCCURRENCES
COLUMN 17 PEAK WIND IN M.P.H.
PRELIMINARY LOCAL CLIMATOLOGICAL DATA (WS FORM: F-6) , PAGE 2
STATION: FAIRBANKS AK
MONTH: AUGUST
YEAR: 2020
LATITUDE: 64 49 N
LONGITUDE: 147 52 W
[TEMPERATURE DATA] [PRECIPITATION DATA] SYMBOLS USED IN COLUMN 16
AVERAGE MONTHLY: 59.7 TOTAL FOR MONTH: 2.12 1 = FOG OR MIST
DPTR FM NORMAL: 3.6 DPTR FM NORMAL: 0.24 2 = FOG REDUCING VISIBILITY
HIGHEST: 79 ON 1 GRTST 24HR 0.74 ON 3- 3 TO 1/4 MILE OR LESS
LOWEST: 44 ON 30,14 3 = THUNDER
SNOW, ICE PELLETS, HAIL 4 = ICE PELLETS
TOTAL MONTH: 0.0 INCH 5 = HAIL
GRTST 24HR 0.0 6 = FREEZING RAIN OR DRIZZLE
GRTST DEPTH: 0 7 = DUSTSTORM OR SANDSTORM:
VSBY 1/2 MILE OR LESS
8 = SMOKE OR HAZE
[NO. OF DAYS WITH] [WEATHER - DAYS WITH] 9 = BLOWING SNOW
X = TORNADO
MAX 32 OR BELOW: 0 0.01 INCH OR MORE: 16
MAX 90 OR ABOVE: 0 0.10 INCH OR MORE: 6
MIN 32 OR BELOW: 0 0.50 INCH OR MORE: 1
MIN 0 OR BELOW: 0 1.00 INCH OR MORE: 0
[HDD (BASE 65) ]
TOTAL THIS MO. 157 CLEAR (SCALE 0-3) 2
DPTR FM NORMAL -124 PTCLDY (SCALE 4-7) 24
TOTAL FM JUL 1 276 CLOUDY (SCALE 8-10) 5
DPTR FM NORMAL -113
[CDD (BASE 65) ]
TOTAL THIS MO. 3
DPTR FM NORMAL -3 [PRESSURE DATA]
TOTAL FM JAN 1 13 HIGHEST SLP 30.05 ON 13
DPTR FM NORMAL -48 LOWEST SLP 28.98 ON 31
[REMARKS]
#FINAL-08-20#