000
CXUS52 KRAH 010845
CF6FAY
PRELIMINARY LOCAL CLIMATOLOGICAL DATA (WS FORM: F-6)
STATION: FAYETTEVILLE NC
MONTH: AUGUST
YEAR: 2021
LATITUDE: 35 0 N
LONGITUDE: 78 53 W
TEMPERATURE IN F: :PCPN: SNOW: WIND :SUNSHINE: SKY :PK WND
================================================================================
1 2 3 4 5 6A 6B 7 8 9 10 11 12 13 14 15 16 17 18
12Z AVG MX 2MIN
DY MAX MIN AVG DEP HDD CDD WTR SNW DPTH SPD SPD DIR MIN PSBL S-S WX SPD DR
================================================================================
1 97 74 86 5 0 21 0.09 M M 5.9 28 210 M M 3 13 37 220
2 88 71 80 -1 0 15 0.00 M M 6.9 14 20 M M 3 1 24 50
3 75 68 72 -9 0 7 0.16 M M 9.2 14 60 M M 9 1 22 50
4 79 68 74 -7 0 9 0.01 M M 9.6 17 20 M M 10 18 23 10
5 86 68 77 -4 0 12 0.00 M M 6.1 14 10 M M 4 18 360
6 86 69 78 -3 0 13 0.13 M M 5.6 13 120 M M 8 13 17 110
7 86 72 79 -2 0 14 0.26 M M 5.5 14 230 M M 8 123 17 230
8 90 68 79 -2 0 14 0.07 M M 3.2 10 160 M M 4 12 13 130
9 92 71 82 1 0 17 0.00 M M 5.3 13 160 M M 2 12 17 170
10 90 72 81 1 0 16 0.75 M M 4.7 18 270 M M 2 123 22 260
11 94 75 85 5 0 20 0.00 M M 7.5 14 200 M M 1 1 18 190
12 95 76 86 6 0 21 0.00 M M 7.8 13 210 M M 1 1 18 220
13 95 75 85 5 0 20 0.00 M M 8.3 14 180 M M 1 3 19 180
14 94 75 85 5 0 20 0.00 M M 6.8 14 170 M M 1 19 180
15 93 73 83 3 0 18 0.02 M M 4.3 24 170 M M 1 13 30 150
16 92 72 82 2 0 17 T M M 4.0 21 140 M M 3 128 25 140
17 84 73 79 -1 0 14 0.21 M M 8.1 26 150 M M 4 13 37 150
18 92 78 85 5 0 20 0.02 M M 9.2 17 210 M M 6 13 21 220
19 96 74 85 5 0 20 0.22 M M 5.1 16 250 M M 6 13 22 240
20 90 73 82 3 0 17 T M M 3.5 14 10 M M 3 3 18 360
21 90 70 80 1 0 15 0.00 M M 5.5 15 200 M M 4 12 19 300
22 91 72 82 3 0 17 0.18 M M 3.1 15 180 M M 3 17 170
23 91 73 82 3 0 17 0.00 M M 3.7 14 310 M M 5 138 17 310
24 95 72 84 5 0 19 0.00 M M 3.5 14 130 M M 2 1 18 130
25 94 72 83 4 0 18 0.05 M M 3.3 16 200 M M 1 3 19 140
26 94 72 83 4 0 18 0.00 M M 5.8 14 180 M M 1 1 20 160
27 94 68 81 3 0 16 0.00 M M 4.5 13 240 M M 2 1 17 220
28 96 74 85 7 0 20 0.00 M M 5.6 12 180 M M 1 1 16 160
29 97 72 85 7 0 20 0.00 M M 6.0 13 270 M M 1 17 180
30 97 71 84 6 0 19 0.00 M M 7.5 16 220 M M 0 24 210
31 95 72 84 6 0 19 0.00 M M 8.9 17 180 M M 0 27 170
================================================================================
SM 2828 2233 0 523 2.17 M 184.0 M 100
================================================================================
AV 91.2 72.0 5.9 FASTST M M 3 MAX(MPH)
MISC ----> 28 210 # 37 220
================================================================================
NOTES:
# LAST OF SEVERAL OCCURRENCES
COLUMN 17 PEAK WIND IN M.P.H.
PRELIMINARY LOCAL CLIMATOLOGICAL DATA (WS FORM: F-6) , PAGE 2
STATION: FAYETTEVILLE NC
MONTH: AUGUST
YEAR: 2021
LATITUDE: 35 0 N
LONGITUDE: 78 53 W
[TEMPERATURE DATA] [PRECIPITATION DATA] SYMBOLS USED IN COLUMN 16
AVERAGE MONTHLY: 81.6 TOTAL FOR MONTH: 2.17 1 = FOG OR MIST
DPTR FM NORMAL: 1.8 DPTR FM NORMAL: -3.19 2 = FOG REDUCING VISIBILITY
HIGHEST: 97 ON 30,29 GRTST 24HR 0.75 ON 10-10 TO 1/4 MILE OR LESS
LOWEST: 68 ON 27, 8 3 = THUNDER
SNOW, ICE PELLETS, HAIL 4 = ICE PELLETS
TOTAL MONTH: M 5 = HAIL
GRTST 24HR M ON M 6 = FREEZING RAIN OR DRIZZLE
GRTST DEPTH: M ON M 7 = DUSTSTORM OR SANDSTORM:
VSBY 1/2 MILE OR LESS
8 = SMOKE OR HAZE
[NO. OF DAYS WITH] [WEATHER - DAYS WITH] 9 = BLOWING SNOW
X = TORNADO
MAX 32 OR BELOW: 0 0.01 INCH OR MORE: 13
MAX 90 OR ABOVE: 24 0.10 INCH OR MORE: 7
MIN 32 OR BELOW: 0 0.50 INCH OR MORE: 1
MIN 0 OR BELOW: 0 1.00 INCH OR MORE: 0
[HDD (BASE 65) ]
TOTAL THIS MO. 0 CLEAR (SCALE 0-3) 19
DPTR FM NORMAL 0 PTCLDY (SCALE 4-7) 9
TOTAL FM JUL 1 0 CLOUDY (SCALE 8-10) 3
DPTR FM NORMAL 0
[CDD (BASE 65) ]
TOTAL THIS MO. 523
DPTR FM NORMAL 66 [PRESSURE DATA]
TOTAL FM JAN 1 1699 HIGHEST SLP 30.20 ON 28
DPTR FM NORMAL 26 LOWEST SLP 29.75 ON 1
[REMARKS]
#FINAL-08-21#