000
CXUS56 KFGZ 021601
CF6FLG
PRELIMINARY LOCAL CLIMATOLOGICAL DATA (WS FORM: F-6)
STATION: FLAGSTAFF AZ AIRPORT
MONTH: FEBRUARY
YEAR: 2020
LATITUDE: 35 7 N
LONGITUDE: 111 40 W
TEMPERATURE IN F: :PCPN: SNOW: WIND :SUNSHINE: SKY :PK WND
================================================================================
1 2 3 4 5 6A 6B 7 8 9 10 11 12 13 14 15 16 17 18
12Z AVG MX 2MIN
DY MAX MIN AVG DEP HDD CDD WTR SNW DPTH SPD SPD DIR MIN PSBL S-S WX SPD DR
================================================================================
1 57 24 41 10 24 0 0.00 0.0 0 6.7 16 70 M M 0 22 70
2 52 20 36 5 29 0 0.00 0.0 0 13.8 32 220 M M 0 43 220
3 38 12 25 -6 40 0 0.00 0.0 0 19.6 40 220 M M 2 53 220
4 26 3 15 -16 50 0 0.00 0.0 0 12.5 24 40 M M 0 32 50
5 35 12 24 -7 41 0 0.00 0.0 0 6.8 21 80 M M 0 27 80
6 48 17 33 2 32 0 0.00 0.0 0 7.1 18 260 M M 0 27 270
7 59 28 44 13 21 0 0.00 0.0 0 6.2 13 260 M M 0 19 280
8 55 24 40 9 25 0 0.00 0.0 0 10.5 25 220 M M 0 30 220
9 46 25 36 5 29 0 0.00 0.0 0 9.3 28 220 M M 1 37 200
10 44 29 37 6 28 0 0.01 0.4 0 5.0 22 50 M M 8 1 35 60
11 34 20 27 -4 38 0 T T 0 15.6 32 50 M M 6 41 40
12 48 11 30 -2 35 0 0.00 0.0 0 3.7 16 260 M M 0 24 240
13 52 12 32 0 33 0 0.00 0.0 0 3.0 18 220 M M 0 8 21 220
14 48 16 32 0 33 0 0.00 0.0 0 4.7 18 200 M M 0 23 220
15 52 20 36 4 29 0 0.00 0.0 0 6.5 16 220 M M 0 22 230
16 59 23 41 9 24 0 0.00 0.0 0 7.6 22 240 M M 0 30 250
17 54 24 39 7 26 0 0.00 0.0 0 3.0 13 260 M M 3 18 260
18 51 17 34 2 31 0 0.00 0.0 0 4.1 14 200 M M 0 19 210
19 53 24 39 7 26 0 0.00 0.0 0 5.3 22 230 M M 0 28 220
20 50 19 35 2 30 0 0.00 0.0 0 6.4 16 90 M M 0 23 70
21 58 22 40 7 25 0 0.00 0.0 0 2.6 16 220 M M 1 23 200
22 43 32 38 5 27 0 0.58 0.0 0 6.9 36 220 M M 8 1 46 220
23 42 26 34 1 31 0 0.14 2.6 3 7.4 17 240 M M 6 1 23 260
24 49 26 38 5 27 0 0.00 0.0 0 6.4 17 330 M M 0 29 340
25 34 22 28 -6 37 0 0.00 0.0 0 16.8 38 40 M M 0 53 30
26 45 20 33 -1 32 0 0.00 0.0 0 7.7 23 80 M M 0 29 80
27 52 15 34 0 31 0 0.00 0.0 0 4.2 18 80 M M 0 22 40
28 53 18 36 2 29 0 0.00 0.0 0 3.2 13 80 M M 0 17 80
29 54 22 38 4 27 0 0.00 0.0 0 7.4 22 220 M M 0 27 220
================================================================================
SM 1391 583 890 0 0.73 3.0 220.0 M 35
================================================================================
AV 48.0 20.1 7.6 FASTST M M 1 MAX(MPH)
MISC ----> # 40 220 # 53 220
================================================================================
NOTES:
# LAST OF SEVERAL OCCURRENCES
COLUMN 17 PEAK WIND IN M.P.H.
PRELIMINARY LOCAL CLIMATOLOGICAL DATA (WS FORM: F-6) , PAGE 2
STATION: FLAGSTAFF AZ AIRPORT
MONTH: FEBRUARY
YEAR: 2020
LATITUDE: 35 7 N
LONGITUDE: 111 40 W
[TEMPERATURE DATA] [PRECIPITATION DATA] SYMBOLS USED IN COLUMN 16
AVERAGE MONTHLY: 34.0 TOTAL FOR MONTH: 0.73 1 = FOG OR MIST
DPTR FM NORMAL: 1.9 DPTR FM NORMAL: -1.43 2 = FOG REDUCING VISIBILITY
HIGHEST: 59 ON 16, 7 GRTST 24HR 0.58 ON 22-22 TO 1/4 MILE OR LESS
LOWEST: 3 ON 4 3 = THUNDER
SNOW, ICE PELLETS, HAIL 4 = ICE PELLETS
TOTAL MONTH: 3.0 INCHES 5 = HAIL
GRTST 24HR 2.6 ON 23-23 6 = FREEZING RAIN OR DRIZZLE
GRTST DEPTH: 3 ON 23 7 = DUSTSTORM OR SANDSTORM:
VSBY 1/2 MILE OR LESS
8 = SMOKE OR HAZE
[NO. OF DAYS WITH] [WEATHER - DAYS WITH] 9 = BLOWING SNOW
X = TORNADO
MAX 32 OR BELOW: 1 0.01 INCH OR MORE: 3
MAX 90 OR ABOVE: 0 0.10 INCH OR MORE: 2
MIN 32 OR BELOW: 29 0.50 INCH OR MORE: 1
MIN 0 OR BELOW: 0 1.00 INCH OR MORE: 0
[HDD (BASE 65) ]
TOTAL THIS MO. 890 CLEAR (SCALE 0-3) 25
DPTR FM NORMAL -33 PTCLDY (SCALE 4-7) 3
TOTAL FM JUL 1 4682 CLOUDY (SCALE 8-10) 1
DPTR FM NORMAL -188
[CDD (BASE 65) ]
TOTAL THIS MO. 0
DPTR FM NORMAL 0 [PRESSURE DATA]
TOTAL FM JAN 1 0 HIGHEST SLP 30.47 ON 26
DPTR FM NORMAL 0 LOWEST SLP 29.45 ON 3
[REMARKS]
#FINAL-02-20#