000
CXUS55 KFGZ 051156
CLMFLG
CLIMATE REPORT
NATIONAL WEATHER SERVICE FLAGSTAFF AZ
456 AM MST SAT AUG 05 2023
...................................
...THE FLAGSTAFF AZ AIRPORT CLIMATE SUMMARY FOR THE MONTH OF JULY 2023...
CLIMATE NORMAL PERIOD 1991 TO 2020
CLIMATE RECORD PERIOD 1898 TO 2023
WEATHER OBSERVED NORMAL DEPART LAST YEAR`S
VALUE DATE(S) VALUE FROM VALUE DATE(S)
NORMAL
................................................................
TEMPERATURE (F)
RECORD
HIGH 97 07/05/1973
LOW 32 07/08/1955
07/07/1955
07/05/1955
HIGHEST 96 07/16 89 07/22
LOWEST 44 07/01 43 07/07
AVG. MAXIMUM 88.9 82.0 6.9 80.9
AVG. MINIMUM 53.9 51.4 2.5 54.2
MEAN 71.4 66.7 4.7 67.5
DAYS MAX >= 90 14 1.8 12.2 0
DAYS MAX <= 32 0 0.0 0.0 0
DAYS MIN <= 32 0 0.0 0.0 0
DAYS MIN <= 0 0 0.0 0.0 0
PRECIPITATION (INCHES)
RECORD
MAXIMUM 7.58 2013
MINIMUM T 1993
TOTALS 0.71 2.61 -1.90 2.94
DAILY AVG. 0.02 0.08 -0.06 0.09
DAYS >= .01 5 12.0 -7.0 16
DAYS >= .10 3 6.0 -3.0 10
DAYS >= .50 0 1.5 -1.5 1
DAYS >= 1.00 0 0.4 -0.4 0
GREATEST
24 HR. TOTAL 0.36 07/30 TO 07/30 0.60
SNOWFALL (INCHES)
RECORDS
TOTAL 0.0 2022
TOTALS 0.0 0.0 0.0
SINCE 7/1 0.0 0.0 0.0 0.0
SNOWDEPTH AVG. 0 0
GREATEST
SNOW DEPTH 0 0
24 HR TOTAL 0.0 0.0
DEGREE DAYS
HEATING TOTAL 0 23 -23 18
SINCE 7/1 0 23 -23 MM
COOLING TOTAL 206 76 130 106
SINCE 1/1 208 99 109 MM
................................................................
WIND (MPH)
AVERAGE WIND SPEED 6.1
HIGHEST WIND SPEED/DIRECTION 37/210 DATE 07/21
HIGHEST GUST SPEED/DIRECTION 48/210 DATE 07/21
SKY COVER
POSSIBLE SUNSHINE (PERCENT) MM
AVERAGE SKY COVER 0.09
NUMBER OF DAYS FAIR 30
NUMBER OF DAYS PC 1
NUMBER OF DAYS CLOUDY 0
AVERAGE RH (PERCENT) 37
WEATHER CONDITIONS. NUMBER OF DAYS WITH
THUNDERSTORM 11 MIXED PRECIP 0
HEAVY RAIN 1 RAIN 1
LIGHT RAIN 7 FREEZING RAIN 0
LT FREEZING RAIN 0 HAIL 0
HEAVY SNOW 0 SNOW 0
LIGHT SNOW 0 SLEET 0
FOG 2 FOG W/VIS <= 1/4 MILE 0
HAZE 2
- INDICATES NEGATIVE NUMBERS.
R INDICATES RECORD WAS SET OR TIED.
MM INDICATES DATA IS MISSING.
T INDICATES TRACE AMOUNT.
$$