000
CXUS52 KILM 011000
CF6FLO
PRELIMINARY LOCAL CLIMATOLOGICAL DATA (WS FORM: F-6)
STATION: FLORENCE SOUTH CAROLINA
MONTH: JULY
YEAR: 2023
LATITUDE: 34 10 N
LONGITUDE: 79 43 W
TEMPERATURE IN F: :PCPN: SNOW: WIND :SUNSHINE: SKY :PK WND
================================================================================
1 2 3 4 5 6A 6B 7 8 9 10 11 12 13 14 15 16 17 18
12Z AVG MX 2MIN
DY MAX MIN AVG DEP HDD CDD WTR SNW DPTH SPD SPD DIR MIN PSBL S-S WX SPD DR
================================================================================
1 92 74 83 1 0 18 0.00 M M 5.6 20 80 M M 5 18 23 80
2 95 73 84 2 0 19 0.00 M M 7.0 14 230 M M 1 1 19 220
3 93 76 85 3 0 20 0.00 M M 7.4 16 240 M M 0 20 230
4 97 75 86 4 0 21 0.09 M M 6.2 15 10 M M 2 13 23 40
5 94 74 84 2 0 19 0.35 M M 4.6 25 130 M M 3 138 30 140
6 90 74 82 0 0 17 T M M 4.9 10 250 M M 6 1 14 250
7 94 74 84 2 0 19 0.32 M M 3.7 21 320 M M 2 13 27 330
8 91 73 82 0 0 17 0.04 M M 3.1 20 50 M M 2 3 24 60
9 92 71 82 0 0 17 0.02 M M 5.8 22 240 M M 4 12 27 240
10 80 69 75 -7 0 10 0.16 M M 3.0 8 360 M M 4 1 10 10
11 92 68 80 -2 0 15 T M M 4.3 10 250 M M 2 1 13 220
12 92 74 83 1 0 18 0.00 M M 6.8 22 210 M M 4 13 29 210
13 95 74 85 3 0 20 0.00 M M 6.2 15 240 M M 2 1 20 170
14 96 73 85 3 0 20 1.60 M M 8.9 25 80 M M 6 13 33 80
15 88 72 80 -2 0 15 0.42 M M 5.4 16 340 M M 5 1238 19 330
16 93 76 85 3 0 20 0.07 M M 6.6 17 30 M M 5 3 24 40
17 92 73 83 1 0 18 0.00 M M 3.9 10 50 M M 0 18 14 40
18 94 73 84 2 0 19 0.00 M M 3.8 10 190 M M 0 18 12 170
19 95 78 87 5 0 22 0.00 M M 7.9 18 230 M M 1 18 27 240
20 95 73 84 2 0 19 0.32 M M 5.4 22 350 M M 2 138 27 350
21 94 73 84 2 0 19 T M M 8.9 17 230 M M 1 8 23 220
22 91 74 83 1 0 18 0.00 M M 5.5 13 330 M M 1 17 320
23 91 70 81 -1 0 16 3.77 M M 5.6 29 30 M M 4 1238 37 40
24 90 70 80 -2 0 15 0.00 M M 2.6 9 310 M M 5 12 290
25 94 73 84 2 0 19 0.00 M M 2.9 9 360 M M 1 1 12 10
26 94 73 84 2 0 19 0.00 M M 3.1 16 150 M M 0 3 19 140
27 93 71 82 0 0 17 0.00 M M 3.6 14 170 M M 1 18 20 170
28 89 75 82 0 0 17 0.05 M M 3.5 16 220 M M 2 13 20 220
29 87 74 81 -1 0 16 T M M 4.8 16 190 M M 3 21 180
30 94 73 84 2 0 19 0.23 M M 4.7 20 320 M M 3 13 27 310
31 89 69 79 -3 0 14 1.36 M M 4.3 28 20 M M 5 123 32 30
================================================================================
SM 2856 2262 0 552 8.80 M 160.0 M 82
================================================================================
AV 92.1 73.0 5.2 FASTST M M 3 MAX(MPH)
MISC ----> 29 30 37 40
================================================================================
NOTES:
# LAST OF SEVERAL OCCURRENCES
COLUMN 17 PEAK WIND IN M.P.H.
PRELIMINARY LOCAL CLIMATOLOGICAL DATA (WS FORM: F-6) , PAGE 2
STATION: FLORENCE SOUTH CAROLINA
MONTH: JULY
YEAR: 2023
LATITUDE: 34 10 N
LONGITUDE: 79 43 W
[TEMPERATURE DATA] [PRECIPITATION DATA] SYMBOLS USED IN COLUMN 16
AVERAGE MONTHLY: 82.5 TOTAL FOR MONTH: 8.80 1 = FOG OR MIST
DPTR FM NORMAL: 0.3 DPTR FM NORMAL: 3.00 2 = FOG REDUCING VISIBILITY
HIGHEST: 97 ON 4 GRTST 24HR 3.77 ON 23-24 TO 1/4 MILE OR LESS
LOWEST: 68 ON 11 3 = THUNDER
SNOW, ICE PELLETS, HAIL 4 = ICE PELLETS
TOTAL MONTH: M 5 = HAIL
GRTST 24HR M ON M 6 = FREEZING RAIN OR DRIZZLE
GRTST DEPTH: M ON M 7 = DUSTSTORM OR SANDSTORM:
VSBY 1/2 MILE OR LESS
8 = SMOKE OR HAZE
[NO. OF DAYS WITH] [WEATHER - DAYS WITH] 9 = BLOWING SNOW
X = TORNADO
MAX 32 OR BELOW: 0 0.01 INCH OR MORE: 14
MAX 90 OR ABOVE: 26 0.10 INCH OR MORE: 9
MIN 32 OR BELOW: 0 0.50 INCH OR MORE: 3
MIN 0 OR BELOW: 0 1.00 INCH OR MORE: 3
[HDD (BASE 65) ]
TOTAL THIS MO. 0 CLEAR (SCALE 0-3) 20
DPTR FM NORMAL 0 PTCLDY (SCALE 4-7) 11
TOTAL FM JUL 1 0 CLOUDY (SCALE 8-10) 0
DPTR FM NORMAL 0
[CDD (BASE 65) ]
TOTAL THIS MO. 552
DPTR FM NORMAL 19 [PRESSURE DATA]
TOTAL FM JAN 1 1193 HIGHEST SLP 30.16 ON 28
DPTR FM NORMAL -123 LOWEST SLP 29.75 ON 9
[REMARKS]
#FINAL-07-23#