000
CXUS52 KTBW 012045
CF6FMY
PRELIMINARY LOCAL CLIMATOLOGICAL DATA (WS FORM: F-6)
STATION: FORT MYERS
MONTH: NOVEMBER
YEAR: 2023
LATITUDE: 26 34 N
LONGITUDE: 81 52 W
TEMPERATURE IN F: :PCPN: SNOW: WIND :SUNSHINE: SKY :PK WND
================================================================================
1 2 3 4 5 6A 6B 7 8 9 10 11 12 13 14 15 16 17 18
12Z AVG MX 2MIN
DY MAX MIN AVG DEP HDD CDD WTR SNW DPTH SPD SPD DIR MIN PSBL S-S WX SPD DR
================================================================================
1 82 62 72 -2 0 7 0.00 0.0 0 12.9 24 30 M M 1 33 50
2 82 59 71 -3 0 6 0.00 0.0 0 13.2 22 60 M M 3 31 90
3 85 63 74 0 0 9 0.00 0.0 0 11.0 21 60 M M 2 31 70
4 84 64 74 0 0 9 0.00 0.0 0 11.4 17 40 M M 1 24 40
5 84 63 74 1 0 9 0.00 0.0 0 9.8 17 20 M M 0 25 20
6 84 57 71 -2 0 6 0.00 0.0 0 6.6 14 40 M M 0 19 60
7 87 62 75 2 0 10 0.00 0.0 0 5.9 14 310 M M 2 18 320
8 87 66 77 4 0 12 0.00 0.0 0 6.0 13 80 M M 2 19 80
9 86 66 76 4 0 11 0.00 0.0 0 5.8 15 110 M M 5 22 80
10 87 70 79 7 0 14 T 0.0 0 4.6 12 260 M M 3 16 130
11 91 71 81 9 0 16 1.15 0.0 0 4.0 18 280 M M 6 1 26 180
12 89 72 81 9 0 16 0.00 0.0 0 6.3 16 40 M M 4 23 80
13 83 71 77 5 0 12 T 0.0 0 10.8 17 40 M M 9 22 50
14 82 71 77 5 0 12 0.01 0.0 0 12.0 24 90 M M 9 1 35 80
15 75 66 71 0 0 6 1.72 0.0 0 12.9 33 90 M M 7 1 51 90
16 81 68 75 4 0 10 0.05 0.0 0 10.1 21 100 M M 7 1 30 80
17 82 69 76 5 0 11 0.00 0.0 0 6.5 15 280 M M 4 12 22 310
18 81 68 75 4 0 10 T 0.0 0 9.3 16 340 M M 5 1 21 330
19 84 64 74 3 0 9 0.00 0.0 0 6.3 13 320 M M 0 17 320
20 85 64 75 4 0 10 T 0.0 0 4.9 10 90 M M 3 12 15 110
21 85 68 77 6 0 12 0.00 0.0 0 7.8 17 120 M M 1 23 170
22 83 67 75 5 0 10 0.02 0.0 0 7.3 18 220 M M 4 1 26 220
23 77 63 70 0 0 5 0.00 0.0 0 6.7 13 10 M M 6 16 20
24 74 61 68 -2 0 3 0.02 0.0 0 8.7 15 40 M M 3 19 30
25 78 62 70 0 0 5 T 0.0 0 8.5 14 50 M M 5 20 60
26 84 68 76 6 0 11 T 0.0 0 7.8 17 180 M M 6 1 26 180
27 76 59 68 -2 0 3 0.00 0.0 0 9.3 17 350 M M 3 24 340
28 65 54 60 -10 5 0 0.00 0.0 0 9.4 17 340 M M 0 23 340
29 74 51 63 -7 2 0 0.00 0.0 0 8.5 16 40 M M 0 22 20
30 80 55 68 -1 0 3 0.00 0.0 0 7.9 16 100 M M 2 23 80
================================================================================
SM 2457 1924 7 257 2.97 0.0 252.2 M 103
================================================================================
AV 81.9 64.1 8.4 FASTST M M 3 MAX(MPH)
MISC ----> 33 90 51 90
================================================================================
NOTES:
# LAST OF SEVERAL OCCURRENCES
COLUMN 17 PEAK WIND IN M.P.H.
PRELIMINARY LOCAL CLIMATOLOGICAL DATA (WS FORM: F-6) , PAGE 2
STATION: FORT MYERS
MONTH: NOVEMBER
YEAR: 2023
LATITUDE: 26 34 N
LONGITUDE: 81 52 W
[TEMPERATURE DATA] [PRECIPITATION DATA] SYMBOLS USED IN COLUMN 16
AVERAGE MONTHLY: 73.0 TOTAL FOR MONTH: 2.97 1 = FOG OR MIST
DPTR FM NORMAL: 1.5 DPTR FM NORMAL: 1.19 2 = FOG REDUCING VISIBILITY
HIGHEST: 91 ON 11 GRTST 24HR 1.73 ON 14-15 TO 1/4 MILE OR LESS
LOWEST: 51 ON 29 3 = THUNDER
SNOW, ICE PELLETS, HAIL 4 = ICE PELLETS
TOTAL MONTH: 0.0 INCH 5 = HAIL
GRTST 24HR 0.0 6 = FREEZING RAIN OR DRIZZLE
GRTST DEPTH: 0 7 = DUSTSTORM OR SANDSTORM:
VSBY 1/2 MILE OR LESS
8 = SMOKE OR HAZE
[NO. OF DAYS WITH] [WEATHER - DAYS WITH] 9 = BLOWING SNOW
X = TORNADO
MAX 32 OR BELOW: 0 0.01 INCH OR MORE: 6
MAX 90 OR ABOVE: 1 0.10 INCH OR MORE: 2
MIN 32 OR BELOW: 0 0.50 INCH OR MORE: 2
MIN 0 OR BELOW: 0 1.00 INCH OR MORE: 2
[HDD (BASE 65) ]
TOTAL THIS MO. 7 CLEAR (SCALE 0-3) 16
DPTR FM NORMAL -9 PTCLDY (SCALE 4-7) 12
TOTAL FM JUL 1 7 CLOUDY (SCALE 8-10) 2
DPTR FM NORMAL -7
[CDD (BASE 65) ]
TOTAL THIS MO. 257
DPTR FM NORMAL 45 [PRESSURE DATA]
TOTAL FM JAN 1 4813 HIGHEST SLP 30.22 ON 29
DPTR FM NORMAL 902 LOWEST SLP 29.73 ON 18
[REMARKS]
#FINAL-11-23#